-- Table structure for table `wp_learnpress_files`
--

CREATE TABLE `wp_learnpress_files` (
  `file_id` bigint(20) UNSIGNED NOT NULL,
  `file_name` varchar(191) NOT NULL DEFAULT '',
  `file_type` varchar(100) NOT NULL DEFAULT '',
  `item_id` bigint(20) UNSIGNED NOT NULL DEFAULT 0,
  `item_type` varchar(100) NOT NULL DEFAULT '',
  `method` varchar(10) NOT NULL DEFAULT 'upload' CHECK (`method` in ('upload','external')),
  `file_path` varchar(255) NOT NULL DEFAULT '',
  `orders` int(4) NOT NULL DEFAULT 0,
  `created_at` datetime DEFAULT NULL
) ENGINE=InnoDB DEFAULT CHARSET=utf8mb4 COLLATE=utf8mb4_unicode_520_ci;

-- --------------------------------------------------------

--
-- Table structure for table `wp_learnpress_order_itemmeta`
--

CREATE TABLE `wp_learnpress_order_itemmeta` (
  `meta_id` bigint(20) UNSIGNED NOT NULL,
  `learnpress_order_item_id` bigint(20) UNSIGNED NOT NULL DEFAULT 0,
  `meta_key` varchar(45) NOT NULL DEFAULT '',
  `meta_value` varchar(45) NOT NULL DEFAULT '',
  `extra_value` longtext DEFAULT NULL
) ENGINE=InnoDB DEFAULT CHARSET=utf8mb4 COLLATE=utf8mb4_unicode_ci;

--
-- Dumping data for table `wp_learnpress_order_itemmeta`
--

INSERT INTO `wp_learnpress_order_itemmeta` (`meta_id`, `learnpress_order_item_id`, `meta_key`, `meta_value`, `extra_value`) VALUES
(1, 1, '_course_id', '200', ''),
(2, 1, '_quantity', '1', ''),
(3, 1, '_subtotal', '0', ''),
(4, 1, '_total', '0', ''),
(5, 2, '_course_id', '200', ''),
(6, 2, '_quantity', '1', ''),
(7, 2, '_subtotal', '0', ''),
(8, 2, '_total', '0', ''),
(9, 3, '_course_id', '200', ''),
(10, 3, '_quantity', '1', ''),
(11, 3, '_subtotal', '0', ''),
(12, 3, '_total', '0', ''),
(13, 4, '_course_id', '200', ''),
(14, 4, '_quantity', '1', ''),
(15, 4, '_subtotal', '0', ''),
(16, 4, '_total', '0', ''),
(17, 5, '_course_id', '200', ''),
(18, 5, '_quantity', '1', ''),
(19, 5, '_subtotal', '0', ''),
(20, 5, '_total', '0', ''),
(21, 6, '_course_id', '200', ''),
(22, 6, '_quantity', '1', ''),
(23, 6, '_subtotal', '0', ''),
(24, 6, '_total', '0', ''),
(25, 7, '_course_id', '200', ''),
(26, 7, '_quantity', '1', ''),
(27, 7, '_subtotal', '0', ''),
(28, 7, '_total', '0', '');

-- --------------------------------------------------------

--
-- Table structure for table `wp_learnpress_order_items`
--

CREATE TABLE `wp_learnpress_order_items` (
  `order_item_id` bigint(20) UNSIGNED NOT NULL,
  `order_item_name` longtext NOT NULL,
  `order_id` bigint(20) UNSIGNED NOT NULL DEFAULT 0,
  `item_id` bigint(20) DEFAULT NULL,
  `item_type` varchar(45) DEFAULT NULL
) ENGINE=InnoDB DEFAULT CHARSET=utf8mb4 COLLATE=utf8mb4_unicode_ci;

--
-- Dumping data for table `wp_learnpress_order_items`
--

INSERT INTO `wp_learnpress_order_items` (`order_item_id`, `order_item_name`, `order_id`, `item_id`, `item_type`) VALUES
(1, 'Learn PHP Programming From Scratch', 859, 0, ''),
(2, 'Learn PHP Programming From Scratch', 860, 0, ''),
(3, 'Learn PHP Programming From Scratch', 1912, 0, ''),
(4, 'Learn PHP Programming From Scratch', 1926, 0, ''),
(5, 'Learn PHP Programming From Scratch', 1928, 0, ''),
(6, 'Learn PHP Programming From Scratch', 2788, 0, ''),
(7, 'Learn PHP Programming From Scratch', 2789, 0, '');

-- --------------------------------------------------------

--
-- Table structure for table `wp_learnpress_question_answermeta`
--

CREATE TABLE `wp_learnpress_question_answermeta` (
  `meta_id` bigint(20) UNSIGNED NOT NULL,
  `learnpress_question_answer_id` bigint(20) UNSIGNED NOT NULL,
  `meta_key` varchar(255) NOT NULL DEFAULT '',
  `meta_value` longtext DEFAULT NULL
) ENGINE=InnoDB DEFAULT CHARSET=utf8mb4 COLLATE=utf8mb4_unicode_520_ci;

-- --------------------------------------------------------

--
-- Table structure for table `wp_learnpress_question_answers`
--

CREATE TABLE `wp_learnpress_question_answers` (
  `question_answer_id` bigint(20) UNSIGNED NOT NULL,
  `question_id` bigint(20) UNSIGNED NOT NULL DEFAULT 0,
  `title` text DEFAULT NULL,
  `value` varchar(32) DEFAULT NULL,
  `order` bigint(20) DEFAULT 1,
  `is_true` varchar(3) DEFAULT NULL,
  `answer_data` text NOT NULL,
  `answer_order` bigint(20) UNSIGNED NOT NULL DEFAULT 0
) ENGINE=InnoDB DEFAULT CHARSET=utf8mb4 COLLATE=utf8mb4_unicode_ci;

--
-- Dumping data for table `wp_learnpress_question_answers`
--

INSERT INTO `wp_learnpress_question_answers` (`question_answer_id`, `question_id`, `title`, `value`, `order`, `is_true`, `answer_data`, `answer_order`) VALUES
(92, 196, 'ADD RECORD', 'option_first', 1, 'no', 'a:3:{s:4:\"text\";s:10:\"ADD RECORD\";s:5:\"value\";s:12:\"option_first\";s:7:\"is_true\";s:2:\"no\";}', 1),
(93, 196, 'INSERT NEW', 'option_seconds', 2, 'no', 'a:3:{s:4:\"text\";s:10:\"INSERT NEW\";s:5:\"value\";s:14:\"option_seconds\";s:7:\"is_true\";s:2:\"no\";}', 2),
(94, 196, 'INSERT INTO', 'option_third', 3, 'yes', 'a:3:{s:4:\"text\";s:11:\"INSERT INTO\";s:5:\"value\";s:12:\"option_third\";s:7:\"is_true\";s:3:\"yes\";}', 3),
(95, 194, 'COLLAPSE', 'option_first', 1, 'no', 'a:3:{s:4:\"text\";s:8:\"COLLAPSE\";s:5:\"value\";s:12:\"option_first\";s:7:\"is_true\";s:2:\"no\";}', 1),
(96, 194, 'DELETE', 'option_seconds', 2, 'yes', 'a:3:{s:4:\"text\";s:6:\"DELETE\";s:5:\"value\";s:14:\"option_seconds\";s:7:\"is_true\";s:3:\"yes\";}', 2),
(97, 194, 'REMOVE', 'option_third', 3, 'no', 'a:3:{s:4:\"text\";s:6:\"REMOVE\";s:5:\"value\";s:12:\"option_third\";s:7:\"is_true\";s:2:\"no\";}', 3),
(98, 192, 'MODIFY', 'option_first', 1, 'no', 'a:3:{s:4:\"text\";s:6:\"MODIFY\";s:5:\"value\";s:12:\"option_first\";s:7:\"is_true\";s:2:\"no\";}', 1),
(99, 192, 'SAVE AS', 'option_seconds', 2, 'no', 'a:3:{s:4:\"text\";s:7:\"SAVE AS\";s:5:\"value\";s:14:\"option_seconds\";s:7:\"is_true\";s:2:\"no\";}', 2),
(100, 192, 'UPDATE', 'option_third', 3, 'yes', 'a:3:{s:4:\"text\";s:6:\"UPDATE\";s:5:\"value\";s:12:\"option_third\";s:7:\"is_true\";s:3:\"yes\";}', 3),
(110, 172, 'Hypertext Preprocessor', 'option_first', 1, 'yes', 'a:3:{s:4:\"text\";s:22:\"Hypertext Preprocessor\";s:5:\"value\";s:12:\"option_first\";s:7:\"is_true\";s:3:\"yes\";}', 1),
(111, 172, 'Private Home Page', 'option_seconds', 2, 'no', 'a:3:{s:4:\"text\";s:17:\"Private Home Page\";s:5:\"value\";s:14:\"option_seconds\";s:7:\"is_true\";s:2:\"no\";}', 2),
(112, 172, 'Personal Hypertext Processor', 'option_third', 3, 'no', 'a:3:{s:4:\"text\";s:28:\"Personal Hypertext Processor\";s:5:\"value\";s:12:\"option_third\";s:7:\"is_true\";s:2:\"no\";}', 3),
(113, 188, 'Structured Question Language', 'option_first', 1, 'no', 'a:3:{s:4:\"text\";s:28:\"Structured Question Language\";s:5:\"value\";s:12:\"option_first\";s:7:\"is_true\";s:2:\"no\";}', 1),
(114, 188, 'Structured Query Language', 'option_seconds', 2, 'yes', 'a:3:{s:4:\"text\";s:25:\"Structured Query Language\";s:5:\"value\";s:14:\"option_seconds\";s:7:\"is_true\";s:3:\"yes\";}', 2),
(115, 188, 'Strong Question Language', 'option_third', 3, 'no', 'a:3:{s:4:\"text\";s:24:\"Strong Question Language\";s:5:\"value\";s:12:\"option_third\";s:7:\"is_true\";s:2:\"no\";}', 3),
(116, 190, 'EXTRACT', 'option_first', 1, 'no', 'a:3:{s:4:\"text\";s:7:\"EXTRACT\";s:5:\"value\";s:12:\"option_first\";s:7:\"is_true\";s:2:\"no\";}', 1),
(117, 190, 'GET', 'option_seconds', 2, 'no', 'a:3:{s:4:\"text\";s:3:\"GET\";s:5:\"value\";s:14:\"option_seconds\";s:7:\"is_true\";s:2:\"no\";}', 2),
(118, 190, 'SELECT', 'option_third', 3, 'yes', 'a:3:{s:4:\"text\";s:6:\"SELECT\";s:5:\"value\";s:12:\"option_third\";s:7:\"is_true\";s:3:\"yes\";}', 3),
(126, 176, 'Perl and C', 'option_first', 1, 'yes', 'a:3:{s:4:\"text\";s:10:\"Perl and C\";s:5:\"value\";s:12:\"option_first\";s:7:\"is_true\";s:3:\"yes\";}', 1),
(127, 176, 'VBScript', 'option_seconds', 2, 'no', 'a:3:{s:4:\"text\";s:8:\"VBScript\";s:5:\"value\";s:14:\"option_seconds\";s:7:\"is_true\";s:2:\"no\";}', 2),
(128, 176, 'JavaScript', 'option_third', 3, 'no', 'a:3:{s:4:\"text\";s:10:\"JavaScript\";s:5:\"value\";s:12:\"option_third\";s:7:\"is_true\";s:2:\"no\";}', 3),
(129, 184, 'True', 'true', 1, 'yes', 'a:3:{s:4:\"text\";s:4:\"True\";s:5:\"value\";s:4:\"true\";s:7:\"is_true\";s:3:\"yes\";}', 1),
(130, 184, 'False', 'false', 2, 'no', 'a:3:{s:4:\"text\";s:5:\"False\";s:5:\"value\";s:5:\"false\";s:7:\"is_true\";s:2:\"no\";}', 2),
(131, 178, 'True', 'true', 1, 'yes', 'a:3:{s:4:\"text\";s:4:\"True\";s:5:\"value\";s:4:\"true\";s:7:\"is_true\";s:3:\"yes\";}', 1),
(132, 178, 'False', 'false', 2, 'no', 'a:3:{s:4:\"text\";s:5:\"False\";s:5:\"value\";s:5:\"false\";s:7:\"is_true\";s:2:\"no\";}', 2),
(133, 524, 'Perl and C', 'option_first', 1, 'yes', 'a:3:{s:4:\"text\";s:10:\"Perl and C\";s:5:\"value\";s:12:\"option_first\";s:7:\"is_true\";s:3:\"yes\";}', 1),
(134, 524, 'VBScript', 'option_seconds', 2, 'no', 'a:3:{s:4:\"text\";s:8:\"VBScript\";s:5:\"value\";s:14:\"option_seconds\";s:7:\"is_true\";s:2:\"no\";}', 2),
(135, 524, 'JavaScript', 'option_third', 3, 'no', 'a:3:{s:4:\"text\";s:10:\"JavaScript\";s:5:\"value\";s:12:\"option_third\";s:7:\"is_true\";s:2:\"no\";}', 3),
(136, 525, 'True', 'true', 1, 'yes', 'a:3:{s:4:\"text\";s:4:\"True\";s:5:\"value\";s:4:\"true\";s:7:\"is_true\";s:3:\"yes\";}', 1),
(137, 525, 'False', 'false', 2, 'no', 'a:3:{s:4:\"text\";s:5:\"False\";s:5:\"value\";s:5:\"false\";s:7:\"is_true\";s:2:\"no\";}', 2),
(138, 526, 'True', 'true', 1, 'yes', 'a:3:{s:4:\"text\";s:4:\"True\";s:5:\"value\";s:4:\"true\";s:7:\"is_true\";s:3:\"yes\";}', 1),
(139, 526, 'False', 'false', 2, 'no', 'a:3:{s:4:\"text\";s:5:\"False\";s:5:\"value\";s:5:\"false\";s:7:\"is_true\";s:2:\"no\";}', 2),
(140, 528, 'Hypertext Preprocessor', 'option_first', 1, 'yes', 'a:3:{s:4:\"text\";s:22:\"Hypertext Preprocessor\";s:5:\"value\";s:12:\"option_first\";s:7:\"is_true\";s:3:\"yes\";}', 1),
(141, 528, 'Private Home Page', 'option_seconds', 2, 'no', 'a:3:{s:4:\"text\";s:17:\"Private Home Page\";s:5:\"value\";s:14:\"option_seconds\";s:7:\"is_true\";s:2:\"no\";}', 2),
(142, 528, 'Personal Hypertext Processor', 'option_third', 3, 'no', 'a:3:{s:4:\"text\";s:28:\"Personal Hypertext Processor\";s:5:\"value\";s:12:\"option_third\";s:7:\"is_true\";s:2:\"no\";}', 3),
(143, 529, 'Structured Question Language', 'option_first', 1, 'no', 'a:3:{s:4:\"text\";s:28:\"Structured Question Language\";s:5:\"value\";s:12:\"option_first\";s:7:\"is_true\";s:2:\"no\";}', 1),
(144, 529, 'Structured Query Language', 'option_seconds', 2, 'yes', 'a:3:{s:4:\"text\";s:25:\"Structured Query Language\";s:5:\"value\";s:14:\"option_seconds\";s:7:\"is_true\";s:3:\"yes\";}', 2),
(145, 529, 'Strong Question Language', 'option_third', 3, 'no', 'a:3:{s:4:\"text\";s:24:\"Strong Question Language\";s:5:\"value\";s:12:\"option_third\";s:7:\"is_true\";s:2:\"no\";}', 3),
(146, 530, 'EXTRACT', 'option_first', 1, 'no', 'a:3:{s:4:\"text\";s:7:\"EXTRACT\";s:5:\"value\";s:12:\"option_first\";s:7:\"is_true\";s:2:\"no\";}', 1),
(147, 530, 'GET', 'option_seconds', 2, 'no', 'a:3:{s:4:\"text\";s:3:\"GET\";s:5:\"value\";s:14:\"option_seconds\";s:7:\"is_true\";s:2:\"no\";}', 2),
(148, 530, 'SELECT', 'option_third', 3, 'yes', 'a:3:{s:4:\"text\";s:6:\"SELECT\";s:5:\"value\";s:12:\"option_third\";s:7:\"is_true\";s:3:\"yes\";}', 3),
(149, 535, 'ADD RECORD', 'option_first', 1, 'no', 'a:3:{s:4:\"text\";s:10:\"ADD RECORD\";s:5:\"value\";s:12:\"option_first\";s:7:\"is_true\";s:2:\"no\";}', 1),
(150, 535, 'INSERT NEW', 'option_seconds', 2, 'no', 'a:3:{s:4:\"text\";s:10:\"INSERT NEW\";s:5:\"value\";s:14:\"option_seconds\";s:7:\"is_true\";s:2:\"no\";}', 2),
(151, 535, 'INSERT INTO', 'option_third', 3, 'yes', 'a:3:{s:4:\"text\";s:11:\"INSERT INTO\";s:5:\"value\";s:12:\"option_third\";s:7:\"is_true\";s:3:\"yes\";}', 3),
(152, 536, 'COLLAPSE', 'option_first', 1, 'no', 'a:3:{s:4:\"text\";s:8:\"COLLAPSE\";s:5:\"value\";s:12:\"option_first\";s:7:\"is_true\";s:2:\"no\";}', 1),
(153, 536, 'DELETE', 'option_seconds', 2, 'yes', 'a:3:{s:4:\"text\";s:6:\"DELETE\";s:5:\"value\";s:14:\"option_seconds\";s:7:\"is_true\";s:3:\"yes\";}', 2),
(154, 536, 'REMOVE', 'option_third', 3, 'no', 'a:3:{s:4:\"text\";s:6:\"REMOVE\";s:5:\"value\";s:12:\"option_third\";s:7:\"is_true\";s:2:\"no\";}', 3),
(155, 537, 'MODIFY', 'option_first', 1, 'no', 'a:3:{s:4:\"text\";s:6:\"MODIFY\";s:5:\"value\";s:12:\"option_first\";s:7:\"is_true\";s:2:\"no\";}', 1),
(156, 537, 'SAVE AS', 'option_seconds', 2, 'no', 'a:3:{s:4:\"text\";s:7:\"SAVE AS\";s:5:\"value\";s:14:\"option_seconds\";s:7:\"is_true\";s:2:\"no\";}', 2),
(157, 537, 'UPDATE', 'option_third', 3, 'yes', 'a:3:{s:4:\"text\";s:6:\"UPDATE\";s:5:\"value\";s:12:\"option_third\";s:7:\"is_true\";s:3:\"yes\";}', 3),
(158, 549, 'Perl and C', 'option_first', 1, 'yes', 'a:3:{s:4:\"text\";s:10:\"Perl and C\";s:5:\"value\";s:12:\"option_first\";s:7:\"is_true\";s:3:\"yes\";}', 1),
(159, 549, 'VBScript', 'option_seconds', 2, 'no', 'a:3:{s:4:\"text\";s:8:\"VBScript\";s:5:\"value\";s:14:\"option_seconds\";s:7:\"is_true\";s:2:\"no\";}', 2),
(160, 549, 'JavaScript', 'option_third', 3, 'no', 'a:3:{s:4:\"text\";s:10:\"JavaScript\";s:5:\"value\";s:12:\"option_third\";s:7:\"is_true\";s:2:\"no\";}', 3),
(161, 550, 'True', 'true', 1, 'yes', 'a:3:{s:4:\"text\";s:4:\"True\";s:5:\"value\";s:4:\"true\";s:7:\"is_true\";s:3:\"yes\";}', 1),
(162, 550, 'False', 'false', 2, 'no', 'a:3:{s:4:\"text\";s:5:\"False\";s:5:\"value\";s:5:\"false\";s:7:\"is_true\";s:2:\"no\";}', 2),
(163, 551, 'True', 'true', 1, 'yes', 'a:3:{s:4:\"text\";s:4:\"True\";s:5:\"value\";s:4:\"true\";s:7:\"is_true\";s:3:\"yes\";}', 1),
(164, 551, 'False', 'false', 2, 'no', 'a:3:{s:4:\"text\";s:5:\"False\";s:5:\"value\";s:5:\"false\";s:7:\"is_true\";s:2:\"no\";}', 2),
(165, 553, 'Hypertext Preprocessor', 'option_first', 1, 'yes', 'a:3:{s:4:\"text\";s:22:\"Hypertext Preprocessor\";s:5:\"value\";s:12:\"option_first\";s:7:\"is_true\";s:3:\"yes\";}', 1),
(166, 553, 'Private Home Page', 'option_seconds', 2, 'no', 'a:3:{s:4:\"text\";s:17:\"Private Home Page\";s:5:\"value\";s:14:\"option_seconds\";s:7:\"is_true\";s:2:\"no\";}', 2),
(167, 553, 'Personal Hypertext Processor', 'option_third', 3, 'no', 'a:3:{s:4:\"text\";s:28:\"Personal Hypertext Processor\";s:5:\"value\";s:12:\"option_third\";s:7:\"is_true\";s:2:\"no\";}', 3),
(168, 554, 'Structured Question Language', 'option_first', 1, 'no', 'a:3:{s:4:\"text\";s:28:\"Structured Question Language\";s:5:\"value\";s:12:\"option_first\";s:7:\"is_true\";s:2:\"no\";}', 1),
(169, 554, 'Structured Query Language', 'option_seconds', 2, 'yes', 'a:3:{s:4:\"text\";s:25:\"Structured Query Language\";s:5:\"value\";s:14:\"option_seconds\";s:7:\"is_true\";s:3:\"yes\";}', 2),
(170, 554, 'Strong Question Language', 'option_third', 3, 'no', 'a:3:{s:4:\"text\";s:24:\"Strong Question Language\";s:5:\"value\";s:12:\"option_third\";s:7:\"is_true\";s:2:\"no\";}', 3),
(171, 555, 'EXTRACT', 'option_first', 1, 'no', 'a:3:{s:4:\"text\";s:7:\"EXTRACT\";s:5:\"value\";s:12:\"option_first\";s:7:\"is_true\";s:2:\"no\";}', 1),
(172, 555, 'GET', 'option_seconds', 2, 'no', 'a:3:{s:4:\"text\";s:3:\"GET\";s:5:\"value\";s:14:\"option_seconds\";s:7:\"is_true\";s:2:\"no\";}', 2),
(173, 555, 'SELECT', 'option_third', 3, 'yes', 'a:3:{s:4:\"text\";s:6:\"SELECT\";s:5:\"value\";s:12:\"option_third\";s:7:\"is_true\";s:3:\"yes\";}', 3),
(174, 560, 'ADD RECORD', 'option_first', 1, 'no', 'a:3:{s:4:\"text\";s:10:\"ADD RECORD\";s:5:\"value\";s:12:\"option_first\";s:7:\"is_true\";s:2:\"no\";}', 1),
(175, 560, 'INSERT NEW', 'option_seconds', 2, 'no', 'a:3:{s:4:\"text\";s:10:\"INSERT NEW\";s:5:\"value\";s:14:\"option_seconds\";s:7:\"is_true\";s:2:\"no\";}', 2),
(176, 560, 'INSERT INTO', 'option_third', 3, 'yes', 'a:3:{s:4:\"text\";s:11:\"INSERT INTO\";s:5:\"value\";s:12:\"option_third\";s:7:\"is_true\";s:3:\"yes\";}', 3),
(177, 561, 'COLLAPSE', 'option_first', 1, 'no', 'a:3:{s:4:\"text\";s:8:\"COLLAPSE\";s:5:\"value\";s:12:\"option_first\";s:7:\"is_true\";s:2:\"no\";}', 1),
(178, 561, 'DELETE', 'option_seconds', 2, 'yes', 'a:3:{s:4:\"text\";s:6:\"DELETE\";s:5:\"value\";s:14:\"option_seconds\";s:7:\"is_true\";s:3:\"yes\";}', 2),
(179, 561, 'REMOVE', 'option_third', 3, 'no', 'a:3:{s:4:\"text\";s:6:\"REMOVE\";s:5:\"value\";s:12:\"option_third\";s:7:\"is_true\";s:2:\"no\";}', 3),
(180, 562, 'MODIFY', 'option_first', 1, 'no', 'a:3:{s:4:\"text\";s:6:\"MODIFY\";s:5:\"value\";s:12:\"option_first\";s:7:\"is_true\";s:2:\"no\";}', 1),
(181, 562, 'SAVE AS', 'option_seconds', 2, 'no', 'a:3:{s:4:\"text\";s:7:\"SAVE AS\";s:5:\"value\";s:14:\"option_seconds\";s:7:\"is_true\";s:2:\"no\";}', 2),
(182, 562, 'UPDATE', 'option_third', 3, 'yes', 'a:3:{s:4:\"text\";s:6:\"UPDATE\";s:5:\"value\";s:12:\"option_third\";s:7:\"is_true\";s:3:\"yes\";}', 3),
(183, 574, 'Perl and C', 'option_first', 1, 'yes', 'a:3:{s:4:\"text\";s:10:\"Perl and C\";s:5:\"value\";s:12:\"option_first\";s:7:\"is_true\";s:3:\"yes\";}', 1),
(184, 574, 'VBScript', 'option_seconds', 2, 'no', 'a:3:{s:4:\"text\";s:8:\"VBScript\";s:5:\"value\";s:14:\"option_seconds\";s:7:\"is_true\";s:2:\"no\";}', 2),
(185, 574, 'JavaScript', 'option_third', 3, 'no', 'a:3:{s:4:\"text\";s:10:\"JavaScript\";s:5:\"value\";s:12:\"option_third\";s:7:\"is_true\";s:2:\"no\";}', 3),
(186, 575, 'True', 'true', 1, 'yes', 'a:3:{s:4:\"text\";s:4:\"True\";s:5:\"value\";s:4:\"true\";s:7:\"is_true\";s:3:\"yes\";}', 1),
(187, 575, 'False', 'false', 2, 'no', 'a:3:{s:4:\"text\";s:5:\"False\";s:5:\"value\";s:5:\"false\";s:7:\"is_true\";s:2:\"no\";}', 2),
(188, 576, 'True', 'true', 1, 'yes', 'a:3:{s:4:\"text\";s:4:\"True\";s:5:\"value\";s:4:\"true\";s:7:\"is_true\";s:3:\"yes\";}', 1),
(189, 576, 'False', 'false', 2, 'no', 'a:3:{s:4:\"text\";s:5:\"False\";s:5:\"value\";s:5:\"false\";s:7:\"is_true\";s:2:\"no\";}', 2),
(190, 578, 'Hypertext Preprocessor', 'option_first', 1, 'yes', 'a:3:{s:4:\"text\";s:22:\"Hypertext Preprocessor\";s:5:\"value\";s:12:\"option_first\";s:7:\"is_true\";s:3:\"yes\";}', 1),
(191, 578, 'Private Home Page', 'option_seconds', 2, 'no', 'a:3:{s:4:\"text\";s:17:\"Private Home Page\";s:5:\"value\";s:14:\"option_seconds\";s:7:\"is_true\";s:2:\"no\";}', 2),
(192, 578, 'Personal Hypertext Processor', 'option_third', 3, 'no', 'a:3:{s:4:\"text\";s:28:\"Personal Hypertext Processor\";s:5:\"value\";s:12:\"option_third\";s:7:\"is_true\";s:2:\"no\";}', 3),
(193, 579, 'Structured Question Language', 'option_first', 1, 'no', 'a:3:{s:4:\"text\";s:28:\"Structured Question Language\";s:5:\"value\";s:12:\"option_first\";s:7:\"is_true\";s:2:\"no\";}', 1),
(194, 579, 'Structured Query Language', 'option_seconds', 2, 'yes', 'a:3:{s:4:\"text\";s:25:\"Structured Query Language\";s:5:\"value\";s:14:\"option_seconds\";s:7:\"is_true\";s:3:\"yes\";}', 2),
(195, 579, 'Strong Question Language', 'option_third', 3, 'no', 'a:3:{s:4:\"text\";s:24:\"Strong Question Language\";s:5:\"value\";s:12:\"option_third\";s:7:\"is_true\";s:2:\"no\";}', 3),
(196, 580, 'EXTRACT', 'option_first', 1, 'no', 'a:3:{s:4:\"text\";s:7:\"EXTRACT\";s:5:\"value\";s:12:\"option_first\";s:7:\"is_true\";s:2:\"no\";}', 1),
(197, 580, 'GET', 'option_seconds', 2, 'no', 'a:3:{s:4:\"text\";s:3:\"GET\";s:5:\"value\";s:14:\"option_seconds\";s:7:\"is_true\";s:2:\"no\";}', 2),
(198, 580, 'SELECT', 'option_third', 3, 'yes', 'a:3:{s:4:\"text\";s:6:\"SELECT\";s:5:\"value\";s:12:\"option_third\";s:7:\"is_true\";s:3:\"yes\";}', 3),
(199, 585, 'ADD RECORD', 'option_first', 1, 'no', 'a:3:{s:4:\"text\";s:10:\"ADD RECORD\";s:5:\"value\";s:12:\"option_first\";s:7:\"is_true\";s:2:\"no\";}', 1),
(200, 585, 'INSERT NEW', 'option_seconds', 2, 'no', 'a:3:{s:4:\"text\";s:10:\"INSERT NEW\";s:5:\"value\";s:14:\"option_seconds\";s:7:\"is_true\";s:2:\"no\";}', 2),
(201, 585, 'INSERT INTO', 'option_third', 3, 'yes', 'a:3:{s:4:\"text\";s:11:\"INSERT INTO\";s:5:\"value\";s:12:\"option_third\";s:7:\"is_true\";s:3:\"yes\";}', 3),
(202, 586, 'COLLAPSE', 'option_first', 1, 'no', 'a:3:{s:4:\"text\";s:8:\"COLLAPSE\";s:5:\"value\";s:12:\"option_first\";s:7:\"is_true\";s:2:\"no\";}', 1),
(203, 586, 'DELETE', 'option_seconds', 2, 'yes', 'a:3:{s:4:\"text\";s:6:\"DELETE\";s:5:\"value\";s:14:\"option_seconds\";s:7:\"is_true\";s:3:\"yes\";}', 2),
(204, 586, 'REMOVE', 'option_third', 3, 'no', 'a:3:{s:4:\"text\";s:6:\"REMOVE\";s:5:\"value\";s:12:\"option_third\";s:7:\"is_true\";s:2:\"no\";}', 3),
(205, 587, 'MODIFY', 'option_first', 1, 'no', 'a:3:{s:4:\"text\";s:6:\"MODIFY\";s:5:\"value\";s:12:\"option_first\";s:7:\"is_true\";s:2:\"no\";}', 1),
(206, 587, 'SAVE AS', 'option_seconds', 2, 'no', 'a:3:{s:4:\"text\";s:7:\"SAVE AS\";s:5:\"value\";s:14:\"option_seconds\";s:7:\"is_true\";s:2:\"no\";}', 2),
(207, 587, 'UPDATE', 'option_third', 3, 'yes', 'a:3:{s:4:\"text\";s:6:\"UPDATE\";s:5:\"value\";s:12:\"option_third\";s:7:\"is_true\";s:3:\"yes\";}', 3),
(208, 599, 'Perl and C', 'option_first', 1, 'yes', 'a:3:{s:4:\"text\";s:10:\"Perl and C\";s:5:\"value\";s:12:\"option_first\";s:7:\"is_true\";s:3:\"yes\";}', 1),
(209, 599, 'VBScript', 'option_seconds', 2, 'no', 'a:3:{s:4:\"text\";s:8:\"VBScript\";s:5:\"value\";s:14:\"option_seconds\";s:7:\"is_true\";s:2:\"no\";}', 2),
(210, 599, 'JavaScript', 'option_third', 3, 'no', 'a:3:{s:4:\"text\";s:10:\"JavaScript\";s:5:\"value\";s:12:\"option_third\";s:7:\"is_true\";s:2:\"no\";}', 3),
(211, 600, 'True', 'true', 1, 'yes', 'a:3:{s:4:\"text\";s:4:\"True\";s:5:\"value\";s:4:\"true\";s:7:\"is_true\";s:3:\"yes\";}', 1),
(212, 600, 'False', 'false', 2, 'no', 'a:3:{s:4:\"text\";s:5:\"False\";s:5:\"value\";s:5:\"false\";s:7:\"is_true\";s:2:\"no\";}', 2),
(213, 601, 'True', 'true', 1, 'yes', 'a:3:{s:4:\"text\";s:4:\"True\";s:5:\"value\";s:4:\"true\";s:7:\"is_true\";s:3:\"yes\";}', 1),
(214, 601, 'False', 'false', 2, 'no', 'a:3:{s:4:\"text\";s:5:\"False\";s:5:\"value\";s:5:\"false\";s:7:\"is_true\";s:2:\"no\";}', 2),
(215, 603, 'Hypertext Preprocessor', 'option_first', 1, 'yes', 'a:3:{s:4:\"text\";s:22:\"Hypertext Preprocessor\";s:5:\"value\";s:12:\"option_first\";s:7:\"is_true\";s:3:\"yes\";}', 1),
(216, 603, 'Private Home Page', 'option_seconds', 2, 'no', 'a:3:{s:4:\"text\";s:17:\"Private Home Page\";s:5:\"value\";s:14:\"option_seconds\";s:7:\"is_true\";s:2:\"no\";}', 2),
(217, 603, 'Personal Hypertext Processor', 'option_third', 3, 'no', 'a:3:{s:4:\"text\";s:28:\"Personal Hypertext Processor\";s:5:\"value\";s:12:\"option_third\";s:7:\"is_true\";s:2:\"no\";}', 3),
(218, 604, 'Structured Question Language', 'option_first', 1, 'no', 'a:3:{s:4:\"text\";s:28:\"Structured Question Language\";s:5:\"value\";s:12:\"option_first\";s:7:\"is_true\";s:2:\"no\";}', 1),
(219, 604, 'Structured Query Language', 'option_seconds', 2, 'yes', 'a:3:{s:4:\"text\";s:25:\"Structured Query Language\";s:5:\"value\";s:14:\"option_seconds\";s:7:\"is_true\";s:3:\"yes\";}', 2),
(220, 604, 'Strong Question Language', 'option_third', 3, 'no', 'a:3:{s:4:\"text\";s:24:\"Strong Question Language\";s:5:\"value\";s:12:\"option_third\";s:7:\"is_true\";s:2:\"no\";}', 3),
(221, 605, 'EXTRACT', 'option_first', 1, 'no', 'a:3:{s:4:\"text\";s:7:\"EXTRACT\";s:5:\"value\";s:12:\"option_first\";s:7:\"is_true\";s:2:\"no\";}', 1),
(222, 605, 'GET', 'option_seconds', 2, 'no', 'a:3:{s:4:\"text\";s:3:\"GET\";s:5:\"value\";s:14:\"option_seconds\";s:7:\"is_true\";s:2:\"no\";}', 2),
(223, 605, 'SELECT', 'option_third', 3, 'yes', 'a:3:{s:4:\"text\";s:6:\"SELECT\";s:5:\"value\";s:12:\"option_third\";s:7:\"is_true\";s:3:\"yes\";}', 3),
(224, 610, 'ADD RECORD', 'option_first', 1, 'no', 'a:3:{s:4:\"text\";s:10:\"ADD RECORD\";s:5:\"value\";s:12:\"option_first\";s:7:\"is_true\";s:2:\"no\";}', 1),
(225, 610, 'INSERT NEW', 'option_seconds', 2, 'no', 'a:3:{s:4:\"text\";s:10:\"INSERT NEW\";s:5:\"value\";s:14:\"option_seconds\";s:7:\"is_true\";s:2:\"no\";}', 2),
(226, 610, 'INSERT INTO', 'option_third', 3, 'yes', 'a:3:{s:4:\"text\";s:11:\"INSERT INTO\";s:5:\"value\";s:12:\"option_third\";s:7:\"is_true\";s:3:\"yes\";}', 3),
(227, 611, 'COLLAPSE', 'option_first', 1, 'no', 'a:3:{s:4:\"text\";s:8:\"COLLAPSE\";s:5:\"value\";s:12:\"option_first\";s:7:\"is_true\";s:2:\"no\";}', 1),
(228, 611, 'DELETE', 'option_seconds', 2, 'yes', 'a:3:{s:4:\"text\";s:6:\"DELETE\";s:5:\"value\";s:14:\"option_seconds\";s:7:\"is_true\";s:3:\"yes\";}', 2),
(229, 611, 'REMOVE', 'option_third', 3, 'no', 'a:3:{s:4:\"text\";s:6:\"REMOVE\";s:5:\"value\";s:12:\"option_third\";s:7:\"is_true\";s:2:\"no\";}', 3),
(230, 612, 'MODIFY', 'option_first', 1, 'no', 'a:3:{s:4:\"text\";s:6:\"MODIFY\";s:5:\"value\";s:12:\"option_first\";s:7:\"is_true\";s:2:\"no\";}', 1),
(231, 612, 'SAVE AS', 'option_seconds', 2, 'no', 'a:3:{s:4:\"text\";s:7:\"SAVE AS\";s:5:\"value\";s:14:\"option_seconds\";s:7:\"is_true\";s:2:\"no\";}', 2),
(232, 612, 'UPDATE', 'option_third', 3, 'yes', 'a:3:{s:4:\"text\";s:6:\"UPDATE\";s:5:\"value\";s:12:\"option_third\";s:7:\"is_true\";s:3:\"yes\";}', 3),
(233, 624, 'Perl and C', 'option_first', 1, 'yes', 'a:3:{s:4:\"text\";s:10:\"Perl and C\";s:5:\"value\";s:12:\"option_first\";s:7:\"is_true\";s:3:\"yes\";}', 1),
(234, 624, 'VBScript', 'option_seconds', 2, 'no', 'a:3:{s:4:\"text\";s:8:\"VBScript\";s:5:\"value\";s:14:\"option_seconds\";s:7:\"is_true\";s:2:\"no\";}', 2),
(235, 624, 'JavaScript', 'option_third', 3, 'no', 'a:3:{s:4:\"text\";s:10:\"JavaScript\";s:5:\"value\";s:12:\"option_third\";s:7:\"is_true\";s:2:\"no\";}', 3),
(236, 625, 'True', 'true', 1, 'yes', 'a:3:{s:4:\"text\";s:4:\"True\";s:5:\"value\";s:4:\"true\";s:7:\"is_true\";s:3:\"yes\";}', 1),
(237, 625, 'False', 'false', 2, 'no', 'a:3:{s:4:\"text\";s:5:\"False\";s:5:\"value\";s:5:\"false\";s:7:\"is_true\";s:2:\"no\";}', 2),
(238, 626, 'True', 'true', 1, 'yes', 'a:3:{s:4:\"text\";s:4:\"True\";s:5:\"value\";s:4:\"true\";s:7:\"is_true\";s:3:\"yes\";}', 1),
(239, 626, 'False', 'false', 2, 'no', 'a:3:{s:4:\"text\";s:5:\"False\";s:5:\"value\";s:5:\"false\";s:7:\"is_true\";s:2:\"no\";}', 2),
(240, 628, 'Hypertext Preprocessor', 'option_first', 1, 'yes', 'a:3:{s:4:\"text\";s:22:\"Hypertext Preprocessor\";s:5:\"value\";s:12:\"option_first\";s:7:\"is_true\";s:3:\"yes\";}', 1),
(241, 628, 'Private Home Page', 'option_seconds', 2, 'no', 'a:3:{s:4:\"text\";s:17:\"Private Home Page\";s:5:\"value\";s:14:\"option_seconds\";s:7:\"is_true\";s:2:\"no\";}', 2),
(242, 628, 'Personal Hypertext Processor', 'option_third', 3, 'no', 'a:3:{s:4:\"text\";s:28:\"Personal Hypertext Processor\";s:5:\"value\";s:12:\"option_third\";s:7:\"is_true\";s:2:\"no\";}', 3),
(243, 629, 'Structured Question Language', 'option_first', 1, 'no', 'a:3:{s:4:\"text\";s:28:\"Structured Question Language\";s:5:\"value\";s:12:\"option_first\";s:7:\"is_true\";s:2:\"no\";}', 1),
(244, 629, 'Structured Query Language', 'option_seconds', 2, 'yes', 'a:3:{s:4:\"text\";s:25:\"Structured Query Language\";s:5:\"value\";s:14:\"option_seconds\";s:7:\"is_true\";s:3:\"yes\";}', 2),
(245, 629, 'Strong Question Language', 'option_third', 3, 'no', 'a:3:{s:4:\"text\";s:24:\"Strong Question Language\";s:5:\"value\";s:12:\"option_third\";s:7:\"is_true\";s:2:\"no\";}', 3),
(246, 630, 'EXTRACT', 'option_first', 1, 'no', 'a:3:{s:4:\"text\";s:7:\"EXTRACT\";s:5:\"value\";s:12:\"option_first\";s:7:\"is_true\";s:2:\"no\";}', 1),
(247, 630, 'GET', 'option_seconds', 2, 'no', 'a:3:{s:4:\"text\";s:3:\"GET\";s:5:\"value\";s:14:\"option_seconds\";s:7:\"is_true\";s:2:\"no\";}', 2),
(248, 630, 'SELECT', 'option_third', 3, 'yes', 'a:3:{s:4:\"text\";s:6:\"SELECT\";s:5:\"value\";s:12:\"option_third\";s:7:\"is_true\";s:3:\"yes\";}', 3),
(249, 635, 'ADD RECORD', 'option_first', 1, 'no', 'a:3:{s:4:\"text\";s:10:\"ADD RECORD\";s:5:\"value\";s:12:\"option_first\";s:7:\"is_true\";s:2:\"no\";}', 1),
(250, 635, 'INSERT NEW', 'option_seconds', 2, 'no', 'a:3:{s:4:\"text\";s:10:\"INSERT NEW\";s:5:\"value\";s:14:\"option_seconds\";s:7:\"is_true\";s:2:\"no\";}', 2),
(251, 635, 'INSERT INTO', 'option_third', 3, 'yes', 'a:3:{s:4:\"text\";s:11:\"INSERT INTO\";s:5:\"value\";s:12:\"option_third\";s:7:\"is_true\";s:3:\"yes\";}', 3),
(252, 636, 'COLLAPSE', 'option_first', 1, 'no', 'a:3:{s:4:\"text\";s:8:\"COLLAPSE\";s:5:\"value\";s:12:\"option_first\";s:7:\"is_true\";s:2:\"no\";}', 1),
(253, 636, 'DELETE', 'option_seconds', 2, 'yes', 'a:3:{s:4:\"text\";s:6:\"DELETE\";s:5:\"value\";s:14:\"option_seconds\";s:7:\"is_true\";s:3:\"yes\";}', 2),
(254, 636, 'REMOVE', 'option_third', 3, 'no', 'a:3:{s:4:\"text\";s:6:\"REMOVE\";s:5:\"value\";s:12:\"option_third\";s:7:\"is_true\";s:2:\"no\";}', 3),
(255, 637, 'MODIFY', 'option_first', 1, 'no', 'a:3:{s:4:\"text\";s:6:\"MODIFY\";s:5:\"value\";s:12:\"option_first\";s:7:\"is_true\";s:2:\"no\";}', 1),
(256, 637, 'SAVE AS', 'option_seconds', 2, 'no', 'a:3:{s:4:\"text\";s:7:\"SAVE AS\";s:5:\"value\";s:14:\"option_seconds\";s:7:\"is_true\";s:2:\"no\";}', 2),
(257, 637, 'UPDATE', 'option_third', 3, 'yes', 'a:3:{s:4:\"text\";s:6:\"UPDATE\";s:5:\"value\";s:12:\"option_third\";s:7:\"is_true\";s:3:\"yes\";}', 3),
(258, 649, 'Perl and C', 'option_first', 1, 'yes', 'a:3:{s:4:\"text\";s:10:\"Perl and C\";s:5:\"value\";s:12:\"option_first\";s:7:\"is_true\";s:3:\"yes\";}', 1),
(259, 649, 'VBScript', 'option_seconds', 2, 'no', 'a:3:{s:4:\"text\";s:8:\"VBScript\";s:5:\"value\";s:14:\"option_seconds\";s:7:\"is_true\";s:2:\"no\";}', 2),
(260, 649, 'JavaScript', 'option_third', 3, 'no', 'a:3:{s:4:\"text\";s:10:\"JavaScript\";s:5:\"value\";s:12:\"option_third\";s:7:\"is_true\";s:2:\"no\";}', 3),
(261, 650, 'True', 'true', 1, 'yes', 'a:3:{s:4:\"text\";s:4:\"True\";s:5:\"value\";s:4:\"true\";s:7:\"is_true\";s:3:\"yes\";}', 1),
(262, 650, 'False', 'false', 2, 'no', 'a:3:{s:4:\"text\";s:5:\"False\";s:5:\"value\";s:5:\"false\";s:7:\"is_true\";s:2:\"no\";}', 2),
(263, 651, 'True', 'true', 1, 'yes', 'a:3:{s:4:\"text\";s:4:\"True\";s:5:\"value\";s:4:\"true\";s:7:\"is_true\";s:3:\"yes\";}', 1),
(264, 651, 'False', 'false', 2, 'no', 'a:3:{s:4:\"text\";s:5:\"False\";s:5:\"value\";s:5:\"false\";s:7:\"is_true\";s:2:\"no\";}', 2),
(265, 653, 'Hypertext Preprocessor', 'option_first', 1, 'yes', 'a:3:{s:4:\"text\";s:22:\"Hypertext Preprocessor\";s:5:\"value\";s:12:\"option_first\";s:7:\"is_true\";s:3:\"yes\";}', 1),
(266, 653, 'Private Home Page', 'option_seconds', 2, 'no', 'a:3:{s:4:\"text\";s:17:\"Private Home Page\";s:5:\"value\";s:14:\"option_seconds\";s:7:\"is_true\";s:2:\"no\";}', 2),
(267, 653, 'Personal Hypertext Processor', 'option_third', 3, 'no', 'a:3:{s:4:\"text\";s:28:\"Personal Hypertext Processor\";s:5:\"value\";s:12:\"option_third\";s:7:\"is_true\";s:2:\"no\";}', 3),
(268, 654, 'Structured Question Language', 'option_first', 1, 'no', 'a:3:{s:4:\"text\";s:28:\"Structured Question Language\";s:5:\"value\";s:12:\"option_first\";s:7:\"is_true\";s:2:\"no\";}', 1),
(269, 654, 'Structured Query Language', 'option_seconds', 2, 'yes', 'a:3:{s:4:\"text\";s:25:\"Structured Query Language\";s:5:\"value\";s:14:\"option_seconds\";s:7:\"is_true\";s:3:\"yes\";}', 2),
(270, 654, 'Strong Question Language', 'option_third', 3, 'no', 'a:3:{s:4:\"text\";s:24:\"Strong Question Language\";s:5:\"value\";s:12:\"option_third\";s:7:\"is_true\";s:2:\"no\";}', 3),
(271, 655, 'EXTRACT', 'option_first', 1, 'no', 'a:3:{s:4:\"text\";s:7:\"EXTRACT\";s:5:\"value\";s:12:\"option_first\";s:7:\"is_true\";s:2:\"no\";}', 1),
(272, 655, 'GET', 'option_seconds', 2, 'no', 'a:3:{s:4:\"text\";s:3:\"GET\";s:5:\"value\";s:14:\"option_seconds\";s:7:\"is_true\";s:2:\"no\";}', 2),
(273, 655, 'SELECT', 'option_third', 3, 'yes', 'a:3:{s:4:\"text\";s:6:\"SELECT\";s:5:\"value\";s:12:\"option_third\";s:7:\"is_true\";s:3:\"yes\";}', 3),
(274, 660, 'ADD RECORD', 'option_first', 1, 'no', 'a:3:{s:4:\"text\";s:10:\"ADD RECORD\";s:5:\"value\";s:12:\"option_first\";s:7:\"is_true\";s:2:\"no\";}', 1),
(275, 660, 'INSERT NEW', 'option_seconds', 2, 'no', 'a:3:{s:4:\"text\";s:10:\"INSERT NEW\";s:5:\"value\";s:14:\"option_seconds\";s:7:\"is_true\";s:2:\"no\";}', 2),
(276, 660, 'INSERT INTO', 'option_third', 3, 'yes', 'a:3:{s:4:\"text\";s:11:\"INSERT INTO\";s:5:\"value\";s:12:\"option_third\";s:7:\"is_true\";s:3:\"yes\";}', 3),
(277, 661, 'COLLAPSE', 'option_first', 1, 'no', 'a:3:{s:4:\"text\";s:8:\"COLLAPSE\";s:5:\"value\";s:12:\"option_first\";s:7:\"is_true\";s:2:\"no\";}', 1),
(278, 661, 'DELETE', 'option_seconds', 2, 'yes', 'a:3:{s:4:\"text\";s:6:\"DELETE\";s:5:\"value\";s:14:\"option_seconds\";s:7:\"is_true\";s:3:\"yes\";}', 2),
(279, 661, 'REMOVE', 'option_third', 3, 'no', 'a:3:{s:4:\"text\";s:6:\"REMOVE\";s:5:\"value\";s:12:\"option_third\";s:7:\"is_true\";s:2:\"no\";}', 3),
(280, 662, 'MODIFY', 'option_first', 1, 'no', 'a:3:{s:4:\"text\";s:6:\"MODIFY\";s:5:\"value\";s:12:\"option_first\";s:7:\"is_true\";s:2:\"no\";}', 1),
(281, 662, 'SAVE AS', 'option_seconds', 2, 'no', 'a:3:{s:4:\"text\";s:7:\"SAVE AS\";s:5:\"value\";s:14:\"option_seconds\";s:7:\"is_true\";s:2:\"no\";}', 2),
(282, 662, 'UPDATE', 'option_third', 3, 'yes', 'a:3:{s:4:\"text\";s:6:\"UPDATE\";s:5:\"value\";s:12:\"option_third\";s:7:\"is_true\";s:3:\"yes\";}', 3),
(283, 674, 'Perl and C', 'option_first', 1, 'yes', 'a:3:{s:4:\"text\";s:10:\"Perl and C\";s:5:\"value\";s:12:\"option_first\";s:7:\"is_true\";s:3:\"yes\";}', 1),
(284, 674, 'VBScript', 'option_seconds', 2, 'no', 'a:3:{s:4:\"text\";s:8:\"VBScript\";s:5:\"value\";s:14:\"option_seconds\";s:7:\"is_true\";s:2:\"no\";}', 2),
(285, 674, 'JavaScript', 'option_third', 3, 'no', 'a:3:{s:4:\"text\";s:10:\"JavaScript\";s:5:\"value\";s:12:\"option_third\";s:7:\"is_true\";s:2:\"no\";}', 3),
(286, 675, 'True', 'true', 1, 'yes', 'a:3:{s:4:\"text\";s:4:\"True\";s:5:\"value\";s:4:\"true\";s:7:\"is_true\";s:3:\"yes\";}', 1),
(287, 675, 'False', 'false', 2, 'no', 'a:3:{s:4:\"text\";s:5:\"False\";s:5:\"value\";s:5:\"false\";s:7:\"is_true\";s:2:\"no\";}', 2),
(288, 676, 'True', 'true', 1, 'yes', 'a:3:{s:4:\"text\";s:4:\"True\";s:5:\"value\";s:4:\"true\";s:7:\"is_true\";s:3:\"yes\";}', 1),
(289, 676, 'False', 'false', 2, 'no', 'a:3:{s:4:\"text\";s:5:\"False\";s:5:\"value\";s:5:\"false\";s:7:\"is_true\";s:2:\"no\";}', 2),
(290, 678, 'Hypertext Preprocessor', 'option_first', 1, 'yes', 'a:3:{s:4:\"text\";s:22:\"Hypertext Preprocessor\";s:5:\"value\";s:12:\"option_first\";s:7:\"is_true\";s:3:\"yes\";}', 1),
(291, 678, 'Private Home Page', 'option_seconds', 2, 'no', 'a:3:{s:4:\"text\";s:17:\"Private Home Page\";s:5:\"value\";s:14:\"option_seconds\";s:7:\"is_true\";s:2:\"no\";}', 2),
(292, 678, 'Personal Hypertext Processor', 'option_third', 3, 'no', 'a:3:{s:4:\"text\";s:28:\"Personal Hypertext Processor\";s:5:\"value\";s:12:\"option_third\";s:7:\"is_true\";s:2:\"no\";}', 3),
(293, 679, 'Structured Question Language', 'option_first', 1, 'no', 'a:3:{s:4:\"text\";s:28:\"Structured Question Language\";s:5:\"value\";s:12:\"option_first\";s:7:\"is_true\";s:2:\"no\";}', 1),
(294, 679, 'Structured Query Language', 'option_seconds', 2, 'yes', 'a:3:{s:4:\"text\";s:25:\"Structured Query Language\";s:5:\"value\";s:14:\"option_seconds\";s:7:\"is_true\";s:3:\"yes\";}', 2),
(295, 679, 'Strong Question Language', 'option_third', 3, 'no', 'a:3:{s:4:\"text\";s:24:\"Strong Question Language\";s:5:\"value\";s:12:\"option_third\";s:7:\"is_true\";s:2:\"no\";}', 3),
(296, 680, 'EXTRACT', 'option_first', 1, 'no', 'a:3:{s:4:\"text\";s:7:\"EXTRACT\";s:5:\"value\";s:12:\"option_first\";s:7:\"is_true\";s:2:\"no\";}', 1),
(297, 680, 'GET', 'option_seconds', 2, 'no', 'a:3:{s:4:\"text\";s:3:\"GET\";s:5:\"value\";s:14:\"option_seconds\";s:7:\"is_true\";s:2:\"no\";}', 2),
(298, 680, 'SELECT', 'option_third', 3, 'yes', 'a:3:{s:4:\"text\";s:6:\"SELECT\";s:5:\"value\";s:12:\"option_third\";s:7:\"is_true\";s:3:\"yes\";}', 3),
(299, 685, 'ADD RECORD', 'option_first', 1, 'no', 'a:3:{s:4:\"text\";s:10:\"ADD RECORD\";s:5:\"value\";s:12:\"option_first\";s:7:\"is_true\";s:2:\"no\";}', 1),
(300, 685, 'INSERT NEW', 'option_seconds', 2, 'no', 'a:3:{s:4:\"text\";s:10:\"INSERT NEW\";s:5:\"value\";s:14:\"option_seconds\";s:7:\"is_true\";s:2:\"no\";}', 2),
(301, 685, 'INSERT INTO', 'option_third', 3, 'yes', 'a:3:{s:4:\"text\";s:11:\"INSERT INTO\";s:5:\"value\";s:12:\"option_third\";s:7:\"is_true\";s:3:\"yes\";}', 3),
(302, 686, 'COLLAPSE', 'option_first', 1, 'no', 'a:3:{s:4:\"text\";s:8:\"COLLAPSE\";s:5:\"value\";s:12:\"option_first\";s:7:\"is_true\";s:2:\"no\";}', 1),
(303, 686, 'DELETE', 'option_seconds', 2, 'yes', 'a:3:{s:4:\"text\";s:6:\"DELETE\";s:5:\"value\";s:14:\"option_seconds\";s:7:\"is_true\";s:3:\"yes\";}', 2),
(304, 686, 'REMOVE', 'option_third', 3, 'no', 'a:3:{s:4:\"text\";s:6:\"REMOVE\";s:5:\"value\";s:12:\"option_third\";s:7:\"is_true\";s:2:\"no\";}', 3),
(305, 687, 'MODIFY', 'option_first', 1, 'no', 'a:3:{s:4:\"text\";s:6:\"MODIFY\";s:5:\"value\";s:12:\"option_first\";s:7:\"is_true\";s:2:\"no\";}', 1),
(306, 687, 'SAVE AS', 'option_seconds', 2, 'no', 'a:3:{s:4:\"text\";s:7:\"SAVE AS\";s:5:\"value\";s:14:\"option_seconds\";s:7:\"is_true\";s:2:\"no\";}', 2),
(307, 687, 'UPDATE', 'option_third', 3, 'yes', 'a:3:{s:4:\"text\";s:6:\"UPDATE\";s:5:\"value\";s:12:\"option_third\";s:7:\"is_true\";s:3:\"yes\";}', 3),
(308, 699, 'Perl and C', 'option_first', 1, 'yes', 'a:3:{s:4:\"text\";s:10:\"Perl and C\";s:5:\"value\";s:12:\"option_first\";s:7:\"is_true\";s:3:\"yes\";}', 1),
(309, 699, 'VBScript', 'option_seconds', 2, 'no', 'a:3:{s:4:\"text\";s:8:\"VBScript\";s:5:\"value\";s:14:\"option_seconds\";s:7:\"is_true\";s:2:\"no\";}', 2),
(310, 699, 'JavaScript', 'option_third', 3, 'no', 'a:3:{s:4:\"text\";s:10:\"JavaScript\";s:5:\"value\";s:12:\"option_third\";s:7:\"is_true\";s:2:\"no\";}', 3),
(311, 700, 'True', 'true', 1, 'yes', 'a:3:{s:4:\"text\";s:4:\"True\";s:5:\"value\";s:4:\"true\";s:7:\"is_true\";s:3:\"yes\";}', 1),
(312, 700, 'False', 'false', 2, 'no', 'a:3:{s:4:\"text\";s:5:\"False\";s:5:\"value\";s:5:\"false\";s:7:\"is_true\";s:2:\"no\";}', 2),
(313, 701, 'True', 'true', 1, 'yes', 'a:3:{s:4:\"text\";s:4:\"True\";s:5:\"value\";s:4:\"true\";s:7:\"is_true\";s:3:\"yes\";}', 1),
(314, 701, 'False', 'false', 2, 'no', 'a:3:{s:4:\"text\";s:5:\"False\";s:5:\"value\";s:5:\"false\";s:7:\"is_true\";s:2:\"no\";}', 2),
(315, 703, 'Hypertext Preprocessor', 'option_first', 1, 'yes', 'a:3:{s:4:\"text\";s:22:\"Hypertext Preprocessor\";s:5:\"value\";s:12:\"option_first\";s:7:\"is_true\";s:3:\"yes\";}', 1),
(316, 703, 'Private Home Page', 'option_seconds', 2, 'no', 'a:3:{s:4:\"text\";s:17:\"Private Home Page\";s:5:\"value\";s:14:\"option_seconds\";s:7:\"is_true\";s:2:\"no\";}', 2),
(317, 703, 'Personal Hypertext Processor', 'option_third', 3, 'no', 'a:3:{s:4:\"text\";s:28:\"Personal Hypertext Processor\";s:5:\"value\";s:12:\"option_third\";s:7:\"is_true\";s:2:\"no\";}', 3),
(318, 704, 'Structured Question Language', 'option_first', 1, 'no', 'a:3:{s:4:\"text\";s:28:\"Structured Question Language\";s:5:\"value\";s:12:\"option_first\";s:7:\"is_true\";s:2:\"no\";}', 1),
(319, 704, 'Structured Query Language', 'option_seconds', 2, 'yes', 'a:3:{s:4:\"text\";s:25:\"Structured Query Language\";s:5:\"value\";s:14:\"option_seconds\";s:7:\"is_true\";s:3:\"yes\";}', 2),
(320, 704, 'Strong Question Language', 'option_third', 3, 'no', 'a:3:{s:4:\"text\";s:24:\"Strong Question Language\";s:5:\"value\";s:12:\"option_third\";s:7:\"is_true\";s:2:\"no\";}', 3),
(321, 705, 'EXTRACT', 'option_first', 1, 'no', 'a:3:{s:4:\"text\";s:7:\"EXTRACT\";s:5:\"value\";s:12:\"option_first\";s:7:\"is_true\";s:2:\"no\";}', 1),
(322, 705, 'GET', 'option_seconds', 2, 'no', 'a:3:{s:4:\"text\";s:3:\"GET\";s:5:\"value\";s:14:\"option_seconds\";s:7:\"is_true\";s:2:\"no\";}', 2),
(323, 705, 'SELECT', 'option_third', 3, 'yes', 'a:3:{s:4:\"text\";s:6:\"SELECT\";s:5:\"value\";s:12:\"option_third\";s:7:\"is_true\";s:3:\"yes\";}', 3),
(324, 710, 'ADD RECORD', 'option_first', 1, 'no', 'a:3:{s:4:\"text\";s:10:\"ADD RECORD\";s:5:\"value\";s:12:\"option_first\";s:7:\"is_true\";s:2:\"no\";}', 1),
(325, 710, 'INSERT NEW', 'option_seconds', 2, 'no', 'a:3:{s:4:\"text\";s:10:\"INSERT NEW\";s:5:\"value\";s:14:\"option_seconds\";s:7:\"is_true\";s:2:\"no\";}', 2),
(326, 710, 'INSERT INTO', 'option_third', 3, 'yes', 'a:3:{s:4:\"text\";s:11:\"INSERT INTO\";s:5:\"value\";s:12:\"option_third\";s:7:\"is_true\";s:3:\"yes\";}', 3),
(327, 711, 'COLLAPSE', 'option_first', 1, 'no', 'a:3:{s:4:\"text\";s:8:\"COLLAPSE\";s:5:\"value\";s:12:\"option_first\";s:7:\"is_true\";s:2:\"no\";}', 1),
(328, 711, 'DELETE', 'option_seconds', 2, 'yes', 'a:3:{s:4:\"text\";s:6:\"DELETE\";s:5:\"value\";s:14:\"option_seconds\";s:7:\"is_true\";s:3:\"yes\";}', 2),
(329, 711, 'REMOVE', 'option_third', 3, 'no', 'a:3:{s:4:\"text\";s:6:\"REMOVE\";s:5:\"value\";s:12:\"option_third\";s:7:\"is_true\";s:2:\"no\";}', 3),
(330, 712, 'MODIFY', 'option_first', 1, 'no', 'a:3:{s:4:\"text\";s:6:\"MODIFY\";s:5:\"value\";s:12:\"option_first\";s:7:\"is_true\";s:2:\"no\";}', 1),
(331, 712, 'SAVE AS', 'option_seconds', 2, 'no', 'a:3:{s:4:\"text\";s:7:\"SAVE AS\";s:5:\"value\";s:14:\"option_seconds\";s:7:\"is_true\";s:2:\"no\";}', 2),
(332, 712, 'UPDATE', 'option_third', 3, 'yes', 'a:3:{s:4:\"text\";s:6:\"UPDATE\";s:5:\"value\";s:12:\"option_third\";s:7:\"is_true\";s:3:\"yes\";}', 3),
(333, 724, 'Perl and C', 'option_first', 1, 'yes', 'a:3:{s:4:\"text\";s:10:\"Perl and C\";s:5:\"value\";s:12:\"option_first\";s:7:\"is_true\";s:3:\"yes\";}', 1),
(334, 724, 'VBScript', 'option_seconds', 2, 'no', 'a:3:{s:4:\"text\";s:8:\"VBScript\";s:5:\"value\";s:14:\"option_seconds\";s:7:\"is_true\";s:2:\"no\";}', 2),
(335, 724, 'JavaScript', 'option_third', 3, 'no', 'a:3:{s:4:\"text\";s:10:\"JavaScript\";s:5:\"value\";s:12:\"option_third\";s:7:\"is_true\";s:2:\"no\";}', 3),
(336, 725, 'True', 'true', 1, 'yes', 'a:3:{s:4:\"text\";s:4:\"True\";s:5:\"value\";s:4:\"true\";s:7:\"is_true\";s:3:\"yes\";}', 1),
(337, 725, 'False', 'false', 2, 'no', 'a:3:{s:4:\"text\";s:5:\"False\";s:5:\"value\";s:5:\"false\";s:7:\"is_true\";s:2:\"no\";}', 2),
(338, 726, 'True', 'true', 1, 'yes', 'a:3:{s:4:\"text\";s:4:\"True\";s:5:\"value\";s:4:\"true\";s:7:\"is_true\";s:3:\"yes\";}', 1),
(339, 726, 'False', 'false', 2, 'no', 'a:3:{s:4:\"text\";s:5:\"False\";s:5:\"value\";s:5:\"false\";s:7:\"is_true\";s:2:\"no\";}', 2),
(340, 728, 'Hypertext Preprocessor', 'option_first', 1, 'yes', 'a:3:{s:4:\"text\";s:22:\"Hypertext Preprocessor\";s:5:\"value\";s:12:\"option_first\";s:7:\"is_true\";s:3:\"yes\";}', 1),
(341, 728, 'Private Home Page', 'option_seconds', 2, 'no', 'a:3:{s:4:\"text\";s:17:\"Private Home Page\";s:5:\"value\";s:14:\"option_seconds\";s:7:\"is_true\";s:2:\"no\";}', 2),
(342, 728, 'Personal Hypertext Processor', 'option_third', 3, 'no', 'a:3:{s:4:\"text\";s:28:\"Personal Hypertext Processor\";s:5:\"value\";s:12:\"option_third\";s:7:\"is_true\";s:2:\"no\";}', 3),
(343, 729, 'Structured Question Language', 'option_first', 1, 'no', 'a:3:{s:4:\"text\";s:28:\"Structured Question Language\";s:5:\"value\";s:12:\"option_first\";s:7:\"is_true\";s:2:\"no\";}', 1),
(344, 729, 'Structured Query Language', 'option_seconds', 2, 'yes', 'a:3:{s:4:\"text\";s:25:\"Structured Query Language\";s:5:\"value\";s:14:\"option_seconds\";s:7:\"is_true\";s:3:\"yes\";}', 2),
(345, 729, 'Strong Question Language', 'option_third', 3, 'no', 'a:3:{s:4:\"text\";s:24:\"Strong Question Language\";s:5:\"value\";s:12:\"option_third\";s:7:\"is_true\";s:2:\"no\";}', 3),
(346, 730, 'EXTRACT', 'option_first', 1, 'no', 'a:3:{s:4:\"text\";s:7:\"EXTRACT\";s:5:\"value\";s:12:\"option_first\";s:7:\"is_true\";s:2:\"no\";}', 1),
(347, 730, 'GET', 'option_seconds', 2, 'no', 'a:3:{s:4:\"text\";s:3:\"GET\";s:5:\"value\";s:14:\"option_seconds\";s:7:\"is_true\";s:2:\"no\";}', 2),
(348, 730, 'SELECT', 'option_third', 3, 'yes', 'a:3:{s:4:\"text\";s:6:\"SELECT\";s:5:\"value\";s:12:\"option_third\";s:7:\"is_true\";s:3:\"yes\";}', 3),
(349, 735, 'ADD RECORD', 'option_first', 1, 'no', 'a:3:{s:4:\"text\";s:10:\"ADD RECORD\";s:5:\"value\";s:12:\"option_first\";s:7:\"is_true\";s:2:\"no\";}', 1),
(350, 735, 'INSERT NEW', 'option_seconds', 2, 'no', 'a:3:{s:4:\"text\";s:10:\"INSERT NEW\";s:5:\"value\";s:14:\"option_seconds\";s:7:\"is_true\";s:2:\"no\";}', 2),
(351, 735, 'INSERT INTO', 'option_third', 3, 'yes', 'a:3:{s:4:\"text\";s:11:\"INSERT INTO\";s:5:\"value\";s:12:\"option_third\";s:7:\"is_true\";s:3:\"yes\";}', 3),
(352, 736, 'COLLAPSE', 'option_first', 1, 'no', 'a:3:{s:4:\"text\";s:8:\"COLLAPSE\";s:5:\"value\";s:12:\"option_first\";s:7:\"is_true\";s:2:\"no\";}', 1),
(353, 736, 'DELETE', 'option_seconds', 2, 'yes', 'a:3:{s:4:\"text\";s:6:\"DELETE\";s:5:\"value\";s:14:\"option_seconds\";s:7:\"is_true\";s:3:\"yes\";}', 2),
(354, 736, 'REMOVE', 'option_third', 3, 'no', 'a:3:{s:4:\"text\";s:6:\"REMOVE\";s:5:\"value\";s:12:\"option_third\";s:7:\"is_true\";s:2:\"no\";}', 3),
(355, 737, 'MODIFY', 'option_first', 1, 'no', 'a:3:{s:4:\"text\";s:6:\"MODIFY\";s:5:\"value\";s:12:\"option_first\";s:7:\"is_true\";s:2:\"no\";}', 1),
(356, 737, 'SAVE AS', 'option_seconds', 2, 'no', 'a:3:{s:4:\"text\";s:7:\"SAVE AS\";s:5:\"value\";s:14:\"option_seconds\";s:7:\"is_true\";s:2:\"no\";}', 2),
(357, 737, 'UPDATE', 'option_third', 3, 'yes', 'a:3:{s:4:\"text\";s:6:\"UPDATE\";s:5:\"value\";s:12:\"option_third\";s:7:\"is_true\";s:3:\"yes\";}', 3),
(358, 749, 'Perl and C', 'option_first', 1, 'yes', 'a:3:{s:4:\"text\";s:10:\"Perl and C\";s:5:\"value\";s:12:\"option_first\";s:7:\"is_true\";s:3:\"yes\";}', 1),
(359, 749, 'VBScript', 'option_seconds', 2, 'no', 'a:3:{s:4:\"text\";s:8:\"VBScript\";s:5:\"value\";s:14:\"option_seconds\";s:7:\"is_true\";s:2:\"no\";}', 2),
(360, 749, 'JavaScript', 'option_third', 3, 'no', 'a:3:{s:4:\"text\";s:10:\"JavaScript\";s:5:\"value\";s:12:\"option_third\";s:7:\"is_true\";s:2:\"no\";}', 3),
(361, 750, 'True', 'true', 1, 'yes', 'a:3:{s:4:\"text\";s:4:\"True\";s:5:\"value\";s:4:\"true\";s:7:\"is_true\";s:3:\"yes\";}', 1),
(362, 750, 'False', 'false', 2, 'no', 'a:3:{s:4:\"text\";s:5:\"False\";s:5:\"value\";s:5:\"false\";s:7:\"is_true\";s:2:\"no\";}', 2),
(363, 751, 'True', 'true', 1, 'yes', 'a:3:{s:4:\"text\";s:4:\"True\";s:5:\"value\";s:4:\"true\";s:7:\"is_true\";s:3:\"yes\";}', 1),
(364, 751, 'False', 'false', 2, 'no', 'a:3:{s:4:\"text\";s:5:\"False\";s:5:\"value\";s:5:\"false\";s:7:\"is_true\";s:2:\"no\";}', 2),
(365, 753, 'Hypertext Preprocessor', 'option_first', 1, 'yes', 'a:3:{s:4:\"text\";s:22:\"Hypertext Preprocessor\";s:5:\"value\";s:12:\"option_first\";s:7:\"is_true\";s:3:\"yes\";}', 1),
(366, 753, 'Private Home Page', 'option_seconds', 2, 'no', 'a:3:{s:4:\"text\";s:17:\"Private Home Page\";s:5:\"value\";s:14:\"option_seconds\";s:7:\"is_true\";s:2:\"no\";}', 2),
(367, 753, 'Personal Hypertext Processor', 'option_third', 3, 'no', 'a:3:{s:4:\"text\";s:28:\"Personal Hypertext Processor\";s:5:\"value\";s:12:\"option_third\";s:7:\"is_true\";s:2:\"no\";}', 3),
(368, 754, 'Structured Question Language', 'option_first', 1, 'no', 'a:3:{s:4:\"text\";s:28:\"Structured Question Language\";s:5:\"value\";s:12:\"option_first\";s:7:\"is_true\";s:2:\"no\";}', 1),
(369, 754, 'Structured Query Language', 'option_seconds', 2, 'yes', 'a:3:{s:4:\"text\";s:25:\"Structured Query Language\";s:5:\"value\";s:14:\"option_seconds\";s:7:\"is_true\";s:3:\"yes\";}', 2),
(370, 754, 'Strong Question Language', 'option_third', 3, 'no', 'a:3:{s:4:\"text\";s:24:\"Strong Question Language\";s:5:\"value\";s:12:\"option_third\";s:7:\"is_true\";s:2:\"no\";}', 3),
(371, 755, 'EXTRACT', 'option_first', 1, 'no', 'a:3:{s:4:\"text\";s:7:\"EXTRACT\";s:5:\"value\";s:12:\"option_first\";s:7:\"is_true\";s:2:\"no\";}', 1),
(372, 755, 'GET', 'option_seconds', 2, 'no', 'a:3:{s:4:\"text\";s:3:\"GET\";s:5:\"value\";s:14:\"option_seconds\";s:7:\"is_true\";s:2:\"no\";}', 2),
(373, 755, 'SELECT', 'option_third', 3, 'yes', 'a:3:{s:4:\"text\";s:6:\"SELECT\";s:5:\"value\";s:12:\"option_third\";s:7:\"is_true\";s:3:\"yes\";}', 3),
(374, 760, 'ADD RECORD', 'option_first', 1, 'no', 'a:3:{s:4:\"text\";s:10:\"ADD RECORD\";s:5:\"value\";s:12:\"option_first\";s:7:\"is_true\";s:2:\"no\";}', 1),
(375, 760, 'INSERT NEW', 'option_seconds', 2, 'no', 'a:3:{s:4:\"text\";s:10:\"INSERT NEW\";s:5:\"value\";s:14:\"option_seconds\";s:7:\"is_true\";s:2:\"no\";}', 2),
(376, 760, 'INSERT INTO', 'option_third', 3, 'yes', 'a:3:{s:4:\"text\";s:11:\"INSERT INTO\";s:5:\"value\";s:12:\"option_third\";s:7:\"is_true\";s:3:\"yes\";}', 3),
(377, 761, 'COLLAPSE', 'option_first', 1, 'no', 'a:3:{s:4:\"text\";s:8:\"COLLAPSE\";s:5:\"value\";s:12:\"option_first\";s:7:\"is_true\";s:2:\"no\";}', 1),
(378, 761, 'DELETE', 'option_seconds', 2, 'yes', 'a:3:{s:4:\"text\";s:6:\"DELETE\";s:5:\"value\";s:14:\"option_seconds\";s:7:\"is_true\";s:3:\"yes\";}', 2),
(379, 761, 'REMOVE', 'option_third', 3, 'no', 'a:3:{s:4:\"text\";s:6:\"REMOVE\";s:5:\"value\";s:12:\"option_third\";s:7:\"is_true\";s:2:\"no\";}', 3),
(380, 762, 'MODIFY', 'option_first', 1, 'no', 'a:3:{s:4:\"text\";s:6:\"MODIFY\";s:5:\"value\";s:12:\"option_first\";s:7:\"is_true\";s:2:\"no\";}', 1),
(381, 762, 'SAVE AS', 'option_seconds', 2, 'no', 'a:3:{s:4:\"text\";s:7:\"SAVE AS\";s:5:\"value\";s:14:\"option_seconds\";s:7:\"is_true\";s:2:\"no\";}', 2),
(382, 762, 'UPDATE', 'option_third', 3, 'yes', 'a:3:{s:4:\"text\";s:6:\"UPDATE\";s:5:\"value\";s:12:\"option_third\";s:7:\"is_true\";s:3:\"yes\";}', 3);

-- --------------------------------------------------------

--
-- Table structure for table `wp_learnpress_question_answers_bk`
--

CREATE TABLE `wp_learnpress_question_answers_bk` (
  `question_answer_id` bigint(20) UNSIGNED NOT NULL,
  `question_id` bigint(20) UNSIGNED NOT NULL DEFAULT 0,
  `answer_data` text NOT NULL,
  `answer_order` bigint(20) UNSIGNED NOT NULL DEFAULT 0
) ENGINE=InnoDB DEFAULT CHARSET=utf8mb4 COLLATE=utf8mb4_unicode_ci;

--
-- Dumping data for table `wp_learnpress_question_answers_bk`
--

INSERT INTO `wp_learnpress_question_answers_bk` (`question_answer_id`, `question_id`, `answer_data`, `answer_order`) VALUES
(92, 196, 'a:3:{s:4:\"text\";s:10:\"ADD RECORD\";s:5:\"value\";s:12:\"option_first\";s:7:\"is_true\";s:2:\"no\";}', 1),
(93, 196, 'a:3:{s:4:\"text\";s:10:\"INSERT NEW\";s:5:\"value\";s:14:\"option_seconds\";s:7:\"is_true\";s:2:\"no\";}', 2),
(94, 196, 'a:3:{s:4:\"text\";s:11:\"INSERT INTO\";s:5:\"value\";s:12:\"option_third\";s:7:\"is_true\";s:3:\"yes\";}', 3),
(95, 194, 'a:3:{s:4:\"text\";s:8:\"COLLAPSE\";s:5:\"value\";s:12:\"option_first\";s:7:\"is_true\";s:2:\"no\";}', 1),
(96, 194, 'a:3:{s:4:\"text\";s:6:\"DELETE\";s:5:\"value\";s:14:\"option_seconds\";s:7:\"is_true\";s:3:\"yes\";}', 2),
(97, 194, 'a:3:{s:4:\"text\";s:6:\"REMOVE\";s:5:\"value\";s:12:\"option_third\";s:7:\"is_true\";s:2:\"no\";}', 3),
(98, 192, 'a:3:{s:4:\"text\";s:6:\"MODIFY\";s:5:\"value\";s:12:\"option_first\";s:7:\"is_true\";s:2:\"no\";}', 1),
(99, 192, 'a:3:{s:4:\"text\";s:7:\"SAVE AS\";s:5:\"value\";s:14:\"option_seconds\";s:7:\"is_true\";s:2:\"no\";}', 2),
(100, 192, 'a:3:{s:4:\"text\";s:6:\"UPDATE\";s:5:\"value\";s:12:\"option_third\";s:7:\"is_true\";s:3:\"yes\";}', 3),
(110, 172, 'a:3:{s:4:\"text\";s:22:\"Hypertext Preprocessor\";s:5:\"value\";s:12:\"option_first\";s:7:\"is_true\";s:3:\"yes\";}', 1),
(111, 172, 'a:3:{s:4:\"text\";s:17:\"Private Home Page\";s:5:\"value\";s:14:\"option_seconds\";s:7:\"is_true\";s:2:\"no\";}', 2),
(112, 172, 'a:3:{s:4:\"text\";s:28:\"Personal Hypertext Processor\";s:5:\"value\";s:12:\"option_third\";s:7:\"is_true\";s:2:\"no\";}', 3),
(113, 188, 'a:3:{s:4:\"text\";s:28:\"Structured Question Language\";s:5:\"value\";s:12:\"option_first\";s:7:\"is_true\";s:2:\"no\";}', 1),
(114, 188, 'a:3:{s:4:\"text\";s:25:\"Structured Query Language\";s:5:\"value\";s:14:\"option_seconds\";s:7:\"is_true\";s:3:\"yes\";}', 2),
(115, 188, 'a:3:{s:4:\"text\";s:24:\"Strong Question Language\";s:5:\"value\";s:12:\"option_third\";s:7:\"is_true\";s:2:\"no\";}', 3),
(116, 190, 'a:3:{s:4:\"text\";s:7:\"EXTRACT\";s:5:\"value\";s:12:\"option_first\";s:7:\"is_true\";s:2:\"no\";}', 1),
(117, 190, 'a:3:{s:4:\"text\";s:3:\"GET\";s:5:\"value\";s:14:\"option_seconds\";s:7:\"is_true\";s:2:\"no\";}', 2),
(118, 190, 'a:3:{s:4:\"text\";s:6:\"SELECT\";s:5:\"value\";s:12:\"option_third\";s:7:\"is_true\";s:3:\"yes\";}', 3),
(126, 176, 'a:3:{s:4:\"text\";s:10:\"Perl and C\";s:5:\"value\";s:12:\"option_first\";s:7:\"is_true\";s:3:\"yes\";}', 1),
(127, 176, 'a:3:{s:4:\"text\";s:8:\"VBScript\";s:5:\"value\";s:14:\"option_seconds\";s:7:\"is_true\";s:2:\"no\";}', 2),
(128, 176, 'a:3:{s:4:\"text\";s:10:\"JavaScript\";s:5:\"value\";s:12:\"option_third\";s:7:\"is_true\";s:2:\"no\";}', 3),
(129, 184, 'a:3:{s:4:\"text\";s:4:\"True\";s:5:\"value\";s:4:\"true\";s:7:\"is_true\";s:3:\"yes\";}', 1),
(130, 184, 'a:3:{s:4:\"text\";s:5:\"False\";s:5:\"value\";s:5:\"false\";s:7:\"is_true\";s:2:\"no\";}', 2),
(131, 178, 'a:3:{s:4:\"text\";s:4:\"True\";s:5:\"value\";s:4:\"true\";s:7:\"is_true\";s:3:\"yes\";}', 1),
(132, 178, 'a:3:{s:4:\"text\";s:5:\"False\";s:5:\"value\";s:5:\"false\";s:7:\"is_true\";s:2:\"no\";}', 2),
(133, 524, 'a:3:{s:4:\"text\";s:10:\"Perl and C\";s:5:\"value\";s:12:\"option_first\";s:7:\"is_true\";s:3:\"yes\";}', 1),
(134, 524, 'a:3:{s:4:\"text\";s:8:\"VBScript\";s:5:\"value\";s:14:\"option_seconds\";s:7:\"is_true\";s:2:\"no\";}', 2),
(135, 524, 'a:3:{s:4:\"text\";s:10:\"JavaScript\";s:5:\"value\";s:12:\"option_third\";s:7:\"is_true\";s:2:\"no\";}', 3),
(136, 525, 'a:3:{s:4:\"text\";s:4:\"True\";s:5:\"value\";s:4:\"true\";s:7:\"is_true\";s:3:\"yes\";}', 1),
(137, 525, 'a:3:{s:4:\"text\";s:5:\"False\";s:5:\"value\";s:5:\"false\";s:7:\"is_true\";s:2:\"no\";}', 2),
(138, 526, 'a:3:{s:4:\"text\";s:4:\"True\";s:5:\"value\";s:4:\"true\";s:7:\"is_true\";s:3:\"yes\";}', 1),
(139, 526, 'a:3:{s:4:\"text\";s:5:\"False\";s:5:\"value\";s:5:\"false\";s:7:\"is_true\";s:2:\"no\";}', 2),
(140, 528, 'a:3:{s:4:\"text\";s:22:\"Hypertext Preprocessor\";s:5:\"value\";s:12:\"option_first\";s:7:\"is_true\";s:3:\"yes\";}', 1),
(141, 528, 'a:3:{s:4:\"text\";s:17:\"Private Home Page\";s:5:\"value\";s:14:\"option_seconds\";s:7:\"is_true\";s:2:\"no\";}', 2),
(142, 528, 'a:3:{s:4:\"text\";s:28:\"Personal Hypertext Processor\";s:5:\"value\";s:12:\"option_third\";s:7:\"is_true\";s:2:\"no\";}', 3),
(143, 529, 'a:3:{s:4:\"text\";s:28:\"Structured Question Language\";s:5:\"value\";s:12:\"option_first\";s:7:\"is_true\";s:2:\"no\";}', 1),
(144, 529, 'a:3:{s:4:\"text\";s:25:\"Structured Query Language\";s:5:\"value\";s:14:\"option_seconds\";s:7:\"is_true\";s:3:\"yes\";}', 2),
(145, 529, 'a:3:{s:4:\"text\";s:24:\"Strong Question Language\";s:5:\"value\";s:12:\"option_third\";s:7:\"is_true\";s:2:\"no\";}', 3),
(146, 530, 'a:3:{s:4:\"text\";s:7:\"EXTRACT\";s:5:\"value\";s:12:\"option_first\";s:7:\"is_true\";s:2:\"no\";}', 1),
(147, 530, 'a:3:{s:4:\"text\";s:3:\"GET\";s:5:\"value\";s:14:\"option_seconds\";s:7:\"is_true\";s:2:\"no\";}', 2),
(148, 530, 'a:3:{s:4:\"text\";s:6:\"SELECT\";s:5:\"value\";s:12:\"option_third\";s:7:\"is_true\";s:3:\"yes\";}', 3),
(149, 535, 'a:3:{s:4:\"text\";s:10:\"ADD RECORD\";s:5:\"value\";s:12:\"option_first\";s:7:\"is_true\";s:2:\"no\";}', 1),
(150, 535, 'a:3:{s:4:\"text\";s:10:\"INSERT NEW\";s:5:\"value\";s:14:\"option_seconds\";s:7:\"is_true\";s:2:\"no\";}', 2),
(151, 535, 'a:3:{s:4:\"text\";s:11:\"INSERT INTO\";s:5:\"value\";s:12:\"option_third\";s:7:\"is_true\";s:3:\"yes\";}', 3),
(152, 536, 'a:3:{s:4:\"text\";s:8:\"COLLAPSE\";s:5:\"value\";s:12:\"option_first\";s:7:\"is_true\";s:2:\"no\";}', 1),
(153, 536, 'a:3:{s:4:\"text\";s:6:\"DELETE\";s:5:\"value\";s:14:\"option_seconds\";s:7:\"is_true\";s:3:\"yes\";}', 2),
(154, 536, 'a:3:{s:4:\"text\";s:6:\"REMOVE\";s:5:\"value\";s:12:\"option_third\";s:7:\"is_true\";s:2:\"no\";}', 3),
(155, 537, 'a:3:{s:4:\"text\";s:6:\"MODIFY\";s:5:\"value\";s:12:\"option_first\";s:7:\"is_true\";s:2:\"no\";}', 1),
(156, 537, 'a:3:{s:4:\"text\";s:7:\"SAVE AS\";s:5:\"value\";s:14:\"option_seconds\";s:7:\"is_true\";s:2:\"no\";}', 2),
(157, 537, 'a:3:{s:4:\"text\";s:6:\"UPDATE\";s:5:\"value\";s:12:\"option_third\";s:7:\"is_true\";s:3:\"yes\";}', 3),
(158, 549, 'a:3:{s:4:\"text\";s:10:\"Perl and C\";s:5:\"value\";s:12:\"option_first\";s:7:\"is_true\";s:3:\"yes\";}', 1),
(159, 549, 'a:3:{s:4:\"text\";s:8:\"VBScript\";s:5:\"value\";s:14:\"option_seconds\";s:7:\"is_true\";s:2:\"no\";}', 2),
(160, 549, 'a:3:{s:4:\"text\";s:10:\"JavaScript\";s:5:\"value\";s:12:\"option_third\";s:7:\"is_true\";s:2:\"no\";}', 3),
(161, 550, 'a:3:{s:4:\"text\";s:4:\"True\";s:5:\"value\";s:4:\"true\";s:7:\"is_true\";s:3:\"yes\";}', 1),
(162, 550, 'a:3:{s:4:\"text\";s:5:\"False\";s:5:\"value\";s:5:\"false\";s:7:\"is_true\";s:2:\"no\";}', 2),
(163, 551, 'a:3:{s:4:\"text\";s:4:\"True\";s:5:\"value\";s:4:\"true\";s:7:\"is_true\";s:3:\"yes\";}', 1),
(164, 551, 'a:3:{s:4:\"text\";s:5:\"False\";s:5:\"value\";s:5:\"false\";s:7:\"is_true\";s:2:\"no\";}', 2),
(165, 553, 'a:3:{s:4:\"text\";s:22:\"Hypertext Preprocessor\";s:5:\"value\";s:12:\"option_first\";s:7:\"is_true\";s:3:\"yes\";}', 1),
(166, 553, 'a:3:{s:4:\"text\";s:17:\"Private Home Page\";s:5:\"value\";s:14:\"option_seconds\";s:7:\"is_true\";s:2:\"no\";}', 2),
(167, 553, 'a:3:{s:4:\"text\";s:28:\"Personal Hypertext Processor\";s:5:\"value\";s:12:\"option_third\";s:7:\"is_true\";s:2:\"no\";}', 3),
(168, 554, 'a:3:{s:4:\"text\";s:28:\"Structured Question Language\";s:5:\"value\";s:12:\"option_first\";s:7:\"is_true\";s:2:\"no\";}', 1),
(169, 554, 'a:3:{s:4:\"text\";s:25:\"Structured Query Language\";s:5:\"value\";s:14:\"option_seconds\";s:7:\"is_true\";s:3:\"yes\";}', 2),
(170, 554, 'a:3:{s:4:\"text\";s:24:\"Strong Question Language\";s:5:\"value\";s:12:\"option_third\";s:7:\"is_true\";s:2:\"no\";}', 3),
(171, 555, 'a:3:{s:4:\"text\";s:7:\"EXTRACT\";s:5:\"value\";s:12:\"option_first\";s:7:\"is_true\";s:2:\"no\";}', 1),
(172, 555, 'a:3:{s:4:\"text\";s:3:\"GET\";s:5:\"value\";s:14:\"option_seconds\";s:7:\"is_true\";s:2:\"no\";}', 2),
(173, 555, 'a:3:{s:4:\"text\";s:6:\"SELECT\";s:5:\"value\";s:12:\"option_third\";s:7:\"is_true\";s:3:\"yes\";}', 3),
(174, 560, 'a:3:{s:4:\"text\";s:10:\"ADD RECORD\";s:5:\"value\";s:12:\"option_first\";s:7:\"is_true\";s:2:\"no\";}', 1),
(175, 560, 'a:3:{s:4:\"text\";s:10:\"INSERT NEW\";s:5:\"value\";s:14:\"option_seconds\";s:7:\"is_true\";s:2:\"no\";}', 2),
(176, 560, 'a:3:{s:4:\"text\";s:11:\"INSERT INTO\";s:5:\"value\";s:12:\"option_third\";s:7:\"is_true\";s:3:\"yes\";}', 3),
(177, 561, 'a:3:{s:4:\"text\";s:8:\"COLLAPSE\";s:5:\"value\";s:12:\"option_first\";s:7:\"is_true\";s:2:\"no\";}', 1),
(178, 561, 'a:3:{s:4:\"text\";s:6:\"DELETE\";s:5:\"value\";s:14:\"option_seconds\";s:7:\"is_true\";s:3:\"yes\";}', 2),
(179, 561, 'a:3:{s:4:\"text\";s:6:\"REMOVE\";s:5:\"value\";s:12:\"option_third\";s:7:\"is_true\";s:2:\"no\";}', 3),
(180, 562, 'a:3:{s:4:\"text\";s:6:\"MODIFY\";s:5:\"value\";s:12:\"option_first\";s:7:\"is_true\";s:2:\"no\";}', 1),
(181, 562, 'a:3:{s:4:\"text\";s:7:\"SAVE AS\";s:5:\"value\";s:14:\"option_seconds\";s:7:\"is_true\";s:2:\"no\";}', 2),
(182, 562, 'a:3:{s:4:\"text\";s:6:\"UPDATE\";s:5:\"value\";s:12:\"option_third\";s:7:\"is_true\";s:3:\"yes\";}', 3),
(183, 574, 'a:3:{s:4:\"text\";s:10:\"Perl and C\";s:5:\"value\";s:12:\"option_first\";s:7:\"is_true\";s:3:\"yes\";}', 1),
(184, 574, 'a:3:{s:4:\"text\";s:8:\"VBScript\";s:5:\"value\";s:14:\"option_seconds\";s:7:\"is_true\";s:2:\"no\";}', 2),
(185, 574, 'a:3:{s:4:\"text\";s:10:\"JavaScript\";s:5:\"value\";s:12:\"option_third\";s:7:\"is_true\";s:2:\"no\";}', 3),
(186, 575, 'a:3:{s:4:\"text\";s:4:\"True\";s:5:\"value\";s:4:\"true\";s:7:\"is_true\";s:3:\"yes\";}', 1),
(187, 575, 'a:3:{s:4:\"text\";s:5:\"False\";s:5:\"value\";s:5:\"false\";s:7:\"is_true\";s:2:\"no\";}', 2),
(188, 576, 'a:3:{s:4:\"text\";s:4:\"True\";s:5:\"value\";s:4:\"true\";s:7:\"is_true\";s:3:\"yes\";}', 1),
(189, 576, 'a:3:{s:4:\"text\";s:5:\"False\";s:5:\"value\";s:5:\"false\";s:7:\"is_true\";s:2:\"no\";}', 2),
(190, 578, 'a:3:{s:4:\"text\";s:22:\"Hypertext Preprocessor\";s:5:\"value\";s:12:\"option_first\";s:7:\"is_true\";s:3:\"yes\";}', 1),
(191, 578, 'a:3:{s:4:\"text\";s:17:\"Private Home Page\";s:5:\"value\";s:14:\"option_seconds\";s:7:\"is_true\";s:2:\"no\";}', 2),
(192, 578, 'a:3:{s:4:\"text\";s:28:\"Personal Hypertext Processor\";s:5:\"value\";s:12:\"option_third\";s:7:\"is_true\";s:2:\"no\";}', 3),
(193, 579, 'a:3:{s:4:\"text\";s:28:\"Structured Question Language\";s:5:\"value\";s:12:\"option_first\";s:7:\"is_true\";s:2:\"no\";}', 1),
(194, 579, 'a:3:{s:4:\"text\";s:25:\"Structured Query Language\";s:5:\"value\";s:14:\"option_seconds\";s:7:\"is_true\";s:3:\"yes\";}', 2),
(195, 579, 'a:3:{s:4:\"text\";s:24:\"Strong Question Language\";s:5:\"value\";s:12:\"option_third\";s:7:\"is_true\";s:2:\"no\";}', 3),
(196, 580, 'a:3:{s:4:\"text\";s:7:\"EXTRACT\";s:5:\"value\";s:12:\"option_first\";s:7:\"is_true\";s:2:\"no\";}', 1),
(197, 580, 'a:3:{s:4:\"text\";s:3:\"GET\";s:5:\"value\";s:14:\"option_seconds\";s:7:\"is_true\";s:2:\"no\";}', 2),
(198, 580, 'a:3:{s:4:\"text\";s:6:\"SELECT\";s:5:\"value\";s:12:\"option_third\";s:7:\"is_true\";s:3:\"yes\";}', 3),
(199, 585, 'a:3:{s:4:\"text\";s:10:\"ADD RECORD\";s:5:\"value\";s:12:\"option_first\";s:7:\"is_true\";s:2:\"no\";}', 1),
(200, 585, 'a:3:{s:4:\"text\";s:10:\"INSERT NEW\";s:5:\"value\";s:14:\"option_seconds\";s:7:\"is_true\";s:2:\"no\";}', 2),
(201, 585, 'a:3:{s:4:\"text\";s:11:\"INSERT INTO\";s:5:\"value\";s:12:\"option_third\";s:7:\"is_true\";s:3:\"yes\";}', 3),
(202, 586, 'a:3:{s:4:\"text\";s:8:\"COLLAPSE\";s:5:\"value\";s:12:\"option_first\";s:7:\"is_true\";s:2:\"no\";}', 1),
(203, 586, 'a:3:{s:4:\"text\";s:6:\"DELETE\";s:5:\"value\";s:14:\"option_seconds\";s:7:\"is_true\";s:3:\"yes\";}', 2),
(204, 586, 'a:3:{s:4:\"text\";s:6:\"REMOVE\";s:5:\"value\";s:12:\"option_third\";s:7:\"is_true\";s:2:\"no\";}', 3),
(205, 587, 'a:3:{s:4:\"text\";s:6:\"MODIFY\";s:5:\"value\";s:12:\"option_first\";s:7:\"is_true\";s:2:\"no\";}', 1),
(206, 587, 'a:3:{s:4:\"text\";s:7:\"SAVE AS\";s:5:\"value\";s:14:\"option_seconds\";s:7:\"is_true\";s:2:\"no\";}', 2),
(207, 587, 'a:3:{s:4:\"text\";s:6:\"UPDATE\";s:5:\"value\";s:12:\"option_third\";s:7:\"is_true\";s:3:\"yes\";}', 3),
(208, 599, 'a:3:{s:4:\"text\";s:10:\"Perl and C\";s:5:\"value\";s:12:\"option_first\";s:7:\"is_true\";s:3:\"yes\";}', 1),
(209, 599, 'a:3:{s:4:\"text\";s:8:\"VBScript\";s:5:\"value\";s:14:\"option_seconds\";s:7:\"is_true\";s:2:\"no\";}', 2),
(210, 599, 'a:3:{s:4:\"text\";s:10:\"JavaScript\";s:5:\"value\";s:12:\"option_third\";s:7:\"is_true\";s:2:\"no\";}', 3),
(211, 600, 'a:3:{s:4:\"text\";s:4:\"True\";s:5:\"value\";s:4:\"true\";s:7:\"is_true\";s:3:\"yes\";}', 1),
(212, 600, 'a:3:{s:4:\"text\";s:5:\"False\";s:5:\"value\";s:5:\"false\";s:7:\"is_true\";s:2:\"no\";}', 2),
(213, 601, 'a:3:{s:4:\"text\";s:4:\"True\";s:5:\"value\";s:4:\"true\";s:7:\"is_true\";s:3:\"yes\";}', 1),
(214, 601, 'a:3:{s:4:\"text\";s:5:\"False\";s:5:\"value\";s:5:\"false\";s:7:\"is_true\";s:2:\"no\";}', 2),
(215, 603, 'a:3:{s:4:\"text\";s:22:\"Hypertext Preprocessor\";s:5:\"value\";s:12:\"option_first\";s:7:\"is_true\";s:3:\"yes\";}', 1),
(216, 603, 'a:3:{s:4:\"text\";s:17:\"Private Home Page\";s:5:\"value\";s:14:\"option_seconds\";s:7:\"is_true\";s:2:\"no\";}', 2),
(217, 603, 'a:3:{s:4:\"text\";s:28:\"Personal Hypertext Processor\";s:5:\"value\";s:12:\"option_third\";s:7:\"is_true\";s:2:\"no\";}', 3),
(218, 604, 'a:3:{s:4:\"text\";s:28:\"Structured Question Language\";s:5:\"value\";s:12:\"option_first\";s:7:\"is_true\";s:2:\"no\";}', 1),
(219, 604, 'a:3:{s:4:\"text\";s:25:\"Structured Query Language\";s:5:\"value\";s:14:\"option_seconds\";s:7:\"is_true\";s:3:\"yes\";}', 2),
(220, 604, 'a:3:{s:4:\"text\";s:24:\"Strong Question Language\";s:5:\"value\";s:12:\"option_third\";s:7:\"is_true\";s:2:\"no\";}', 3),
(221, 605, 'a:3:{s:4:\"text\";s:7:\"EXTRACT\";s:5:\"value\";s:12:\"option_first\";s:7:\"is_true\";s:2:\"no\";}', 1),
(222, 605, 'a:3:{s:4:\"text\";s:3:\"GET\";s:5:\"value\";s:14:\"option_seconds\";s:7:\"is_true\";s:2:\"no\";}', 2),
(223, 605, 'a:3:{s:4:\"text\";s:6:\"SELECT\";s:5:\"value\";s:12:\"option_third\";s:7:\"is_true\";s:3:\"yes\";}', 3),
(224, 610, 'a:3:{s:4:\"text\";s:10:\"ADD RECORD\";s:5:\"value\";s:12:\"option_first\";s:7:\"is_true\";s:2:\"no\";}', 1),
(225, 610, 'a:3:{s:4:\"text\";s:10:\"INSERT NEW\";s:5:\"value\";s:14:\"option_seconds\";s:7:\"is_true\";s:2:\"no\";}', 2),
(226, 610, 'a:3:{s:4:\"text\";s:11:\"INSERT INTO\";s:5:\"value\";s:12:\"option_third\";s:7:\"is_true\";s:3:\"yes\";}', 3),
(227, 611, 'a:3:{s:4:\"text\";s:8:\"COLLAPSE\";s:5:\"value\";s:12:\"option_first\";s:7:\"is_true\";s:2:\"no\";}', 1),
(228, 611, 'a:3:{s:4:\"text\";s:6:\"DELETE\";s:5:\"value\";s:14:\"option_seconds\";s:7:\"is_true\";s:3:\"yes\";}', 2),
(229, 611, 'a:3:{s:4:\"text\";s:6:\"REMOVE\";s:5:\"value\";s:12:\"option_third\";s:7:\"is_true\";s:2:\"no\";}', 3),
(230, 612, 'a:3:{s:4:\"text\";s:6:\"MODIFY\";s:5:\"value\";s:12:\"option_first\";s:7:\"is_true\";s:2:\"no\";}', 1),
(231, 612, 'a:3:{s:4:\"text\";s:7:\"SAVE AS\";s:5:\"value\";s:14:\"option_seconds\";s:7:\"is_true\";s:2:\"no\";}', 2),
(232, 612, 'a:3:{s:4:\"text\";s:6:\"UPDATE\";s:5:\"value\";s:12:\"option_third\";s:7:\"is_true\";s:3:\"yes\";}', 3),
(233, 624, 'a:3:{s:4:\"text\";s:10:\"Perl and C\";s:5:\"value\";s:12:\"option_first\";s:7:\"is_true\";s:3:\"yes\";}', 1),
(234, 624, 'a:3:{s:4:\"text\";s:8:\"VBScript\";s:5:\"value\";s:14:\"option_seconds\";s:7:\"is_true\";s:2:\"no\";}', 2),
(235, 624, 'a:3:{s:4:\"text\";s:10:\"JavaScript\";s:5:\"value\";s:12:\"option_third\";s:7:\"is_true\";s:2:\"no\";}', 3),
(236, 625, 'a:3:{s:4:\"text\";s:4:\"True\";s:5:\"value\";s:4:\"true\";s:7:\"is_true\";s:3:\"yes\";}', 1),
(237, 625, 'a:3:{s:4:\"text\";s:5:\"False\";s:5:\"value\";s:5:\"false\";s:7:\"is_true\";s:2:\"no\";}', 2),
(238, 626, 'a:3:{s:4:\"text\";s:4:\"True\";s:5:\"value\";s:4:\"true\";s:7:\"is_true\";s:3:\"yes\";}', 1),
(239, 626, 'a:3:{s:4:\"text\";s:5:\"False\";s:5:\"value\";s:5:\"false\";s:7:\"is_true\";s:2:\"no\";}', 2),
(240, 628, 'a:3:{s:4:\"text\";s:22:\"Hypertext Preprocessor\";s:5:\"value\";s:12:\"option_first\";s:7:\"is_true\";s:3:\"yes\";}', 1),
(241, 628, 'a:3:{s:4:\"text\";s:17:\"Private Home Page\";s:5:\"value\";s:14:\"option_seconds\";s:7:\"is_true\";s:2:\"no\";}', 2),
(242, 628, 'a:3:{s:4:\"text\";s:28:\"Personal Hypertext Processor\";s:5:\"value\";s:12:\"option_third\";s:7:\"is_true\";s:2:\"no\";}', 3),
(243, 629, 'a:3:{s:4:\"text\";s:28:\"Structured Question Language\";s:5:\"value\";s:12:\"option_first\";s:7:\"is_true\";s:2:\"no\";}', 1),
(244, 629, 'a:3:{s:4:\"text\";s:25:\"Structured Query Language\";s:5:\"value\";s:14:\"option_seconds\";s:7:\"is_true\";s:3:\"yes\";}', 2),
(245, 629, 'a:3:{s:4:\"text\";s:24:\"Strong Question Language\";s:5:\"value\";s:12:\"option_third\";s:7:\"is_true\";s:2:\"no\";}', 3),
(246, 630, 'a:3:{s:4:\"text\";s:7:\"EXTRACT\";s:5:\"value\";s:12:\"option_first\";s:7:\"is_true\";s:2:\"no\";}', 1),
(247, 630, 'a:3:{s:4:\"text\";s:3:\"GET\";s:5:\"value\";s:14:\"option_seconds\";s:7:\"is_true\";s:2:\"no\";}', 2),
(248, 630, 'a:3:{s:4:\"text\";s:6:\"SELECT\";s:5:\"value\";s:12:\"option_third\";s:7:\"is_true\";s:3:\"yes\";}', 3),
(249, 635, 'a:3:{s:4:\"text\";s:10:\"ADD RECORD\";s:5:\"value\";s:12:\"option_first\";s:7:\"is_true\";s:2:\"no\";}', 1),
(250, 635, 'a:3:{s:4:\"text\";s:10:\"INSERT NEW\";s:5:\"value\";s:14:\"option_seconds\";s:7:\"is_true\";s:2:\"no\";}', 2),
(251, 635, 'a:3:{s:4:\"text\";s:11:\"INSERT INTO\";s:5:\"value\";s:12:\"option_third\";s:7:\"is_true\";s:3:\"yes\";}', 3),
(252, 636, 'a:3:{s:4:\"text\";s:8:\"COLLAPSE\";s:5:\"value\";s:12:\"option_first\";s:7:\"is_true\";s:2:\"no\";}', 1),
(253, 636, 'a:3:{s:4:\"text\";s:6:\"DELETE\";s:5:\"value\";s:14:\"option_seconds\";s:7:\"is_true\";s:3:\"yes\";}', 2),
(254, 636, 'a:3:{s:4:\"text\";s:6:\"REMOVE\";s:5:\"value\";s:12:\"option_third\";s:7:\"is_true\";s:2:\"no\";}', 3),
(255, 637, 'a:3:{s:4:\"text\";s:6:\"MODIFY\";s:5:\"value\";s:12:\"option_first\";s:7:\"is_true\";s:2:\"no\";}', 1),
(256, 637, 'a:3:{s:4:\"text\";s:7:\"SAVE AS\";s:5:\"value\";s:14:\"option_seconds\";s:7:\"is_true\";s:2:\"no\";}', 2),
(257, 637, 'a:3:{s:4:\"text\";s:6:\"UPDATE\";s:5:\"value\";s:12:\"option_third\";s:7:\"is_true\";s:3:\"yes\";}', 3),
(258, 649, 'a:3:{s:4:\"text\";s:10:\"Perl and C\";s:5:\"value\";s:12:\"option_first\";s:7:\"is_true\";s:3:\"yes\";}', 1),
(259, 649, 'a:3:{s:4:\"text\";s:8:\"VBScript\";s:5:\"value\";s:14:\"option_seconds\";s:7:\"is_true\";s:2:\"no\";}', 2),
(260, 649, 'a:3:{s:4:\"text\";s:10:\"JavaScript\";s:5:\"value\";s:12:\"option_third\";s:7:\"is_true\";s:2:\"no\";}', 3),
(261, 650, 'a:3:{s:4:\"text\";s:4:\"True\";s:5:\"value\";s:4:\"true\";s:7:\"is_true\";s:3:\"yes\";}', 1),
(262, 650, 'a:3:{s:4:\"text\";s:5:\"False\";s:5:\"value\";s:5:\"false\";s:7:\"is_true\";s:2:\"no\";}', 2),
(263, 651, 'a:3:{s:4:\"text\";s:4:\"True\";s:5:\"value\";s:4:\"true\";s:7:\"is_true\";s:3:\"yes\";}', 1),
(264, 651, 'a:3:{s:4:\"text\";s:5:\"False\";s:5:\"value\";s:5:\"false\";s:7:\"is_true\";s:2:\"no\";}', 2),
(265, 653, 'a:3:{s:4:\"text\";s:22:\"Hypertext Preprocessor\";s:5:\"value\";s:12:\"option_first\";s:7:\"is_true\";s:3:\"yes\";}', 1),
(266, 653, 'a:3:{s:4:\"text\";s:17:\"Private Home Page\";s:5:\"value\";s:14:\"option_seconds\";s:7:\"is_true\";s:2:\"no\";}', 2),
(267, 653, 'a:3:{s:4:\"text\";s:28:\"Personal Hypertext Processor\";s:5:\"value\";s:12:\"option_third\";s:7:\"is_true\";s:2:\"no\";}', 3),
(268, 654, 'a:3:{s:4:\"text\";s:28:\"Structured Question Language\";s:5:\"value\";s:12:\"option_first\";s:7:\"is_true\";s:2:\"no\";}', 1),
(269, 654, 'a:3:{s:4:\"text\";s:25:\"Structured Query Language\";s:5:\"value\";s:14:\"option_seconds\";s:7:\"is_true\";s:3:\"yes\";}', 2),
(270, 654, 'a:3:{s:4:\"text\";s:24:\"Strong Question Language\";s:5:\"value\";s:12:\"option_third\";s:7:\"is_true\";s:2:\"no\";}', 3),
(271, 655, 'a:3:{s:4:\"text\";s:7:\"EXTRACT\";s:5:\"value\";s:12:\"option_first\";s:7:\"is_true\";s:2:\"no\";}', 1),
(272, 655, 'a:3:{s:4:\"text\";s:3:\"GET\";s:5:\"value\";s:14:\"option_seconds\";s:7:\"is_true\";s:2:\"no\";}', 2),
(273, 655, 'a:3:{s:4:\"text\";s:6:\"SELECT\";s:5:\"value\";s:12:\"option_third\";s:7:\"is_true\";s:3:\"yes\";}', 3),
(274, 660, 'a:3:{s:4:\"text\";s:10:\"ADD RECORD\";s:5:\"value\";s:12:\"option_first\";s:7:\"is_true\";s:2:\"no\";}', 1),
(275, 660, 'a:3:{s:4:\"text\";s:10:\"INSERT NEW\";s:5:\"value\";s:14:\"option_seconds\";s:7:\"is_true\";s:2:\"no\";}', 2),
(276, 660, 'a:3:{s:4:\"text\";s:11:\"INSERT INTO\";s:5:\"value\";s:12:\"option_third\";s:7:\"is_true\";s:3:\"yes\";}', 3),
(277, 661, 'a:3:{s:4:\"text\";s:8:\"COLLAPSE\";s:5:\"value\";s:12:\"option_first\";s:7:\"is_true\";s:2:\"no\";}', 1),
(278, 661, 'a:3:{s:4:\"text\";s:6:\"DELETE\";s:5:\"value\";s:14:\"option_seconds\";s:7:\"is_true\";s:3:\"yes\";}', 2),
(279, 661, 'a:3:{s:4:\"text\";s:6:\"REMOVE\";s:5:\"value\";s:12:\"option_third\";s:7:\"is_true\";s:2:\"no\";}', 3),
(280, 662, 'a:3:{s:4:\"text\";s:6:\"MODIFY\";s:5:\"value\";s:12:\"option_first\";s:7:\"is_true\";s:2:\"no\";}', 1),
(281, 662, 'a:3:{s:4:\"text\";s:7:\"SAVE AS\";s:5:\"value\";s:14:\"option_seconds\";s:7:\"is_true\";s:2:\"no\";}', 2),
(282, 662, 'a:3:{s:4:\"text\";s:6:\"UPDATE\";s:5:\"value\";s:12:\"option_third\";s:7:\"is_true\";s:3:\"yes\";}', 3),
(283, 674, 'a:3:{s:4:\"text\";s:10:\"Perl and C\";s:5:\"value\";s:12:\"option_first\";s:7:\"is_true\";s:3:\"yes\";}', 1),
(284, 674, 'a:3:{s:4:\"text\";s:8:\"VBScript\";s:5:\"value\";s:14:\"option_seconds\";s:7:\"is_true\";s:2:\"no\";}', 2),
(285, 674, 'a:3:{s:4:\"text\";s:10:\"JavaScript\";s:5:\"value\";s:12:\"option_third\";s:7:\"is_true\";s:2:\"no\";}', 3),
(286, 675, 'a:3:{s:4:\"text\";s:4:\"True\";s:5:\"value\";s:4:\"true\";s:7:\"is_true\";s:3:\"yes\";}', 1),
(287, 675, 'a:3:{s:4:\"text\";s:5:\"False\";s:5:\"value\";s:5:\"false\";s:7:\"is_true\";s:2:\"no\";}', 2),
(288, 676, 'a:3:{s:4:\"text\";s:4:\"True\";s:5:\"value\";s:4:\"true\";s:7:\"is_true\";s:3:\"yes\";}', 1),
(289, 676, 'a:3:{s:4:\"text\";s:5:\"False\";s:5:\"value\";s:5:\"false\";s:7:\"is_true\";s:2:\"no\";}', 2),
(290, 678, 'a:3:{s:4:\"text\";s:22:\"Hypertext Preprocessor\";s:5:\"value\";s:12:\"option_first\";s:7:\"is_true\";s:3:\"yes\";}', 1),
(291, 678, 'a:3:{s:4:\"text\";s:17:\"Private Home Page\";s:5:\"value\";s:14:\"option_seconds\";s:7:\"is_true\";s:2:\"no\";}', 2),
(292, 678, 'a:3:{s:4:\"text\";s:28:\"Personal Hypertext Processor\";s:5:\"value\";s:12:\"option_third\";s:7:\"is_true\";s:2:\"no\";}', 3),
(293, 679, 'a:3:{s:4:\"text\";s:28:\"Structured Question Language\";s:5:\"value\";s:12:\"option_first\";s:7:\"is_true\";s:2:\"no\";}', 1),
(294, 679, 'a:3:{s:4:\"text\";s:25:\"Structured Query Language\";s:5:\"value\";s:14:\"option_seconds\";s:7:\"is_true\";s:3:\"yes\";}', 2),
(295, 679, 'a:3:{s:4:\"text\";s:24:\"Strong Question Language\";s:5:\"value\";s:12:\"option_third\";s:7:\"is_true\";s:2:\"no\";}', 3),
(296, 680, 'a:3:{s:4:\"text\";s:7:\"EXTRACT\";s:5:\"value\";s:12:\"option_first\";s:7:\"is_true\";s:2:\"no\";}', 1),
(297, 680, 'a:3:{s:4:\"text\";s:3:\"GET\";s:5:\"value\";s:14:\"option_seconds\";s:7:\"is_true\";s:2:\"no\";}', 2),
(298, 680, 'a:3:{s:4:\"text\";s:6:\"SELECT\";s:5:\"value\";s:12:\"option_third\";s:7:\"is_true\";s:3:\"yes\";}', 3),
(299, 685, 'a:3:{s:4:\"text\";s:10:\"ADD RECORD\";s:5:\"value\";s:12:\"option_first\";s:7:\"is_true\";s:2:\"no\";}', 1),
(300, 685, 'a:3:{s:4:\"text\";s:10:\"INSERT NEW\";s:5:\"value\";s:14:\"option_seconds\";s:7:\"is_true\";s:2:\"no\";}', 2),
(301, 685, 'a:3:{s:4:\"text\";s:11:\"INSERT INTO\";s:5:\"value\";s:12:\"option_third\";s:7:\"is_true\";s:3:\"yes\";}', 3),
(302, 686, 'a:3:{s:4:\"text\";s:8:\"COLLAPSE\";s:5:\"value\";s:12:\"option_first\";s:7:\"is_true\";s:2:\"no\";}', 1),
(303, 686, 'a:3:{s:4:\"text\";s:6:\"DELETE\";s:5:\"value\";s:14:\"option_seconds\";s:7:\"is_true\";s:3:\"yes\";}', 2),
(304, 686, 'a:3:{s:4:\"text\";s:6:\"REMOVE\";s:5:\"value\";s:12:\"option_third\";s:7:\"is_true\";s:2:\"no\";}', 3),
(305, 687, 'a:3:{s:4:\"text\";s:6:\"MODIFY\";s:5:\"value\";s:12:\"option_first\";s:7:\"is_true\";s:2:\"no\";}', 1),
(306, 687, 'a:3:{s:4:\"text\";s:7:\"SAVE AS\";s:5:\"value\";s:14:\"option_seconds\";s:7:\"is_true\";s:2:\"no\";}', 2),
(307, 687, 'a:3:{s:4:\"text\";s:6:\"UPDATE\";s:5:\"value\";s:12:\"option_third\";s:7:\"is_true\";s:3:\"yes\";}', 3),
(308, 699, 'a:3:{s:4:\"text\";s:10:\"Perl and C\";s:5:\"value\";s:12:\"option_first\";s:7:\"is_true\";s:3:\"yes\";}', 1),
(309, 699, 'a:3:{s:4:\"text\";s:8:\"VBScript\";s:5:\"value\";s:14:\"option_seconds\";s:7:\"is_true\";s:2:\"no\";}', 2),
(310, 699, 'a:3:{s:4:\"text\";s:10:\"JavaScript\";s:5:\"value\";s:12:\"option_third\";s:7:\"is_true\";s:2:\"no\";}', 3),
(311, 700, 'a:3:{s:4:\"text\";s:4:\"True\";s:5:\"value\";s:4:\"true\";s:7:\"is_true\";s:3:\"yes\";}', 1),
(312, 700, 'a:3:{s:4:\"text\";s:5:\"False\";s:5:\"value\";s:5:\"false\";s:7:\"is_true\";s:2:\"no\";}', 2),
(313, 701, 'a:3:{s:4:\"text\";s:4:\"True\";s:5:\"value\";s:4:\"true\";s:7:\"is_true\";s:3:\"yes\";}', 1),
(314, 701, 'a:3:{s:4:\"text\";s:5:\"False\";s:5:\"value\";s:5:\"false\";s:7:\"is_true\";s:2:\"no\";}', 2),
(315, 703, 'a:3:{s:4:\"text\";s:22:\"Hypertext Preprocessor\";s:5:\"value\";s:12:\"option_first\";s:7:\"is_true\";s:3:\"yes\";}', 1),
(316, 703, 'a:3:{s:4:\"text\";s:17:\"Private Home Page\";s:5:\"value\";s:14:\"option_seconds\";s:7:\"is_true\";s:2:\"no\";}', 2),
(317, 703, 'a:3:{s:4:\"text\";s:28:\"Personal Hypertext Processor\";s:5:\"value\";s:12:\"option_third\";s:7:\"is_true\";s:2:\"no\";}', 3),
(318, 704, 'a:3:{s:4:\"text\";s:28:\"Structured Question Language\";s:5:\"value\";s:12:\"option_first\";s:7:\"is_true\";s:2:\"no\";}', 1),
(319, 704, 'a:3:{s:4:\"text\";s:25:\"Structured Query Language\";s:5:\"value\";s:14:\"option_seconds\";s:7:\"is_true\";s:3:\"yes\";}', 2),
(320, 704, 'a:3:{s:4:\"text\";s:24:\"Strong Question Language\";s:5:\"value\";s:12:\"option_third\";s:7:\"is_true\";s:2:\"no\";}', 3),
(321, 705, 'a:3:{s:4:\"text\";s:7:\"EXTRACT\";s:5:\"value\";s:12:\"option_first\";s:7:\"is_true\";s:2:\"no\";}', 1),
(322, 705, 'a:3:{s:4:\"text\";s:3:\"GET\";s:5:\"value\";s:14:\"option_seconds\";s:7:\"is_true\";s:2:\"no\";}', 2),
(323, 705, 'a:3:{s:4:\"text\";s:6:\"SELECT\";s:5:\"value\";s:12:\"option_third\";s:7:\"is_true\";s:3:\"yes\";}', 3),
(324, 710, 'a:3:{s:4:\"text\";s:10:\"ADD RECORD\";s:5:\"value\";s:12:\"option_first\";s:7:\"is_true\";s:2:\"no\";}', 1),
(325, 710, 'a:3:{s:4:\"text\";s:10:\"INSERT NEW\";s:5:\"value\";s:14:\"option_seconds\";s:7:\"is_true\";s:2:\"no\";}', 2),
(326, 710, 'a:3:{s:4:\"text\";s:11:\"INSERT INTO\";s:5:\"value\";s:12:\"option_third\";s:7:\"is_true\";s:3:\"yes\";}', 3),
(327, 711, 'a:3:{s:4:\"text\";s:8:\"COLLAPSE\";s:5:\"value\";s:12:\"option_first\";s:7:\"is_true\";s:2:\"no\";}', 1),
(328, 711, 'a:3:{s:4:\"text\";s:6:\"DELETE\";s:5:\"value\";s:14:\"option_seconds\";s:7:\"is_true\";s:3:\"yes\";}', 2),
(329, 711, 'a:3:{s:4:\"text\";s:6:\"REMOVE\";s:5:\"value\";s:12:\"option_third\";s:7:\"is_true\";s:2:\"no\";}', 3),
(330, 712, 'a:3:{s:4:\"text\";s:6:\"MODIFY\";s:5:\"value\";s:12:\"option_first\";s:7:\"is_true\";s:2:\"no\";}', 1),
(331, 712, 'a:3:{s:4:\"text\";s:7:\"SAVE AS\";s:5:\"value\";s:14:\"option_seconds\";s:7:\"is_true\";s:2:\"no\";}', 2),
(332, 712, 'a:3:{s:4:\"text\";s:6:\"UPDATE\";s:5:\"value\";s:12:\"option_third\";s:7:\"is_true\";s:3:\"yes\";}', 3),
(333, 724, 'a:3:{s:4:\"text\";s:10:\"Perl and C\";s:5:\"value\";s:12:\"option_first\";s:7:\"is_true\";s:3:\"yes\";}', 1),
(334, 724, 'a:3:{s:4:\"text\";s:8:\"VBScript\";s:5:\"value\";s:14:\"option_seconds\";s:7:\"is_true\";s:2:\"no\";}', 2),
(335, 724, 'a:3:{s:4:\"text\";s:10:\"JavaScript\";s:5:\"value\";s:12:\"option_third\";s:7:\"is_true\";s:2:\"no\";}', 3),
(336, 725, 'a:3:{s:4:\"text\";s:4:\"True\";s:5:\"value\";s:4:\"true\";s:7:\"is_true\";s:3:\"yes\";}', 1),
(337, 725, 'a:3:{s:4:\"text\";s:5:\"False\";s:5:\"value\";s:5:\"false\";s:7:\"is_true\";s:2:\"no\";}', 2),
(338, 726, 'a:3:{s:4:\"text\";s:4:\"True\";s:5:\"value\";s:4:\"true\";s:7:\"is_true\";s:3:\"yes\";}', 1),
(339, 726, 'a:3:{s:4:\"text\";s:5:\"False\";s:5:\"value\";s:5:\"false\";s:7:\"is_true\";s:2:\"no\";}', 2),
(340, 728, 'a:3:{s:4:\"text\";s:22:\"Hypertext Preprocessor\";s:5:\"value\";s:12:\"option_first\";s:7:\"is_true\";s:3:\"yes\";}', 1),
(341, 728, 'a:3:{s:4:\"text\";s:17:\"Private Home Page\";s:5:\"value\";s:14:\"option_seconds\";s:7:\"is_true\";s:2:\"no\";}', 2),
(342, 728, 'a:3:{s:4:\"text\";s:28:\"Personal Hypertext Processor\";s:5:\"value\";s:12:\"option_third\";s:7:\"is_true\";s:2:\"no\";}', 3),
(343, 729, 'a:3:{s:4:\"text\";s:28:\"Structured Question Language\";s:5:\"value\";s:12:\"option_first\";s:7:\"is_true\";s:2:\"no\";}', 1),
(344, 729, 'a:3:{s:4:\"text\";s:25:\"Structured Query Language\";s:5:\"value\";s:14:\"option_seconds\";s:7:\"is_true\";s:3:\"yes\";}', 2),
(345, 729, 'a:3:{s:4:\"text\";s:24:\"Strong Question Language\";s:5:\"value\";s:12:\"option_third\";s:7:\"is_true\";s:2:\"no\";}', 3),
(346, 730, 'a:3:{s:4:\"text\";s:7:\"EXTRACT\";s:5:\"value\";s:12:\"option_first\";s:7:\"is_true\";s:2:\"no\";}', 1),
(347, 730, 'a:3:{s:4:\"text\";s:3:\"GET\";s:5:\"value\";s:14:\"option_seconds\";s:7:\"is_true\";s:2:\"no\";}', 2),
(348, 730, 'a:3:{s:4:\"text\";s:6:\"SELECT\";s:5:\"value\";s:12:\"option_third\";s:7:\"is_true\";s:3:\"yes\";}', 3),
(349, 735, 'a:3:{s:4:\"text\";s:10:\"ADD RECORD\";s:5:\"value\";s:12:\"option_first\";s:7:\"is_true\";s:2:\"no\";}', 1),
(350, 735, 'a:3:{s:4:\"text\";s:10:\"INSERT NEW\";s:5:\"value\";s:14:\"option_seconds\";s:7:\"is_true\";s:2:\"no\";}', 2),
(351, 735, 'a:3:{s:4:\"text\";s:11:\"INSERT INTO\";s:5:\"value\";s:12:\"option_third\";s:7:\"is_true\";s:3:\"yes\";}', 3),
(352, 736, 'a:3:{s:4:\"text\";s:8:\"COLLAPSE\";s:5:\"value\";s:12:\"option_first\";s:7:\"is_true\";s:2:\"no\";}', 1),
(353, 736, 'a:3:{s:4:\"text\";s:6:\"DELETE\";s:5:\"value\";s:14:\"option_seconds\";s:7:\"is_true\";s:3:\"yes\";}', 2),
(354, 736, 'a:3:{s:4:\"text\";s:6:\"REMOVE\";s:5:\"value\";s:12:\"option_third\";s:7:\"is_true\";s:2:\"no\";}', 3),
(355, 737, 'a:3:{s:4:\"text\";s:6:\"MODIFY\";s:5:\"value\";s:12:\"option_first\";s:7:\"is_true\";s:2:\"no\";}', 1),
(356, 737, 'a:3:{s:4:\"text\";s:7:\"SAVE AS\";s:5:\"value\";s:14:\"option_seconds\";s:7:\"is_true\";s:2:\"no\";}', 2),
(357, 737, 'a:3:{s:4:\"text\";s:6:\"UPDATE\";s:5:\"value\";s:12:\"option_third\";s:7:\"is_true\";s:3:\"yes\";}', 3),
(358, 749, 'a:3:{s:4:\"text\";s:10:\"Perl and C\";s:5:\"value\";s:12:\"option_first\";s:7:\"is_true\";s:3:\"yes\";}', 1),
(359, 749, 'a:3:{s:4:\"text\";s:8:\"VBScript\";s:5:\"value\";s:14:\"option_seconds\";s:7:\"is_true\";s:2:\"no\";}', 2),
(360, 749, 'a:3:{s:4:\"text\";s:10:\"JavaScript\";s:5:\"value\";s:12:\"option_third\";s:7:\"is_true\";s:2:\"no\";}', 3),
(361, 750, 'a:3:{s:4:\"text\";s:4:\"True\";s:5:\"value\";s:4:\"true\";s:7:\"is_true\";s:3:\"yes\";}', 1),
(362, 750, 'a:3:{s:4:\"text\";s:5:\"False\";s:5:\"value\";s:5:\"false\";s:7:\"is_true\";s:2:\"no\";}', 2),
(363, 751, 'a:3:{s:4:\"text\";s:4:\"True\";s:5:\"value\";s:4:\"true\";s:7:\"is_true\";s:3:\"yes\";}', 1),
(364, 751, 'a:3:{s:4:\"text\";s:5:\"False\";s:5:\"value\";s:5:\"false\";s:7:\"is_true\";s:2:\"no\";}', 2),
(365, 753, 'a:3:{s:4:\"text\";s:22:\"Hypertext Preprocessor\";s:5:\"value\";s:12:\"option_first\";s:7:\"is_true\";s:3:\"yes\";}', 1),
(366, 753, 'a:3:{s:4:\"text\";s:17:\"Private Home Page\";s:5:\"value\";s:14:\"option_seconds\";s:7:\"is_true\";s:2:\"no\";}', 2),
(367, 753, 'a:3:{s:4:\"text\";s:28:\"Personal Hypertext Processor\";s:5:\"value\";s:12:\"option_third\";s:7:\"is_true\";s:2:\"no\";}', 3),
(368, 754, 'a:3:{s:4:\"text\";s:28:\"Structured Question Language\";s:5:\"value\";s:12:\"option_first\";s:7:\"is_true\";s:2:\"no\";}', 1),
(369, 754, 'a:3:{s:4:\"text\";s:25:\"Structured Query Language\";s:5:\"value\";s:14:\"option_seconds\";s:7:\"is_true\";s:3:\"yes\";}', 2),
(370, 754, 'a:3:{s:4:\"text\";s:24:\"Strong Question Language\";s:5:\"value\";s:12:\"option_third\";s:7:\"is_true\";s:2:\"no\";}', 3),
(371, 755, 'a:3:{s:4:\"text\";s:7:\"EXTRACT\";s:5:\"value\";s:12:\"option_first\";s:7:\"is_true\";s:2:\"no\";}', 1),
(372, 755, 'a:3:{s:4:\"text\";s:3:\"GET\";s:5:\"value\";s:14:\"option_seconds\";s:7:\"is_true\";s:2:\"no\";}', 2),
(373, 755, 'a:3:{s:4:\"text\";s:6:\"SELECT\";s:5:\"value\";s:12:\"option_third\";s:7:\"is_true\";s:3:\"yes\";}', 3),
(374, 760, 'a:3:{s:4:\"text\";s:10:\"ADD RECORD\";s:5:\"value\";s:12:\"option_first\";s:7:\"is_true\";s:2:\"no\";}', 1),
(375, 760, 'a:3:{s:4:\"text\";s:10:\"INSERT NEW\";s:5:\"value\";s:14:\"option_seconds\";s:7:\"is_true\";s:2:\"no\";}', 2),
(376, 760, 'a:3:{s:4:\"text\";s:11:\"INSERT INTO\";s:5:\"value\";s:12:\"option_third\";s:7:\"is_true\";s:3:\"yes\";}', 3),
(377, 761, 'a:3:{s:4:\"text\";s:8:\"COLLAPSE\";s:5:\"value\";s:12:\"option_first\";s:7:\"is_true\";s:2:\"no\";}', 1),
(378, 761, 'a:3:{s:4:\"text\";s:6:\"DELETE\";s:5:\"value\";s:14:\"option_seconds\";s:7:\"is_true\";s:3:\"yes\";}', 2),
(379, 761, 'a:3:{s:4:\"text\";s:6:\"REMOVE\";s:5:\"value\";s:12:\"option_third\";s:7:\"is_true\";s:2:\"no\";}', 3),
(380, 762, 'a:3:{s:4:\"text\";s:6:\"MODIFY\";s:5:\"value\";s:12:\"option_first\";s:7:\"is_true\";s:2:\"no\";}', 1),
(381, 762, 'a:3:{s:4:\"text\";s:7:\"SAVE AS\";s:5:\"value\";s:14:\"option_seconds\";s:7:\"is_true\";s:2:\"no\";}', 2),
(382, 762, 'a:3:{s:4:\"text\";s:6:\"UPDATE\";s:5:\"value\";s:12:\"option_third\";s:7:\"is_true\";s:3:\"yes\";}', 3);

-- --------------------------------------------------------

--
-- Table structure for table `wp_learnpress_quiz_questions`
--

CREATE TABLE `wp_learnpress_quiz_questions` (
  `quiz_question_id` bigint(20) UNSIGNED NOT NULL,
  `quiz_id` bigint(20) UNSIGNED NOT NULL DEFAULT 0,
  `question_id` bigint(20) UNSIGNED NOT NULL DEFAULT 0,
  `question_order` bigint(20) UNSIGNED NOT NULL DEFAULT 1,
  `params` longtext DEFAULT NULL
) ENGINE=InnoDB DEFAULT CHARSET=utf8mb4 COLLATE=utf8mb4_unicode_ci;

--
-- Dumping data for table `wp_learnpress_quiz_questions`
--

INSERT INTO `wp_learnpress_quiz_questions` (`quiz_question_id`, `quiz_id`, `question_id`, `question_order`, `params`) VALUES
(10, 198, 196, 1, ''),
(11, 198, 194, 2, ''),
(12, 198, 192, 3, ''),
(13, 186, 172, 1, ''),
(14, 186, 188, 2, ''),
(15, 186, 190, 3, ''),
(16, 170, 176, 1, ''),
(17, 170, 184, 2, ''),
(18, 170, 178, 3, ''),
(19, 523, 524, 1, ''),
(20, 523, 525, 2, ''),
(21, 523, 526, 3, ''),
(22, 527, 528, 1, ''),
(23, 527, 529, 2, ''),
(24, 527, 530, 3, ''),
(25, 534, 535, 1, ''),
(26, 534, 536, 2, ''),
(27, 534, 537, 3, ''),
(28, 548, 549, 1, ''),
(29, 548, 550, 2, ''),
(30, 548, 551, 3, ''),
(31, 552, 553, 1, ''),
(32, 552, 554, 2, ''),
(33, 552, 555, 3, ''),
(34, 559, 560, 1, ''),
(35, 559, 561, 2, ''),
(36, 559, 562, 3, ''),
(37, 573, 574, 1, ''),
(38, 573, 575, 2, ''),
(39, 573, 576, 3, ''),
(40, 577, 578, 1, ''),
(41, 577, 579, 2, ''),
(42, 577, 580, 3, ''),
(43, 584, 585, 1, ''),
(44, 584, 586, 2, ''),
(45, 584, 587, 3, ''),
(46, 598, 599, 1, ''),
(47, 598, 600, 2, ''),
(48, 598, 601, 3, ''),
(49, 602, 603, 1, ''),
(50, 602, 604, 2, ''),
(51, 602, 605, 3, ''),
(52, 609, 610, 1, ''),
(53, 609, 611, 2, ''),
(54, 609, 612, 3, ''),
(55, 623, 624, 1, ''),
(56, 623, 625, 2, ''),
(57, 623, 626, 3, ''),
(58, 627, 628, 1, ''),
(59, 627, 629, 2, ''),
(60, 627, 630, 3, ''),
(61, 634, 635, 1, ''),
(62, 634, 636, 2, ''),
(63, 634, 637, 3, ''),
(64, 648, 649, 1, ''),
(65, 648, 650, 2, ''),
(66, 648, 651, 3, ''),
(67, 652, 653, 1, ''),
(68, 652, 654, 2, ''),
(69, 652, 655, 3, ''),
(70, 659, 660, 1, ''),
(71, 659, 661, 2, ''),
(72, 659, 662, 3, ''),
(73, 673, 674, 1, ''),
(74, 673, 675, 2, ''),
(75, 673, 676, 3, ''),
(76, 677, 678, 1, ''),
(77, 677, 679, 2, ''),
(78, 677, 680, 3, ''),
(79, 684, 685, 1, ''),
(80, 684, 686, 2, ''),
(81, 684, 687, 3, ''),
(82, 698, 699, 1, ''),
(83, 698, 700, 2, ''),
(84, 698, 701, 3, ''),
(85, 702, 703, 1, ''),
(86, 702, 704, 2, ''),
(87, 702, 705, 3, ''),
(88, 709, 710, 1, ''),
(89, 709, 711, 2, ''),
(90, 709, 712, 3, ''),
(91, 723, 724, 1, ''),
(92, 723, 725, 2, ''),
(93, 723, 726, 3, ''),
(94, 727, 728, 1, ''),
(95, 727, 729, 2, ''),
(96, 727, 730, 3, ''),
(97, 734, 735, 1, ''),
(98, 734, 736, 2, ''),
(99, 734, 737, 3, ''),
(100, 748, 749, 1, ''),
(101, 748, 750, 2, ''),
(102, 748, 751, 3, ''),
(103, 752, 753, 1, ''),
(104, 752, 754, 2, ''),
(105, 752, 755, 3, ''),
(106, 759, 760, 1, ''),
(107, 759, 761, 2, ''),
(108, 759, 762, 3, '');

-- --------------------------------------------------------

--
-- Table structure for table `wp_learnpress_review_logs`
--

CREATE TABLE `wp_learnpress_review_logs` (
  `review_log_id` bigint(20) UNSIGNED NOT NULL,
  `course_id` bigint(20) UNSIGNED NOT NULL DEFAULT 0,
  `user_id` bigint(20) UNSIGNED NOT NULL DEFAULT 0,
  `message` text NOT NULL,
  `date` datetime NOT NULL DEFAULT '0000-00-00 00:00:00',
  `status` varchar(45) NOT NULL DEFAULT '',
  `user_type` varchar(45) NOT NULL DEFAULT ''
) ENGINE=InnoDB DEFAULT CHARSET=utf8mb4 COLLATE=utf8mb4_unicode_ci;

--
-- Dumping data for table `wp_learnpress_review_logs`
--

INSERT INTO `wp_learnpress_review_logs` (`review_log_id`, `course_id`, `user_id`, `message`, `date`, `status`, `user_type`) VALUES
(1, 200, 1, 'Course has approved by Reviewer', '2017-10-16 09:31:01', 'publish', 'reviewer'),
(2, 232, 1, 'Course has rejected by Reviewer', '2017-10-17 05:48:52', 'draft', 'reviewer'),
(3, 232, 1, 'Course has rejected by Reviewer', '2017-10-17 05:51:27', 'trash', 'reviewer'),
(4, 299, 1, 'Course has approved by Reviewer', '2017-10-17 06:01:28', 'publish', 'reviewer'),
(5, 407, 1, 'Course has approved by Reviewer', '2017-10-17 06:24:08', 'publish', 'reviewer'),
(6, 435, 1, 'Course has approved by Reviewer', '2017-10-17 06:27:47', 'publish', 'reviewer'),
(7, 515, 1, 'Course has approved by Reviewer', '2017-10-17 06:40:53', 'publish', 'reviewer'),
(8, 540, 1, 'Course has approved by Reviewer', '2017-10-17 06:43:08', 'publish', 'reviewer'),
(9, 565, 1, 'Course has approved by Reviewer', '2017-10-17 06:44:35', 'publish', 'reviewer'),
(10, 590, 1, 'Course has approved by Reviewer', '2017-10-17 06:46:01', 'publish', 'reviewer'),
(11, 615, 1, 'Course has approved by Reviewer', '2017-10-17 06:47:32', 'publish', 'reviewer'),
(12, 640, 1, 'Course has approved by Reviewer', '2017-10-17 06:49:03', 'publish', 'reviewer'),
(13, 665, 1, 'Course has approved by Reviewer', '2017-10-17 06:50:28', 'publish', 'reviewer'),
(14, 690, 1, 'Course has approved by Reviewer', '2017-10-17 06:51:45', 'publish', 'reviewer'),
(15, 715, 1, 'Course has approved by Reviewer', '2017-10-17 06:53:41', 'publish', 'reviewer'),
(16, 740, 1, 'Course has approved by Reviewer', '2017-10-17 06:55:01', 'publish', 'reviewer');

-- --------------------------------------------------------

--
-- Table structure for table `wp_learnpress_sections`
--

CREATE TABLE `wp_learnpress_sections` (
  `section_id` bigint(20) UNSIGNED NOT NULL,
  `section_name` varchar(255) NOT NULL DEFAULT '',
  `section_course_id` bigint(20) UNSIGNED NOT NULL DEFAULT 0,
  `section_order` bigint(5) UNSIGNED NOT NULL DEFAULT 0,
  `section_description` longtext NOT NULL
) ENGINE=InnoDB DEFAULT CHARSET=utf8mb4 COLLATE=utf8mb4_unicode_ci;

--
-- Dumping data for table `wp_learnpress_sections`
--

INSERT INTO `wp_learnpress_sections` (`section_id`, `section_name`, `section_course_id`, `section_order`, `section_description`) VALUES
(53, 'Overview', 690, 1, 'In this section we\'ll show you how this course has been structured and how to get the most out of it. We\'ll also show you how to solve the exercises and submit quizzes.'),
(54, 'Basics', 690, 2, 'In this section you\'ll learn some basic concepts of programming languages and how to use them. You\'ll also learn how to write clean code using different code editors and tools.'),
(55, 'Advanced', 690, 3, 'In this section you\'ll learn some core concepts of Object Oriented Programming. You\'ll also learn how to structure the data, debug and handling exceptions.'),
(56, 'Conclusion', 690, 4, 'Lorem Ipsum is simply dummy text of the printing and typesetting industry. Lorem Ipsum has been the industry’s standard dummy text ever since the 1500s, when an unknown printer took a galley of type.'),
(57, 'Overview', 715, 1, 'In this section we\'ll show you how this course has been structured and how to get the most out of it. We\'ll also show you how to solve the exercises and submit quizzes.'),
(58, 'Basics', 715, 2, 'In this section you\'ll learn some basic concepts of programming languages and how to use them. You\'ll also learn how to write clean code using different code editors and tools.'),
(59, 'Advanced', 715, 3, 'In this section you\'ll learn some core concepts of Object Oriented Programming. You\'ll also learn how to structure the data, debug and handling exceptions.'),
(60, 'Conclusion', 715, 4, 'Lorem Ipsum is simply dummy text of the printing and typesetting industry. Lorem Ipsum has been the industry’s standard dummy text ever since the 1500s, when an unknown printer took a galley of type.'),
(77, 'Overview', 590, 1, 'In this section we\'ll show you how this course has been structured and how to get the most out of it. We\'ll also show you how to solve the exercises and submit quizzes.'),
(78, 'Basics', 590, 2, 'In this section you\'ll learn some basic concepts of programming languages and how to use them. You\'ll also learn how to write clean code using different code editors and tools.'),
(79, 'Advanced', 590, 3, 'In this section you\'ll learn some core concepts of Object Oriented Programming. You\'ll also learn how to structure the data, debug and handling exceptions.'),
(80, 'Conclusion', 590, 4, 'Lorem Ipsum is simply dummy text of the printing and typesetting industry. Lorem Ipsum has been the industry’s standard dummy text ever since the 1500s, when an unknown printer took a galley of type.'),
(81, 'Overview', 615, 1, 'In this section we\'ll show you how this course has been structured and how to get the most out of it. We\'ll also show you how to solve the exercises and submit quizzes.'),
(82, 'Basics', 615, 2, 'In this section you\'ll learn some basic concepts of programming languages and how to use them. You\'ll also learn how to write clean code using different code editors and tools.'),
(83, 'Advanced', 615, 3, 'In this section you\'ll learn some core concepts of Object Oriented Programming. You\'ll also learn how to structure the data, debug and handling exceptions.'),
(84, 'Conclusion', 615, 4, 'Lorem Ipsum is simply dummy text of the printing and typesetting industry. Lorem Ipsum has been the industry’s standard dummy text ever since the 1500s, when an unknown printer took a galley of type.'),
(93, 'Overview', 740, 1, 'In this section we\'ll show you how this course has been structured and how to get the most out of it. We\'ll also show you how to solve the exercises and submit quizzes.'),
(94, 'Basics', 740, 2, 'In this section you\'ll learn some basic concepts of programming languages and how to use them. You\'ll also learn how to write clean code using different code editors and tools.'),
(95, 'Advanced', 740, 3, 'In this section you\'ll learn some core concepts of Object Oriented Programming. You\'ll also learn how to structure the data, debug and handling exceptions.'),
(96, 'Conclusion', 740, 4, 'Lorem Ipsum is simply dummy text of the printing and typesetting industry. Lorem Ipsum has been the industry’s standard dummy text ever since the 1500s, when an unknown printer took a galley of type.'),
(97, 'Overview', 515, 1, 'In this section we\'ll show you how this course has been structured and how to get the most out of it. We\'ll also show you how to solve the exercises and submit quizzes.'),
(98, 'Basics', 515, 2, 'In this section you\'ll learn some basic concepts of programming languages and how to use them. You\'ll also learn how to write clean code using different code editors and tools.'),
(99, 'Advanced', 515, 3, 'In this section you\'ll learn some core concepts of Object Oriented Programming. You\'ll also learn how to structure the data, debug and handling exceptions.'),
(100, 'Conclusion', 515, 4, 'Lorem Ipsum is simply dummy text of the printing and typesetting industry. Lorem Ipsum has been the industry’s standard dummy text ever since the 1500s, when an unknown printer took a galley of type.'),
(101, 'Overview', 540, 1, 'In this section we\'ll show you how this course has been structured and how to get the most out of it. We\'ll also show you how to solve the exercises and submit quizzes.'),
(102, 'Basics', 540, 2, 'In this section you\'ll learn some basic concepts of programming languages and how to use them. You\'ll also learn how to write clean code using different code editors and tools.'),
(103, 'Advanced', 540, 3, 'In this section you\'ll learn some core concepts of Object Oriented Programming. You\'ll also learn how to structure the data, debug and handling exceptions.'),
(104, 'Conclusion', 540, 4, 'Lorem Ipsum is simply dummy text of the printing and typesetting industry. Lorem Ipsum has been the industry’s standard dummy text ever since the 1500s, when an unknown printer took a galley of type.'),
(105, 'Overview', 565, 1, 'In this section we\'ll show you how this course has been structured and how to get the most out of it. We\'ll also show you how to solve the exercises and submit quizzes.'),
(106, 'Basics', 565, 2, 'In this section you\'ll learn some basic concepts of programming languages and how to use them. You\'ll also learn how to write clean code using different code editors and tools.'),
(107, 'Advanced', 565, 3, 'In this section you\'ll learn some core concepts of Object Oriented Programming. You\'ll also learn how to structure the data, debug and handling exceptions.'),
(108, 'Conclusion', 565, 4, 'Lorem Ipsum is simply dummy text of the printing and typesetting industry. Lorem Ipsum has been the industry’s standard dummy text ever since the 1500s, when an unknown printer took a galley of type.'),
(109, 'Overview', 665, 1, 'In this section we\'ll show you how this course has been structured and how to get the most out of it. We\'ll also show you how to solve the exercises and submit quizzes.'),
(110, 'Basics', 665, 2, 'In this section you\'ll learn some basic concepts of programming languages and how to use them. You\'ll also learn how to write clean code using different code editors and tools.'),
(111, 'Advanced', 665, 3, 'In this section you\'ll learn some core concepts of Object Oriented Programming. You\'ll also learn how to structure the data, debug and handling exceptions.'),
(112, 'Conclusion', 665, 4, 'Lorem Ipsum is simply dummy text of the printing and typesetting industry. Lorem Ipsum has been the industry’s standard dummy text ever since the 1500s, when an unknown printer took a galley of type.'),
(113, 'Overview', 640, 1, 'In this section we\'ll show you how this course has been structured and how to get the most out of it. We\'ll also show you how to solve the exercises and submit quizzes.'),
(114, 'Basics', 640, 2, 'In this section you\'ll learn some basic concepts of programming languages and how to use them. You\'ll also learn how to write clean code using different code editors and tools.'),
(115, 'Advanced', 640, 3, 'In this section you\'ll learn some core concepts of Object Oriented Programming. You\'ll also learn how to structure the data, debug and handling exceptions.'),
(116, 'Conclusion', 640, 4, 'Lorem Ipsum is simply dummy text of the printing and typesetting industry. Lorem Ipsum has been the industry’s standard dummy text ever since the 1500s, when an unknown printer took a galley of type.'),
(117, 'Overview', 200, 1, 'In this section we\'ll show you how this course has been structured and how to get the most out of it. We\'ll also show you how to solve the exercises and submit quizzes.'),
(118, 'Basics', 200, 2, 'In this section you\'ll learn some basic concepts of programming languages and how to use them. You\'ll also learn how to write clean code using different code editors and tools.'),
(119, 'Advanced', 200, 3, 'In this section you\'ll learn some core concepts of Object Oriented Programming. You\'ll also learn how to structure the data, debug and handling exceptions.'),
(120, 'Conclusion', 200, 4, 'Lorem Ipsum is simply dummy text of the printing and typesetting industry. Lorem Ipsum has been the industry’s standard dummy text ever since the 1500s, when an unknown printer took a galley of type.');

-- --------------------------------------------------------

--
-- Table structure for table `wp_learnpress_section_items`
--

CREATE TABLE `wp_learnpress_section_items` (
  `section_item_id` bigint(20) UNSIGNED NOT NULL,
  `section_id` bigint(20) UNSIGNED NOT NULL DEFAULT 0,
  `item_id` bigint(20) UNSIGNED NOT NULL DEFAULT 0,
  `item_order` bigint(20) UNSIGNED NOT NULL DEFAULT 0,
  `item_type` varchar(45) DEFAULT NULL
) ENGINE=InnoDB DEFAULT CHARSET=utf8mb4 COLLATE=utf8mb4_unicode_ci;

--
-- Dumping data for table `wp_learnpress_section_items`
--

INSERT INTO `wp_learnpress_section_items` (`section_item_id`, `section_id`, `item_id`, `item_order`, `item_type`) VALUES
(183, 53, 691, 1, 'lp_lesson'),
(184, 53, 692, 2, 'lp_lesson'),
(185, 54, 693, 1, 'lp_lesson'),
(186, 54, 694, 2, 'lp_lesson'),
(187, 54, 695, 3, 'lp_lesson'),
(188, 54, 696, 4, 'lp_lesson'),
(189, 54, 697, 5, 'lp_lesson'),
(190, 54, 698, 6, 'lp_quiz'),
(191, 54, 702, 7, 'lp_quiz'),
(192, 55, 706, 1, 'lp_lesson'),
(193, 55, 707, 2, 'lp_lesson'),
(194, 55, 708, 3, 'lp_lesson'),
(195, 55, 709, 4, 'lp_quiz'),
(196, 56, 713, 1, 'lp_lesson'),
(197, 57, 716, 1, 'lp_lesson'),
(198, 57, 717, 2, 'lp_lesson'),
(199, 58, 718, 1, 'lp_lesson'),
(200, 58, 719, 2, 'lp_lesson'),
(201, 58, 720, 3, 'lp_lesson'),
(202, 58, 721, 4, 'lp_lesson'),
(203, 58, 722, 5, 'lp_lesson'),
(204, 58, 723, 6, 'lp_quiz'),
(205, 58, 727, 7, 'lp_quiz'),
(206, 59, 731, 1, 'lp_lesson'),
(207, 59, 732, 2, 'lp_lesson'),
(208, 59, 733, 3, 'lp_lesson'),
(209, 59, 734, 4, 'lp_quiz'),
(210, 60, 738, 1, 'lp_lesson'),
(267, 77, 591, 1, 'lp_lesson'),
(268, 77, 592, 2, 'lp_lesson'),
(269, 78, 593, 1, 'lp_lesson'),
(270, 78, 594, 2, 'lp_lesson'),
(271, 78, 595, 3, 'lp_lesson'),
(272, 78, 596, 4, 'lp_lesson'),
(273, 78, 597, 5, 'lp_lesson'),
(274, 78, 598, 6, 'lp_quiz'),
(275, 78, 602, 7, 'lp_quiz'),
(276, 79, 606, 1, 'lp_lesson'),
(277, 79, 607, 2, 'lp_lesson'),
(278, 79, 608, 3, 'lp_lesson'),
(279, 79, 609, 4, 'lp_quiz'),
(280, 80, 613, 1, 'lp_lesson'),
(281, 81, 616, 1, 'lp_lesson'),
(282, 81, 617, 2, 'lp_lesson'),
(283, 82, 618, 1, 'lp_lesson'),
(284, 82, 619, 2, 'lp_lesson'),
(285, 82, 620, 3, 'lp_lesson'),
(286, 82, 621, 4, 'lp_lesson'),
(287, 82, 622, 5, 'lp_lesson'),
(288, 82, 623, 6, 'lp_quiz'),
(289, 82, 627, 7, 'lp_quiz'),
(290, 83, 631, 1, 'lp_lesson'),
(291, 83, 632, 2, 'lp_lesson'),
(292, 83, 633, 3, 'lp_lesson'),
(293, 83, 634, 4, 'lp_quiz'),
(294, 84, 638, 1, 'lp_lesson'),
(323, 93, 741, 1, 'lp_lesson'),
(324, 93, 742, 2, 'lp_lesson'),
(325, 94, 743, 1, 'lp_lesson'),
(326, 94, 744, 2, 'lp_lesson'),
(327, 94, 745, 3, 'lp_lesson'),
(328, 94, 746, 4, 'lp_lesson'),
(329, 94, 747, 5, 'lp_lesson'),
(330, 94, 748, 6, 'lp_quiz'),
(331, 94, 752, 7, 'lp_quiz'),
(332, 95, 756, 1, 'lp_lesson'),
(333, 95, 757, 2, 'lp_lesson'),
(334, 95, 758, 3, 'lp_lesson'),
(335, 95, 759, 4, 'lp_quiz'),
(336, 96, 763, 1, 'lp_lesson'),
(337, 97, 516, 1, 'lp_lesson'),
(338, 97, 517, 2, 'lp_lesson'),
(339, 98, 518, 1, 'lp_lesson'),
(340, 98, 519, 2, 'lp_lesson'),
(341, 98, 520, 3, 'lp_lesson'),
(342, 98, 521, 4, 'lp_lesson'),
(343, 98, 522, 5, 'lp_lesson'),
(344, 98, 523, 6, 'lp_quiz'),
(345, 98, 527, 7, 'lp_quiz'),
(346, 99, 531, 1, 'lp_lesson'),
(347, 99, 532, 2, 'lp_lesson'),
(348, 99, 533, 3, 'lp_lesson'),
(349, 99, 534, 4, 'lp_quiz'),
(350, 100, 538, 1, 'lp_lesson'),
(351, 101, 541, 1, 'lp_lesson'),
(352, 101, 542, 2, 'lp_lesson'),
(353, 102, 543, 1, 'lp_lesson'),
(354, 102, 544, 2, 'lp_lesson'),
(355, 102, 545, 3, 'lp_lesson'),
(356, 102, 546, 4, 'lp_lesson'),
(357, 102, 547, 5, 'lp_lesson'),
(358, 102, 548, 6, 'lp_quiz'),
(359, 102, 552, 7, 'lp_quiz'),
(360, 103, 556, 1, 'lp_lesson'),
(361, 103, 557, 2, 'lp_lesson'),
(362, 103, 558, 3, 'lp_lesson'),
(363, 103, 559, 4, 'lp_quiz'),
(364, 104, 563, 1, 'lp_lesson'),
(365, 105, 566, 1, 'lp_lesson'),
(366, 105, 567, 2, 'lp_lesson'),
(367, 106, 568, 1, 'lp_lesson'),
(368, 106, 569, 2, 'lp_lesson'),
(369, 106, 570, 3, 'lp_lesson'),
(370, 106, 571, 4, 'lp_lesson'),
(371, 106, 572, 5, 'lp_lesson'),
(372, 106, 573, 6, 'lp_quiz'),
(373, 106, 577, 7, 'lp_quiz'),
(374, 107, 581, 1, 'lp_lesson'),
(375, 107, 582, 2, 'lp_lesson'),
(376, 107, 583, 3, 'lp_lesson'),
(377, 107, 584, 4, 'lp_quiz'),
(378, 108, 588, 1, 'lp_lesson'),
(379, 109, 666, 1, 'lp_lesson'),
(380, 109, 667, 2, 'lp_lesson'),
(381, 110, 668, 1, 'lp_lesson'),
(382, 110, 669, 2, 'lp_lesson'),
(383, 110, 670, 3, 'lp_lesson'),
(384, 110, 671, 4, 'lp_lesson'),
(385, 110, 672, 5, 'lp_lesson'),
(386, 110, 673, 6, 'lp_quiz'),
(387, 110, 677, 7, 'lp_quiz'),
(388, 111, 681, 1, 'lp_lesson'),
(389, 111, 682, 2, 'lp_lesson'),
(390, 111, 683, 3, 'lp_lesson'),
(391, 111, 684, 4, 'lp_quiz'),
(392, 112, 688, 1, 'lp_lesson'),
(393, 113, 641, 1, 'lp_lesson'),
(394, 113, 642, 2, 'lp_lesson'),
(395, 114, 643, 1, 'lp_lesson'),
(396, 114, 644, 2, 'lp_lesson'),
(397, 114, 645, 3, 'lp_lesson'),
(398, 114, 646, 4, 'lp_lesson'),
(399, 114, 647, 5, 'lp_lesson'),
(400, 114, 648, 6, 'lp_quiz'),
(401, 114, 652, 7, 'lp_quiz'),
(402, 115, 656, 1, 'lp_lesson'),
(403, 115, 657, 2, 'lp_lesson'),
(404, 115, 658, 3, 'lp_lesson'),
(405, 115, 659, 4, 'lp_quiz'),
(406, 116, 663, 1, 'lp_lesson'),
(407, 117, 123, 1, 'lp_lesson'),
(408, 117, 127, 2, 'lp_lesson'),
(409, 117, 125, 3, 'lp_lesson'),
(410, 118, 126, 1, 'lp_lesson'),
(411, 118, 128, 2, 'lp_lesson'),
(412, 118, 133, 3, 'lp_lesson'),
(413, 118, 134, 4, 'lp_lesson'),
(414, 118, 170, 5, 'lp_quiz'),
(415, 118, 186, 6, 'lp_quiz'),
(416, 119, 130, 1, 'lp_lesson'),
(417, 119, 129, 2, 'lp_lesson'),
(418, 119, 132, 3, 'lp_lesson'),
(419, 119, 198, 4, 'lp_quiz'),
(420, 120, 131, 1, 'lp_lesson'),
(421, 117, 1950, 4, 'lp_lesson');

-- --------------------------------------------------------

--
-- Table structure for table `wp_learnpress_sessions`
--

CREATE TABLE `wp_learnpress_sessions` (
  `session_id` bigint(20) NOT NULL,
  `session_key` char(32) NOT NULL,
  `session_value` longtext NOT NULL,
  `session_expiry` bigint(20) NOT NULL
) ENGINE=InnoDB DEFAULT CHARSET=utf8mb4 COLLATE=utf8mb4_unicode_ci;

-- --------------------------------------------------------

--
-- Table structure for table `wp_learnpress_upgrade_db`
--

CREATE TABLE `wp_learnpress_upgrade_db` (
  `step` varchar(50) NOT NULL,
  `status` varchar(10) DEFAULT NULL
) ENGINE=InnoDB DEFAULT CHARSET=utf8mb4 COLLATE=utf8mb4_unicode_520_ci;

--
-- Dumping data for table `wp_learnpress_upgrade_db`
--

INSERT INTO `wp_learnpress_upgrade_db` (`step`, `status`) VALUES
('clone_tables', 'completed'),
('convert_lp_settings', 'completed'),
('convert_meta_value_longtext', 'completed'),
('convert_question_type_fill_in_blank', 'completed'),
('convert_result_graduation_item', 'completed'),
('convert_result_questions', 'completed'),
('convert_retake_quiz', 'completed'),
('create_col_extra_value_on_tb_lp_user_itemmeta', 'completed'),
('create_tables', 'completed'),
('delete_columns_question_answers', 'completed'),
('modify_tb_lp_order_itemmeta', 'completed'),
('modify_tb_lp_order_items', 'completed'),
('modify_tb_lp_question_answermeta', 'completed'),
('modify_tb_lp_question_answers', 'completed'),
('modify_tb_lp_quiz_questions', 'completed'),
('modify_tb_lp_section_items', 'completed'),
('modify_tb_lp_sections', 'completed'),
('modify_tb_lp_user_itemmeta', 'completed'),
('modify_tb_lp_user_items', 'completed'),
('remove_course_status_cancelled', 'completed'),
('remove_data_lp_user_itemmeta', 'completed'),
('update_question_answers', 'completed');

-- --------------------------------------------------------

--
-- Table structure for table `wp_learnpress_user_itemmeta`
--

CREATE TABLE `wp_learnpress_user_itemmeta` (
  `meta_id` bigint(20) UNSIGNED NOT NULL,
  `learnpress_user_item_id` bigint(20) UNSIGNED NOT NULL,
  `meta_key` varchar(45) NOT NULL DEFAULT '',
  `meta_value` varchar(45) NOT NULL DEFAULT '',
  `extra_value` longtext DEFAULT NULL
) ENGINE=InnoDB DEFAULT CHARSET=utf8mb4 COLLATE=utf8mb4_unicode_ci;

--
-- Dumping data for table `wp_learnpress_user_itemmeta`
--

INSERT INTO `wp_learnpress_user_itemmeta` (`meta_id`, `learnpress_user_item_id`, `meta_key`, `meta_value`, `extra_value`) VALUES
(1, 1, '_finish_type', 'automation', ''),
(2, 2, '_finish_type', 'automation', ''),
(9, 2, '_lp_retaken_count', '0', ''),
(10, 1, '_lp_retaken_count', '0', ''),
(23, 7, '_current_item', '123', ''),
(28, 8, '_current_item', '125', ''),
(32, 11, '_current_question', '196', ''),
(34, 11, '_lp_retake_count', '1', '');

-- --------------------------------------------------------

--
-- Table structure for table `wp_learnpress_user_itemmeta_bk`
--

CREATE TABLE `wp_learnpress_user_itemmeta_bk` (
  `meta_id` bigint(20) UNSIGNED NOT NULL,
  `learnpress_user_item_id` bigint(20) UNSIGNED NOT NULL,
  `meta_key` varchar(45) NOT NULL DEFAULT '',
  `meta_value` text NOT NULL
) ENGINE=InnoDB DEFAULT CHARSET=utf8mb4 COLLATE=utf8mb4_unicode_ci;

--
-- Dumping data for table `wp_learnpress_user_itemmeta_bk`
--

INSERT INTO `wp_learnpress_user_itemmeta_bk` (`meta_id`, `learnpress_user_item_id`, `meta_key`, `meta_value`) VALUES
(1, 1, '_finish_type', 'automation'),
(2, 2, '_finish_type', 'automation'),
(9, 2, '_lp_retaken_count', '0'),
(10, 1, '_lp_retaken_count', '0'),
(11, 1, 'course_results_evaluate_lesson', 'a:6:{s:6:\"result\";i:0;s:5:\"grade\";s:6:\"failed\";s:6:\"status\";s:8:\"finished\";s:11:\"count_items\";s:2:\"15\";s:15:\"completed_items\";i:0;s:13:\"skipped_items\";i:15;}'),
(12, 1, 'grade', 'failed'),
(13, 2, 'course_results_evaluate_lesson', 'a:6:{s:6:\"result\";i:0;s:5:\"grade\";s:6:\"failed\";s:6:\"status\";s:8:\"finished\";s:11:\"count_items\";s:2:\"15\";s:15:\"completed_items\";i:0;s:13:\"skipped_items\";i:15;}'),
(14, 2, 'grade', 'failed'),
(15, 3, '_last_status', ''),
(16, 3, '_current_status', 'enrolled'),
(17, 3, 'course_results_evaluate_lesson', 'a:6:{s:6:\"result\";d:27.272727272727269820506990072317421436309814453125;s:5:\"grade\";s:11:\"in-progress\";s:6:\"status\";s:8:\"enrolled\";s:11:\"count_items\";s:2:\"14\";s:15:\"completed_items\";i:3;s:13:\"skipped_items\";i:11;}'),
(18, 3, 'grade', 'in-progress'),
(19, 7, '_last_status', ''),
(20, 7, '_current_status', 'enrolled'),
(21, 7, 'course_results_evaluate_lesson', 'a:6:{s:6:\"result\";i:0;s:5:\"grade\";s:11:\"in-progress\";s:6:\"status\";s:8:\"enrolled\";s:11:\"count_items\";s:2:\"14\";s:15:\"completed_items\";i:0;s:13:\"skipped_items\";i:14;}'),
(22, 7, 'grade', 'in-progress'),
(23, 7, '_current_item', '123'),
(24, 8, '_last_status', ''),
(25, 8, '_current_status', 'enrolled'),
(26, 8, 'course_results_evaluate_lesson', 'a:6:{s:6:\"result\";d:18.181818181818183433051672182045876979827880859375;s:5:\"grade\";s:11:\"in-progress\";s:6:\"status\";s:8:\"enrolled\";s:11:\"count_items\";s:2:\"14\";s:15:\"completed_items\";i:3;s:13:\"skipped_items\";i:11;}'),
(27, 8, 'grade', 'in-progress'),
(28, 8, '_current_item', '125'),
(29, 8, '_retaken_items', 'a:1:{i:198;i:1;}'),
(30, 11, '_question_answers', 'a:4:{i:0;a:0:{}i:196;s:12:\"option_third\";i:194;s:12:\"option_third\";i:192;s:12:\"option_third\";}'),
(31, 11, 'results', 'a:14:{s:9:\"questions\";a:3:{i:196;a:4:{s:7:\"correct\";b:1;s:4:\"mark\";d:1;s:4:\"type\";s:13:\"single_choice\";s:8:\"answered\";b:1;}i:194;a:4:{s:7:\"correct\";b:0;s:4:\"mark\";i:0;s:4:\"type\";s:13:\"single_choice\";s:8:\"answered\";b:1;}i:192;a:4:{s:7:\"correct\";b:1;s:4:\"mark\";d:1;s:4:\"type\";s:13:\"single_choice\";s:8:\"answered\";b:1;}}s:4:\"mark\";i:3;s:9:\"user_mark\";d:2;s:14:\"question_count\";i:3;s:14:\"question_empty\";i:0;s:17:\"question_answered\";i:3;s:14:\"question_wrong\";i:1;s:16:\"question_correct\";i:2;s:6:\"status\";s:9:\"completed\";s:5:\"grade\";s:6:\"failed\";s:6:\"result\";d:66.666666666666657192763523198664188385009765625;s:10:\"time_spend\";s:5:\"00:45\";s:12:\"retake_count\";i:0;s:10:\"grade_text\";s:6:\"failed\";}'),
(32, 11, '_current_question', '196'),
(33, 11, 'grade', 'failed');

-- --------------------------------------------------------

--
-- Table structure for table `wp_learnpress_user_items`
--

CREATE TABLE `wp_learnpress_user_items` (
  `user_item_id` bigint(20) UNSIGNED NOT NULL,
  `user_id` bigint(20) NOT NULL DEFAULT -1,
  `item_id` bigint(20) NOT NULL DEFAULT -1,
  `start_time` datetime DEFAULT NULL,
  `end_time` datetime DEFAULT NULL,
  `item_type` varchar(45) NOT NULL DEFAULT '',
  `status` varchar(45) NOT NULL DEFAULT '',
  `graduation` varchar(20) DEFAULT NULL,
  `access_level` varchar(20) DEFAULT NULL,
  `ref_id` bigint(20) UNSIGNED NOT NULL DEFAULT 0,
  `ref_type` varchar(45) DEFAULT '',
  `parent_id` bigint(20) UNSIGNED NOT NULL DEFAULT 0
) ENGINE=InnoDB DEFAULT CHARSET=utf8mb4 COLLATE=utf8mb4_unicode_ci;

--
-- Dumping data for table `wp_learnpress_user_items`
--

INSERT INTO `wp_learnpress_user_items` (`user_item_id`, `user_id`, `item_id`, `start_time`, `end_time`, `item_type`, `status`, `graduation`, `access_level`, `ref_id`, `ref_type`, `parent_id`) VALUES
(1, 6, 200, '2017-10-19 07:50:05', '2017-12-28 07:50:05', 'lp_course', 'finished', 'failed', '', 859, 'lp_order', 0),
(2, 4, 200, '2017-10-19 08:14:30', '2017-12-28 08:14:30', 'lp_course', 'finished', 'failed', '', 860, 'lp_order', 0),
(3, 7, 200, '2019-06-27 04:23:05', '0000-00-00 00:00:00', 'lp_course', 'enrolled', 'in-progress', '', 1912, 'lp_order', 0),
(4, 7, 123, '2019-06-27 10:52:02', '2019-06-27 10:52:02', 'lp_lesson', 'completed', '', '', 200, 'lp_course', 3),
(5, 7, 127, '2019-06-27 10:52:15', '2019-06-27 10:52:15', 'lp_lesson', 'completed', '', '', 200, 'lp_course', 3),
(6, 7, 125, '2019-06-27 10:52:24', '2019-06-27 10:52:24', 'lp_lesson', 'completed', '', '', 200, 'lp_course', 3),
(7, 10, 200, '2019-09-22 18:03:17', '0000-00-00 00:00:00', 'lp_course', 'enrolled', 'in-progress', '', 1926, 'lp_order', 0),
(8, 11, 200, '2019-09-23 22:25:18', '0000-00-00 00:00:00', 'lp_course', 'enrolled', 'in-progress', '', 1928, 'lp_order', 0),
(9, 11, 123, '2019-09-23 22:27:32', '2019-09-23 22:27:32', 'lp_lesson', 'completed', '', '', 200, 'lp_course', 8),
(10, 11, 127, '2019-09-23 22:27:46', '2019-09-23 22:27:46', 'lp_lesson', 'completed', '', '', 200, 'lp_course', 8),
(11, 11, 198, '2019-09-23 22:28:02', '2019-09-23 22:28:47', 'lp_quiz', 'completed', 'failed', '', 200, 'lp_course', 8),
(12, 7, 200, '2021-11-09 10:07:04', '0000-00-00 00:00:00', 'lp_course', 'enrolled', 'in-progress', '', 2788, 'lp_order', 0),
(13, 7, 123, '2021-11-09 10:07:17', '0000-00-00 00:00:00', 'lp_lesson', '', '', '', 200, 'lp_course', 12),
(14, 7, 126, '2021-11-09 10:07:45', '2021-11-09 10:07:55', 'lp_lesson', 'completed', 'passed', '', 200, 'lp_course', 12),
(15, 7, 128, '2021-11-09 10:07:55', '0000-00-00 00:00:00', 'lp_lesson', '', '', '', 200, 'lp_course', 12),
(16, 7, 1950, '2021-11-09 10:08:34', '0000-00-00 00:00:00', 'lp_lesson', '', '', '', 200, 'lp_course', 12),
(17, 7, 200, '2021-11-09 10:20:32', '0000-00-00 00:00:00', 'lp_course', 'enrolled', 'in-progress', '', 2789, 'lp_order', 0),
(18, 7, 123, '2021-11-09 10:21:41', '0000-00-00 00:00:00', 'lp_lesson', '', '', '', 200, 'lp_course', 17),
(19, 7, 127, '2021-11-09 10:22:09', '0000-00-00 00:00:00', 'lp_lesson', '', '', '', 200, 'lp_course', 17),
(20, 7, 125, '2021-11-09 10:22:23', '0000-00-00 00:00:00', 'lp_lesson', '', '', '', 200, 'lp_course', 17),
(21, 7, 1950, '2021-11-09 10:22:34', '0000-00-00 00:00:00', 'lp_lesson', '', '', '', 200, 'lp_course', 17),
(22, 7, 131, '2021-11-09 10:22:58', '0000-00-00 00:00:00', 'lp_lesson', '', '', '', 200, 'lp_course', 17),
(23, 7, 186, '2021-11-09 10:25:11', '2021-11-09 10:26:12', 'lp_quiz', 'completed', 'failed', '', 200, 'lp_course', 17);

-- --------------------------------------------------------

--
-- Table structure for table `wp_learnpress_user_items_bk`
--

CREATE TABLE `wp_learnpress_user_items_bk` (
  `user_item_id` bigint(20) UNSIGNED NOT NULL,
  `user_id` bigint(20) NOT NULL DEFAULT -1,
  `item_id` bigint(20) NOT NULL DEFAULT -1,
  `start_time` datetime NOT NULL DEFAULT '0000-00-00 00:00:00',
  `start_time_gmt` datetime DEFAULT '0000-00-00 00:00:00',
  `end_time` datetime NOT NULL DEFAULT '0000-00-00 00:00:00',
  `end_time_gmt` datetime DEFAULT '0000-00-00 00:00:00',
  `item_type` varchar(45) NOT NULL DEFAULT '',
  `status` varchar(45) NOT NULL DEFAULT '',
  `ref_id` bigint(20) UNSIGNED NOT NULL DEFAULT 0,
  `ref_type` varchar(45) DEFAULT '',
  `parent_id` bigint(20) UNSIGNED NOT NULL DEFAULT 0
) ENGINE=InnoDB DEFAULT CHARSET=utf8mb4 COLLATE=utf8mb4_unicode_ci;

--
-- Dumping data for table `wp_learnpress_user_items_bk`
--

INSERT INTO `wp_learnpress_user_items_bk` (`user_item_id`, `user_id`, `item_id`, `start_time`, `start_time_gmt`, `end_time`, `end_time_gmt`, `item_type`, `status`, `ref_id`, `ref_type`, `parent_id`) VALUES
(1, 6, 200, '2017-10-19 07:50:05', '2017-10-19 07:50:05', '2017-12-28 07:50:05', '2017-12-28 07:50:05', 'lp_course', 'finished', 859, 'lp_order', 0),
(2, 4, 200, '2017-10-19 08:14:30', '2017-10-19 08:14:30', '2017-12-28 08:14:30', '2017-12-28 08:14:30', 'lp_course', 'finished', 860, 'lp_order', 0),
(3, 7, 200, '2019-06-27 04:23:05', '2019-06-27 04:23:05', '0000-00-00 00:00:00', '0000-00-00 00:00:00', 'lp_course', 'enrolled', 1912, 'lp_order', 0),
(4, 7, 123, '2019-06-27 10:52:02', '2019-06-27 10:52:02', '0000-00-00 00:00:00', '2019-06-27 10:52:02', 'lp_lesson', 'completed', 200, 'lp_course', 3),
(5, 7, 127, '2019-06-27 10:52:15', '2019-06-27 10:52:15', '0000-00-00 00:00:00', '2019-06-27 10:52:15', 'lp_lesson', 'completed', 200, 'lp_course', 3),
(6, 7, 125, '2019-06-27 10:52:24', '2019-06-27 10:52:24', '0000-00-00 00:00:00', '2019-06-27 10:52:24', 'lp_lesson', 'completed', 200, 'lp_course', 3),
(7, 10, 200, '2019-09-22 18:03:17', '2019-09-22 18:03:17', '0000-00-00 00:00:00', '0000-00-00 00:00:00', 'lp_course', 'enrolled', 1926, 'lp_order', 0),
(8, 11, 200, '2019-09-23 22:25:18', '2019-09-23 22:25:18', '0000-00-00 00:00:00', '0000-00-00 00:00:00', 'lp_course', 'enrolled', 1928, 'lp_order', 0),
(9, 11, 123, '2019-09-23 22:27:32', '2019-09-23 22:27:32', '0000-00-00 00:00:00', '2019-09-23 22:27:32', 'lp_lesson', 'completed', 200, 'lp_course', 8),
(10, 11, 127, '2019-09-23 22:27:46', '2019-09-23 22:27:46', '0000-00-00 00:00:00', '2019-09-23 22:27:46', 'lp_lesson', 'completed', 200, 'lp_course', 8),
(11, 11, 198, '2019-09-23 22:28:02', '2019-09-23 22:28:02', '2019-09-23 22:28:47', '2019-09-23 22:28:47', 'lp_quiz', 'completed', 200, 'lp_course', 8);

-- --------------------------------------------------------

--
-- Table structure for table `wp_learnpress_user_item_results`
--

CREATE TABLE `wp_learnpress_user_item_results` (
  `id` bigint(20) UNSIGNED NOT NULL,
  `user_item_id` bigint(20) UNSIGNED NOT NULL,
  `result` longtext DEFAULT NULL
) ENGINE=InnoDB DEFAULT CHARSET=utf8mb4 COLLATE=utf8mb4_unicode_520_ci;

--
-- Dumping data for table `wp_learnpress_user_item_results`
--

INSERT INTO `wp_learnpress_user_item_results` (`id`, `user_item_id`, `result`) VALUES
(1, 11, '{\"questions\":{\"196\":{\"correct\":true,\"mark\":1,\"type\":\"single_choice\",\"answered\":\"option_third\"},\"194\":{\"correct\":false,\"mark\":0,\"type\":\"single_choice\",\"answered\":\"option_third\"},\"192\":{\"correct\":true,\"mark\":1,\"type\":\"single_choice\",\"answered\":\"option_third\"}},\"mark\":3,\"user_mark\":2,\"question_count\":3,\"question_empty\":0,\"question_answered\":3,\"question_wrong\":1,\"question_correct\":2,\"status\":\"completed\",\"grade\":\"failed\",\"result\":66.666666666666657192763523198664188385009765625,\"time_spend\":\"00:45\",\"retake_count\":0,\"grade_text\":\"failed\"}'),
(2, 12, '{\"count_items\":\"15\",\"completed_items\":1,\"items\":{\"quiz\":{\"completed\":0,\"passed\":0,\"total\":3},\"lesson\":{\"completed\":1,\"total\":12}},\"skipped_items\":14,\"status\":\"enrolled\",\"evaluate_type\":\"evaluate_lesson\",\"result\":8.333333333333332149095440399833023548126220703125}'),
(3, 17, '{\"count_items\":\"15\",\"completed_items\":1,\"items\":{\"quiz\":{\"completed\":1,\"passed\":0,\"total\":3},\"lesson\":{\"completed\":0,\"total\":12}},\"skipped_items\":14,\"status\":\"enrolled\",\"evaluate_type\":\"evaluate_lesson\",\"result\":0}'),
(4, 23, '{\"questions\":{\"172\":{\"correct\":false,\"mark\":0,\"answered\":\"option_third\"},\"188\":{\"correct\":true,\"mark\":1,\"answered\":\"option_seconds\"},\"190\":{\"correct\":false,\"mark\":0,\"answered\":\"\"}},\"mark\":3,\"user_mark\":1,\"question_count\":3,\"question_empty\":1,\"question_answered\":2,\"question_wrong\":1,\"question_correct\":1,\"status\":\"completed\",\"result\":33.3333333333333285963817615993320941925048828125,\"time_spend\":\"00:01:01\",\"passing_grade\":\"80%\"}');

-- --------------------------------------------------------

--
-- Table structure for table `wp_links`
--

CREATE TABLE `wp_links` (
  `link_id` bigint(20) UNSIGNED NOT NULL,
  `link_url` varchar(255) NOT NULL DEFAULT '',
  `link_name` varchar(255) NOT NULL DEFAULT '',
  `link_image` varchar(255) NOT NULL DEFAULT '',
  `link_target` varchar(25) NOT NULL DEFAULT '',
  `link_description` varchar(255) NOT NULL DEFAULT '',
  `link_visible` varchar(20) NOT NULL DEFAULT 'Y',
  `link_owner` bigint(20) UNSIGNED NOT NULL DEFAULT 1,
  `link_rating` int(11) NOT NULL DEFAULT 0,
  `link_updated` datetime NOT NULL DEFAULT '0000-00-00 00:00:00',
  `link_rel` varchar(255) NOT NULL DEFAULT '',
  `link_notes` mediumtext NOT NULL,
  `link_rss` varchar(255) NOT NULL DEFAULT ''
) ENGINE=InnoDB DEFAULT CHARSET=utf8mb4 COLLATE=utf8mb4_unicode_ci;

-- --------------------------------------------------------

--
-- Table structure for table `wp_options`
--

CREATE TABLE `wp_options` (
  `option_id` bigint(20) UNSIGNED NOT NULL,
  `option_name` varchar(191) NOT NULL DEFAULT '',
  `option_value` longtext NOT NULL,
  `autoload` varchar(20) NOT NULL DEFAULT 'yes'
) ENGINE=InnoDB DEFAULT CHARSET=utf8mb4 COLLATE=utf8mb4_unicode_ci;


INSERT INTO `wp_options` (`option_id`, `option_name`, `option_value`, `autoload`) VALUES
(624, 'bcn_options_bk', 'a:281:{s:17:\"bmainsite_display\";b:1;s:18:\"Hmainsite_template\";s:234:\"<span property=\"itemListElement\" typeof=\"ListItem\"><a property=\"item\" typeof=\"WebPage\" title=\"Go to %title%.\" href=\"%link%\" class=\"%type%\"><span property=\"name\">%htitle%</span></a><meta property=\"position\" content=\"%position%\"></span>\";s:28:\"Hmainsite_template_no_anchor\";s:142:\"<span property=\"itemListElement\" typeof=\"ListItem\"><span property=\"name\">%htitle%</span><meta property=\"position\" content=\"%position%\"></span>\";s:13:\"bhome_display\";b:1;s:14:\"Hhome_template\";s:234:\"<span property=\"itemListElement\" typeof=\"ListItem\"><a property=\"item\" typeof=\"WebPage\" title=\"Go to %title%.\" href=\"%link%\" class=\"%type%\"><span property=\"name\">%htitle%</span></a><meta property=\"position\" content=\"%position%\"></span>\";s:24:\"Hhome_template_no_anchor\";s:142:\"<span property=\"itemListElement\" typeof=\"ListItem\"><span property=\"name\">%htitle%</span><meta property=\"position\" content=\"%position%\"></span>\";s:13:\"bblog_display\";b:1;s:10:\"hseparator\";s:45:\"<span class=\"breadcrumb-seperator\"> - </span>\";s:12:\"blimit_title\";b:0;s:17:\"amax_title_length\";i:20;s:20:\"bcurrent_item_linked\";b:0;s:28:\"bpost_page_hierarchy_display\";b:1;s:33:\"bpost_page_hierarchy_parent_first\";b:0;s:25:\"Spost_page_hierarchy_type\";s:15:\"BCN_POST_PARENT\";s:19:\"Hpost_page_template\";s:234:\"<span property=\"itemListElement\" typeof=\"ListItem\"><a property=\"item\" typeof=\"WebPage\" title=\"Go to %title%.\" href=\"%link%\" class=\"%type%\"><span property=\"name\">%htitle%</span></a><meta property=\"position\" content=\"%position%\"></span>\";s:29:\"Hpost_page_template_no_anchor\";s:142:\"<span property=\"itemListElement\" typeof=\"ListItem\"><span property=\"name\">%htitle%</span><meta property=\"position\" content=\"%position%\"></span>\";s:15:\"apost_page_root\";s:1:\"0\";s:15:\"Hpaged_template\";s:147:\"<span property=\"itemListElement\" typeof=\"ListItem\"><span property=\"name\">Page %htitle%</span><meta property=\"position\" content=\"%position%\"></span>\";s:14:\"bpaged_display\";b:0;s:19:\"Hpost_post_template\";s:234:\"<span property=\"itemListElement\" typeof=\"ListItem\"><a property=\"item\" typeof=\"WebPage\" title=\"Go to %title%.\" href=\"%link%\" class=\"%type%\"><span property=\"name\">%htitle%</span></a><meta property=\"position\" content=\"%position%\"></span>\";s:29:\"Hpost_post_template_no_anchor\";s:142:\"<span property=\"itemListElement\" typeof=\"ListItem\"><span property=\"name\">%htitle%</span><meta property=\"position\" content=\"%position%\"></span>\";s:15:\"apost_post_root\";s:1:\"0\";s:28:\"bpost_post_hierarchy_display\";b:0;s:33:\"bpost_post_hierarchy_parent_first\";b:0;s:27:\"bpost_post_taxonomy_referer\";b:0;s:25:\"Spost_post_hierarchy_type\";s:8:\"category\";s:34:\"bpost_attachment_hierarchy_display\";b:0;s:39:\"bpost_attachment_hierarchy_parent_first\";b:1;s:31:\"Spost_attachment_hierarchy_type\";s:15:\"BCN_POST_PARENT\";s:21:\"apost_attachment_root\";i:0;s:25:\"Hpost_attachment_template\";s:234:\"<span property=\"itemListElement\" typeof=\"ListItem\"><a property=\"item\" typeof=\"WebPage\" title=\"Go to %title%.\" href=\"%link%\" class=\"%type%\"><span property=\"name\">%htitle%</span></a><meta property=\"position\" content=\"%position%\"></span>\";s:35:\"Hpost_attachment_template_no_anchor\";s:142:\"<span property=\"itemListElement\" typeof=\"ListItem\"><span property=\"name\">%htitle%</span><meta property=\"position\" content=\"%position%\"></span>\";s:13:\"H404_template\";s:142:\"<span property=\"itemListElement\" typeof=\"ListItem\"><span property=\"name\">%htitle%</span><meta property=\"position\" content=\"%position%\"></span>\";s:10:\"S404_title\";s:3:\"404\";s:16:\"Hsearch_template\";s:302:\"<span property=\"itemListElement\" typeof=\"ListItem\"><span property=\"name\">Search results for &#039;<a property=\"item\" typeof=\"WebPage\" title=\"Go to the first page of search results for %title%.\" href=\"%link%\" class=\"%type%\">%htitle%</a>&#039;</span><meta property=\"position\" content=\"%position%\"></span>\";s:26:\"Hsearch_template_no_anchor\";s:173:\"<span property=\"itemListElement\" typeof=\"ListItem\"><span property=\"name\">Search results for &#039;%htitle%&#039;</span><meta property=\"position\" content=\"%position%\"></span>\";s:22:\"Htax_post_tag_template\";s:251:\"<span property=\"itemListElement\" typeof=\"ListItem\"><a property=\"item\" typeof=\"WebPage\" title=\"Go to the %title% tag archives.\" href=\"%link%\" class=\"%type%\"><span property=\"name\">%htitle%</span></a><meta property=\"position\" content=\"%position%\"></span>\";s:32:\"Htax_post_tag_template_no_anchor\";s:142:\"<span property=\"itemListElement\" typeof=\"ListItem\"><span property=\"name\">%htitle%</span><meta property=\"position\" content=\"%position%\"></span>\";s:25:\"Htax_post_format_template\";s:247:\"<span property=\"itemListElement\" typeof=\"ListItem\"><a property=\"item\" typeof=\"WebPage\" title=\"Go to the %title% archives.\" href=\"%link%\" class=\"%type%\"><span property=\"name\">%htitle%</span></a><meta property=\"position\" content=\"%position%\"></span>\";s:35:\"Htax_post_format_template_no_anchor\";s:142:\"<span property=\"itemListElement\" typeof=\"ListItem\"><span property=\"name\">%htitle%</span><meta property=\"position\" content=\"%position%\"></span>\";s:16:\"Hauthor_template\";s:180:\"<span property=\"itemListElement\" typeof=\"ListItem\"><span property=\"name\">Articles by: <a title=\"Go to the first page of posts by %title%.\" href=\"%link%\" class=\"%type%\">%htitle%</a>\";s:26:\"Hauthor_template_no_anchor\";s:155:\"<span property=\"itemListElement\" typeof=\"ListItem\"><span property=\"name\">Articles by: %htitle%</span><meta property=\"position\" content=\"%position%\"></span>\";s:12:\"Sauthor_name\";s:12:\"display_name\";s:12:\"aauthor_root\";i:0;s:22:\"Htax_category_template\";s:256:\"<span property=\"itemListElement\" typeof=\"ListItem\"><a property=\"item\" typeof=\"WebPage\" title=\"Go to the %title% category archives.\" href=\"%link%\" class=\"%type%\"><span property=\"name\">%htitle%</span></a><meta property=\"position\" content=\"%position%\"></span>\";s:32:\"Htax_category_template_no_anchor\";s:142:\"<span property=\"itemListElement\" typeof=\"ListItem\"><span property=\"name\">%htitle%</span><meta property=\"position\" content=\"%position%\"></span>\";s:14:\"Hdate_template\";s:247:\"<span property=\"itemListElement\" typeof=\"ListItem\"><a property=\"item\" typeof=\"WebPage\" title=\"Go to the %title% archives.\" href=\"%link%\" class=\"%type%\"><span property=\"name\">%htitle%</span></a><meta property=\"position\" content=\"%position%\"></span>\";s:24:\"Hdate_template_no_anchor\";s:142:\"<span property=\"itemListElement\" typeof=\"ListItem\"><span property=\"name\">%htitle%</span><meta property=\"position\" content=\"%position%\"></span>\";s:39:\"bpost_scheduled-action_taxonomy_referer\";b:0;s:31:\"Hpost_scheduled-action_template\";s:234:\"<span property=\"itemListElement\" typeof=\"ListItem\"><a property=\"item\" typeof=\"WebPage\" title=\"Go to %title%.\" href=\"%link%\" class=\"%type%\"><span property=\"name\">%htitle%</span></a><meta property=\"position\" content=\"%position%\"></span>\";s:41:\"Hpost_scheduled-action_template_no_anchor\";s:36:\"<span class=\"%type%\">%htitle%</span>\";s:27:\"apost_scheduled-action_root\";i:0;s:40:\"bpost_scheduled-action_hierarchy_display\";b:0;s:38:\"bpost_scheduled-action_archive_display\";b:0;s:37:\"Spost_scheduled-action_hierarchy_type\";s:8:\"BCN_DATE\";s:45:\"bpost_scheduled-action_hierarchy_parent_first\";b:0;s:30:\"bpost_product_taxonomy_referer\";b:0;s:22:\"Hpost_product_template\";s:234:\"<span property=\"itemListElement\" typeof=\"ListItem\"><a property=\"item\" typeof=\"WebPage\" title=\"Go to %title%.\" href=\"%link%\" class=\"%type%\"><span property=\"name\">%htitle%</span></a><meta property=\"position\" content=\"%position%\"></span>\";s:32:\"Hpost_product_template_no_anchor\";s:142:\"<span property=\"itemListElement\" typeof=\"ListItem\"><span property=\"name\">%htitle%</span><meta property=\"position\" content=\"%position%\"></span>\";s:18:\"apost_product_root\";i:60;s:31:\"bpost_product_hierarchy_display\";b:0;s:29:\"bpost_product_archive_display\";b:0;s:28:\"Spost_product_hierarchy_type\";s:11:\"product_cat\";s:36:\"bpost_product_hierarchy_parent_first\";b:0;s:40:\"bpost_product_variation_taxonomy_referer\";b:0;s:32:\"Hpost_product_variation_template\";s:234:\"<span property=\"itemListElement\" typeof=\"ListItem\"><a property=\"item\" typeof=\"WebPage\" title=\"Go to %title%.\" href=\"%link%\" class=\"%type%\"><span property=\"name\">%htitle%</span></a><meta property=\"position\" content=\"%position%\"></span>\";s:42:\"Hpost_product_variation_template_no_anchor\";s:142:\"<span property=\"itemListElement\" typeof=\"ListItem\"><span property=\"name\">%htitle%</span><meta property=\"position\" content=\"%position%\"></span>\";s:28:\"apost_product_variation_root\";i:0;s:41:\"bpost_product_variation_hierarchy_display\";b:0;s:39:\"bpost_product_variation_archive_display\";b:0;s:38:\"Spost_product_variation_hierarchy_type\";s:22:\"product_shipping_class\";s:46:\"bpost_product_variation_hierarchy_parent_first\";b:0;s:33:\"bpost_shop_order_taxonomy_referer\";b:0;s:25:\"Hpost_shop_order_template\";s:234:\"<span property=\"itemListElement\" typeof=\"ListItem\"><a property=\"item\" typeof=\"WebPage\" title=\"Go to %title%.\" href=\"%link%\" class=\"%type%\"><span property=\"name\">%htitle%</span></a><meta property=\"position\" content=\"%position%\"></span>\";s:35:\"Hpost_shop_order_template_no_anchor\";s:142:\"<span property=\"itemListElement\" typeof=\"ListItem\"><span property=\"name\">%htitle%</span><meta property=\"position\" content=\"%position%\"></span>\";s:21:\"apost_shop_order_root\";i:0;s:34:\"bpost_shop_order_hierarchy_display\";b:0;s:32:\"bpost_shop_order_archive_display\";b:0;s:31:\"Spost_shop_order_hierarchy_type\";s:8:\"BCN_DATE\";s:39:\"bpost_shop_order_hierarchy_parent_first\";b:0;s:40:\"bpost_shop_order_refund_taxonomy_referer\";b:0;s:32:\"Hpost_shop_order_refund_template\";s:234:\"<span property=\"itemListElement\" typeof=\"ListItem\"><a property=\"item\" typeof=\"WebPage\" title=\"Go to %title%.\" href=\"%link%\" class=\"%type%\"><span property=\"name\">%htitle%</span></a><meta property=\"position\" content=\"%position%\"></span>\";s:42:\"Hpost_shop_order_refund_template_no_anchor\";s:142:\"<span property=\"itemListElement\" typeof=\"ListItem\"><span property=\"name\">%htitle%</span><meta property=\"position\" content=\"%position%\"></span>\";s:28:\"apost_shop_order_refund_root\";i:0;s:41:\"bpost_shop_order_refund_hierarchy_display\";b:0;s:39:\"bpost_shop_order_refund_archive_display\";b:0;s:38:\"Spost_shop_order_refund_hierarchy_type\";s:8:\"BCN_DATE\";s:46:\"bpost_shop_order_refund_hierarchy_parent_first\";b:0;s:34:\"bpost_shop_coupon_taxonomy_referer\";b:0;s:26:\"Hpost_shop_coupon_template\";s:234:\"<span property=\"itemListElement\" typeof=\"ListItem\"><a property=\"item\" typeof=\"WebPage\" title=\"Go to %title%.\" href=\"%link%\" class=\"%type%\"><span property=\"name\">%htitle%</span></a><meta property=\"position\" content=\"%position%\"></span>\";s:36:\"Hpost_shop_coupon_template_no_anchor\";s:142:\"<span property=\"itemListElement\" typeof=\"ListItem\"><span property=\"name\">%htitle%</span><meta property=\"position\" content=\"%position%\"></span>\";s:22:\"apost_shop_coupon_root\";i:0;s:35:\"bpost_shop_coupon_hierarchy_display\";b:0;s:33:\"bpost_shop_coupon_archive_display\";b:0;s:32:\"Spost_shop_coupon_hierarchy_type\";s:8:\"BCN_DATE\";s:40:\"bpost_shop_coupon_hierarchy_parent_first\";b:0;s:36:\"bpost_vc4_templates_taxonomy_referer\";b:0;s:28:\"Hpost_vc4_templates_template\";s:234:\"<span property=\"itemListElement\" typeof=\"ListItem\"><a property=\"item\" typeof=\"WebPage\" title=\"Go to %title%.\" href=\"%link%\" class=\"%type%\"><span property=\"name\">%htitle%</span></a><meta property=\"position\" content=\"%position%\"></span>\";s:38:\"Hpost_vc4_templates_template_no_anchor\";s:142:\"<span property=\"itemListElement\" typeof=\"ListItem\"><span property=\"name\">%htitle%</span><meta property=\"position\" content=\"%position%\"></span>\";s:24:\"apost_vc4_templates_root\";i:0;s:37:\"bpost_vc4_templates_hierarchy_display\";b:0;s:35:\"bpost_vc4_templates_archive_display\";b:0;s:34:\"Spost_vc4_templates_hierarchy_type\";s:8:\"BCN_DATE\";s:42:\"bpost_vc4_templates_hierarchy_parent_first\";b:0;s:41:\"bpost_wpcf7_contact_form_taxonomy_referer\";b:0;s:33:\"Hpost_wpcf7_contact_form_template\";s:234:\"<span property=\"itemListElement\" typeof=\"ListItem\"><a property=\"item\" typeof=\"WebPage\" title=\"Go to %title%.\" href=\"%link%\" class=\"%type%\"><span property=\"name\">%htitle%</span></a><meta property=\"position\" content=\"%position%\"></span>\";s:43:\"Hpost_wpcf7_contact_form_template_no_anchor\";s:142:\"<span property=\"itemListElement\" typeof=\"ListItem\"><span property=\"name\">%htitle%</span><meta property=\"position\" content=\"%position%\"></span>\";s:29:\"apost_wpcf7_contact_form_root\";i:0;s:42:\"bpost_wpcf7_contact_form_hierarchy_display\";b:0;s:40:\"bpost_wpcf7_contact_form_archive_display\";b:0;s:39:\"Spost_wpcf7_contact_form_hierarchy_type\";s:8:\"BCN_DATE\";s:47:\"bpost_wpcf7_contact_form_hierarchy_parent_first\";b:0;s:35:\"bpost_vc_grid_item_taxonomy_referer\";b:0;s:27:\"Hpost_vc_grid_item_template\";s:234:\"<span property=\"itemListElement\" typeof=\"ListItem\"><a property=\"item\" typeof=\"WebPage\" title=\"Go to %title%.\" href=\"%link%\" class=\"%type%\"><span property=\"name\">%htitle%</span></a><meta property=\"position\" content=\"%position%\"></span>\";s:37:\"Hpost_vc_grid_item_template_no_anchor\";s:142:\"<span property=\"itemListElement\" typeof=\"ListItem\"><span property=\"name\">%htitle%</span><meta property=\"position\" content=\"%position%\"></span>\";s:23:\"apost_vc_grid_item_root\";i:0;s:36:\"bpost_vc_grid_item_hierarchy_display\";b:0;s:34:\"bpost_vc_grid_item_archive_display\";b:0;s:33:\"Spost_vc_grid_item_hierarchy_type\";s:8:\"BCN_DATE\";s:41:\"bpost_vc_grid_item_hierarchy_parent_first\";b:0;s:32:\"bpost_lp_course_taxonomy_referer\";b:0;s:24:\"Hpost_lp_course_template\";s:234:\"<span property=\"itemListElement\" typeof=\"ListItem\"><a property=\"item\" typeof=\"WebPage\" title=\"Go to %title%.\" href=\"%link%\" class=\"%type%\"><span property=\"name\">%htitle%</span></a><meta property=\"position\" content=\"%position%\"></span>\";s:34:\"Hpost_lp_course_template_no_anchor\";s:142:\"<span property=\"itemListElement\" typeof=\"ListItem\"><span property=\"name\">%htitle%</span><meta property=\"position\" content=\"%position%\"></span>\";s:20:\"apost_lp_course_root\";i:11;s:33:\"bpost_lp_course_hierarchy_display\";b:0;s:31:\"bpost_lp_course_archive_display\";b:0;s:30:\"Spost_lp_course_hierarchy_type\";s:15:\"course_category\";s:38:\"bpost_lp_course_hierarchy_parent_first\";b:0;s:32:\"bpost_lp_lesson_taxonomy_referer\";b:0;s:24:\"Hpost_lp_lesson_template\";s:234:\"<span property=\"itemListElement\" typeof=\"ListItem\"><a property=\"item\" typeof=\"WebPage\" title=\"Go to %title%.\" href=\"%link%\" class=\"%type%\"><span property=\"name\">%htitle%</span></a><meta property=\"position\" content=\"%position%\"></span>\";s:34:\"Hpost_lp_lesson_template_no_anchor\";s:142:\"<span property=\"itemListElement\" typeof=\"ListItem\"><span property=\"name\">%htitle%</span><meta property=\"position\" content=\"%position%\"></span>\";s:20:\"apost_lp_lesson_root\";i:0;s:33:\"bpost_lp_lesson_hierarchy_display\";b:0;s:31:\"bpost_lp_lesson_archive_display\";b:1;s:30:\"Spost_lp_lesson_hierarchy_type\";s:8:\"BCN_DATE\";s:38:\"bpost_lp_lesson_hierarchy_parent_first\";b:0;s:30:\"bpost_lp_quiz_taxonomy_referer\";b:0;s:22:\"Hpost_lp_quiz_template\";s:234:\"<span property=\"itemListElement\" typeof=\"ListItem\"><a property=\"item\" typeof=\"WebPage\" title=\"Go to %title%.\" href=\"%link%\" class=\"%type%\"><span property=\"name\">%htitle%</span></a><meta property=\"position\" content=\"%position%\"></span>\";s:32:\"Hpost_lp_quiz_template_no_anchor\";s:142:\"<span property=\"itemListElement\" typeof=\"ListItem\"><span property=\"name\">%htitle%</span><meta property=\"position\" content=\"%position%\"></span>\";s:18:\"apost_lp_quiz_root\";i:0;s:31:\"bpost_lp_quiz_hierarchy_display\";b:0;s:29:\"bpost_lp_quiz_archive_display\";b:1;s:28:\"Spost_lp_quiz_hierarchy_type\";s:8:\"BCN_DATE\";s:36:\"bpost_lp_quiz_hierarchy_parent_first\";b:0;s:34:\"bpost_lp_question_taxonomy_referer\";b:0;s:26:\"Hpost_lp_question_template\";s:234:\"<span property=\"itemListElement\" typeof=\"ListItem\"><a property=\"item\" typeof=\"WebPage\" title=\"Go to %title%.\" href=\"%link%\" class=\"%type%\"><span property=\"name\">%htitle%</span></a><meta property=\"position\" content=\"%position%\"></span>\";s:36:\"Hpost_lp_question_template_no_anchor\";s:142:\"<span property=\"itemListElement\" typeof=\"ListItem\"><span property=\"name\">%htitle%</span><meta property=\"position\" content=\"%position%\"></span>\";s:22:\"apost_lp_question_root\";i:0;s:35:\"bpost_lp_question_hierarchy_display\";b:0;s:33:\"bpost_lp_question_archive_display\";b:0;s:32:\"Spost_lp_question_hierarchy_type\";s:12:\"question_tag\";s:40:\"bpost_lp_question_hierarchy_parent_first\";b:0;s:31:\"bpost_lp_order_taxonomy_referer\";b:0;s:23:\"Hpost_lp_order_template\";s:234:\"<span property=\"itemListElement\" typeof=\"ListItem\"><a property=\"item\" typeof=\"WebPage\" title=\"Go to %title%.\" href=\"%link%\" class=\"%type%\"><span property=\"name\">%htitle%</span></a><meta property=\"position\" content=\"%position%\"></span>\";s:33:\"Hpost_lp_order_template_no_anchor\";s:142:\"<span property=\"itemListElement\" typeof=\"ListItem\"><span property=\"name\">%htitle%</span><meta property=\"position\" content=\"%position%\"></span>\";s:19:\"apost_lp_order_root\";i:0;s:32:\"bpost_lp_order_hierarchy_display\";b:0;s:30:\"bpost_lp_order_archive_display\";b:0;s:29:\"Spost_lp_order_hierarchy_type\";s:8:\"BCN_DATE\";s:37:\"bpost_lp_order_hierarchy_parent_first\";b:0;s:34:\"bpost_ac_research_taxonomy_referer\";b:0;s:26:\"Hpost_ac_research_template\";s:234:\"<span property=\"itemListElement\" typeof=\"ListItem\"><a property=\"item\" typeof=\"WebPage\" title=\"Go to %title%.\" href=\"%link%\" class=\"%type%\"><span property=\"name\">%htitle%</span></a><meta property=\"position\" content=\"%position%\"></span>\";s:36:\"Hpost_ac_research_template_no_anchor\";s:142:\"<span property=\"itemListElement\" typeof=\"ListItem\"><span property=\"name\">%htitle%</span><meta property=\"position\" content=\"%position%\"></span>\";s:22:\"apost_ac_research_root\";i:862;s:35:\"bpost_ac_research_hierarchy_display\";b:0;s:33:\"bpost_ac_research_archive_display\";b:0;s:32:\"Spost_ac_research_hierarchy_type\";s:20:\"ac_research_category\";s:40:\"bpost_ac_research_hierarchy_parent_first\";b:0;s:31:\"bpost_ac_event_taxonomy_referer\";b:0;s:23:\"Hpost_ac_event_template\";s:234:\"<span property=\"itemListElement\" typeof=\"ListItem\"><a property=\"item\" typeof=\"WebPage\" title=\"Go to %title%.\" href=\"%link%\" class=\"%type%\"><span property=\"name\">%htitle%</span></a><meta property=\"position\" content=\"%position%\"></span>\";s:33:\"Hpost_ac_event_template_no_anchor\";s:142:\"<span property=\"itemListElement\" typeof=\"ListItem\"><span property=\"name\">%htitle%</span><meta property=\"position\" content=\"%position%\"></span>\";s:19:\"apost_ac_event_root\";i:871;s:32:\"bpost_ac_event_hierarchy_display\";b:0;s:30:\"bpost_ac_event_archive_display\";b:0;s:29:\"Spost_ac_event_hierarchy_type\";s:17:\"ac_event_category\";s:37:\"bpost_ac_event_hierarchy_parent_first\";b:0;s:37:\"bpost_ac_testimonial_taxonomy_referer\";b:0;s:29:\"Hpost_ac_testimonial_template\";s:234:\"<span property=\"itemListElement\" typeof=\"ListItem\"><a property=\"item\" typeof=\"WebPage\" title=\"Go to %title%.\" href=\"%link%\" class=\"%type%\"><span property=\"name\">%htitle%</span></a><meta property=\"position\" content=\"%position%\"></span>\";s:39:\"Hpost_ac_testimonial_template_no_anchor\";s:142:\"<span property=\"itemListElement\" typeof=\"ListItem\"><span property=\"name\">%htitle%</span><meta property=\"position\" content=\"%position%\"></span>\";s:25:\"apost_ac_testimonial_root\";i:0;s:38:\"bpost_ac_testimonial_hierarchy_display\";b:0;s:36:\"bpost_ac_testimonial_archive_display\";b:0;s:35:\"Spost_ac_testimonial_hierarchy_type\";s:23:\"ac_testimonial_category\";s:43:\"bpost_ac_testimonial_hierarchy_parent_first\";b:0;s:33:\"bpost_ac_gallery_taxonomy_referer\";b:0;s:25:\"Hpost_ac_gallery_template\";s:234:\"<span property=\"itemListElement\" typeof=\"ListItem\"><a property=\"item\" typeof=\"WebPage\" title=\"Go to %title%.\" href=\"%link%\" class=\"%type%\"><span property=\"name\">%htitle%</span></a><meta property=\"position\" content=\"%position%\"></span>\";s:35:\"Hpost_ac_gallery_template_no_anchor\";s:142:\"<span property=\"itemListElement\" typeof=\"ListItem\"><span property=\"name\">%htitle%</span><meta property=\"position\" content=\"%position%\"></span>\";s:21:\"apost_ac_gallery_root\";i:0;s:34:\"bpost_ac_gallery_hierarchy_display\";b:0;s:32:\"bpost_ac_gallery_archive_display\";b:0;s:31:\"Spost_ac_gallery_hierarchy_type\";s:19:\"ac_gallery_category\";s:39:\"bpost_ac_gallery_hierarchy_parent_first\";b:0;s:26:\"Htax_action-group_template\";s:260:\"<span property=\"itemListElement\" typeof=\"ListItem\"><a property=\"item\" typeof=\"WebPage\" title=\"Go to the %title% Action Group archives.\" href=\"%link%\" class=\"%type%\"><span property=\"name\">%htitle%</span></a><meta property=\"position\" content=\"%position%\"></span>\";s:36:\"Htax_action-group_template_no_anchor\";s:142:\"<span property=\"itemListElement\" typeof=\"ListItem\"><span property=\"name\">%htitle%</span><meta property=\"position\" content=\"%position%\"></span>\";s:26:\"Htax_product_type_template\";s:251:\"<span property=\"itemListElement\" typeof=\"ListItem\"><a property=\"item\" typeof=\"WebPage\" title=\"Go to the %title% Tag archives.\" href=\"%link%\" class=\"%type%\"><span property=\"name\">%htitle%</span></a><meta property=\"position\" content=\"%position%\"></span>\";s:36:\"Htax_product_type_template_no_anchor\";s:142:\"<span property=\"itemListElement\" typeof=\"ListItem\"><span property=\"name\">%htitle%</span><meta property=\"position\" content=\"%position%\"></span>\";s:32:\"Htax_product_visibility_template\";s:251:\"<span property=\"itemListElement\" typeof=\"ListItem\"><a property=\"item\" typeof=\"WebPage\" title=\"Go to the %title% Tag archives.\" href=\"%link%\" class=\"%type%\"><span property=\"name\">%htitle%</span></a><meta property=\"position\" content=\"%position%\"></span>\";s:42:\"Htax_product_visibility_template_no_anchor\";s:142:\"<span property=\"itemListElement\" typeof=\"ListItem\"><span property=\"name\">%htitle%</span><meta property=\"position\" content=\"%position%\"></span>\";s:25:\"Htax_product_cat_template\";s:256:\"<span property=\"itemListElement\" typeof=\"ListItem\"><a property=\"item\" typeof=\"WebPage\" title=\"Go to the %title% Category archives.\" href=\"%link%\" class=\"%type%\"><span property=\"name\">%htitle%</span></a><meta property=\"position\" content=\"%position%\"></span>\";s:35:\"Htax_product_cat_template_no_anchor\";s:142:\"<span property=\"itemListElement\" typeof=\"ListItem\"><span property=\"name\">%htitle%</span><meta property=\"position\" content=\"%position%\"></span>\";s:25:\"Htax_product_tag_template\";s:251:\"<span property=\"itemListElement\" typeof=\"ListItem\"><a property=\"item\" typeof=\"WebPage\" title=\"Go to the %title% Tag archives.\" href=\"%link%\" class=\"%type%\"><span property=\"name\">%htitle%</span></a><meta property=\"position\" content=\"%position%\"></span>\";s:35:\"Htax_product_tag_template_no_anchor\";s:142:\"<span property=\"itemListElement\" typeof=\"ListItem\"><span property=\"name\">%htitle%</span><meta property=\"position\" content=\"%position%\"></span>\";s:36:\"Htax_product_shipping_class_template\";s:262:\"<span property=\"itemListElement\" typeof=\"ListItem\"><a property=\"item\" typeof=\"WebPage\" title=\"Go to the %title% Shipping class archives.\" href=\"%link%\" class=\"%type%\"><span property=\"name\">%htitle%</span></a><meta property=\"position\" content=\"%position%\"></span>\";s:46:\"Htax_product_shipping_class_template_no_anchor\";s:142:\"<span property=\"itemListElement\" typeof=\"ListItem\"><span property=\"name\">%htitle%</span><meta property=\"position\" content=\"%position%\"></span>\";s:29:\"Htax_course_category_template\";s:256:\"<span property=\"itemListElement\" typeof=\"ListItem\"><a property=\"item\" typeof=\"WebPage\" title=\"Go to the %title% Category archives.\" href=\"%link%\" class=\"%type%\"><span property=\"name\">%htitle%</span></a><meta property=\"position\" content=\"%position%\"></span>\";s:39:\"Htax_course_category_template_no_anchor\";s:142:\"<span property=\"itemListElement\" typeof=\"ListItem\"><span property=\"name\">%htitle%</span><meta property=\"position\" content=\"%position%\"></span>\";s:24:\"Htax_course_tag_template\";s:251:\"<span property=\"itemListElement\" typeof=\"ListItem\"><a property=\"item\" typeof=\"WebPage\" title=\"Go to the %title% Tag archives.\" href=\"%link%\" class=\"%type%\"><span property=\"name\">%htitle%</span></a><meta property=\"position\" content=\"%position%\"></span>\";s:34:\"Htax_course_tag_template_no_anchor\";s:142:\"<span property=\"itemListElement\" typeof=\"ListItem\"><span property=\"name\">%htitle%</span><meta property=\"position\" content=\"%position%\"></span>\";s:26:\"Htax_question_tag_template\";s:251:\"<span property=\"itemListElement\" typeof=\"ListItem\"><a property=\"item\" typeof=\"WebPage\" title=\"Go to the %title% Tag archives.\" href=\"%link%\" class=\"%type%\"><span property=\"name\">%htitle%</span></a><meta property=\"position\" content=\"%position%\"></span>\";s:36:\"Htax_question_tag_template_no_anchor\";s:142:\"<span property=\"itemListElement\" typeof=\"ListItem\"><span property=\"name\">%htitle%</span><meta property=\"position\" content=\"%position%\"></span>\";s:34:\"Htax_ac_research_category_template\";s:265:\"<span property=\"itemListElement\" typeof=\"ListItem\"><a property=\"item\" typeof=\"WebPage\" title=\"Go to the %title% Research Category archives.\" href=\"%link%\" class=\"%type%\"><span property=\"name\">%htitle%</span></a><meta property=\"position\" content=\"%position%\"></span>\";s:44:\"Htax_ac_research_category_template_no_anchor\";s:142:\"<span property=\"itemListElement\" typeof=\"ListItem\"><span property=\"name\">%htitle%</span><meta property=\"position\" content=\"%position%\"></span>\";s:31:\"Htax_ac_event_category_template\";s:262:\"<span property=\"itemListElement\" typeof=\"ListItem\"><a property=\"item\" typeof=\"WebPage\" title=\"Go to the %title% Event Category archives.\" href=\"%link%\" class=\"%type%\"><span property=\"name\">%htitle%</span></a><meta property=\"position\" content=\"%position%\"></span>\";s:41:\"Htax_ac_event_category_template_no_anchor\";s:142:\"<span property=\"itemListElement\" typeof=\"ListItem\"><span property=\"name\">%htitle%</span><meta property=\"position\" content=\"%position%\"></span>\";s:37:\"Htax_ac_testimonial_category_template\";s:268:\"<span property=\"itemListElement\" typeof=\"ListItem\"><a property=\"item\" typeof=\"WebPage\" title=\"Go to the %title% Testimonial Category archives.\" href=\"%link%\" class=\"%type%\"><span property=\"name\">%htitle%</span></a><meta property=\"position\" content=\"%position%\"></span>\";s:47:\"Htax_ac_testimonial_category_template_no_anchor\";s:142:\"<span property=\"itemListElement\" typeof=\"ListItem\"><span property=\"name\">%htitle%</span><meta property=\"position\" content=\"%position%\"></span>\";s:33:\"Htax_ac_gallery_category_template\";s:264:\"<span property=\"itemListElement\" typeof=\"ListItem\"><a property=\"item\" typeof=\"WebPage\" title=\"Go to the %title% Gallery Category archives.\" href=\"%link%\" class=\"%type%\"><span property=\"name\">%htitle%</span></a><meta property=\"position\" content=\"%position%\"></span>\";s:43:\"Htax_ac_gallery_category_template_no_anchor\";s:142:\"<span property=\"itemListElement\" typeof=\"ListItem\"><span property=\"name\">%htitle%</span><meta property=\"position\" content=\"%position%\"></span>\";s:35:\"bpost_shop_webhook_taxonomy_referer\";b:0;s:27:\"Hpost_shop_webhook_template\";s:234:\"<span property=\"itemListElement\" typeof=\"ListItem\"><a property=\"item\" typeof=\"WebPage\" title=\"Go to %title%.\" href=\"%link%\" class=\"%type%\"><span property=\"name\">%htitle%</span></a><meta property=\"position\" content=\"%position%\"></span>\";s:37:\"Hpost_shop_webhook_template_no_anchor\";s:142:\"<span property=\"itemListElement\" typeof=\"ListItem\"><span property=\"name\">%htitle%</span><meta property=\"position\" content=\"%position%\"></span>\";s:34:\"bpost_shop_webhook_archive_display\";b:0;s:23:\"apost_shop_webhook_root\";i:0;s:36:\"bpost_shop_webhook_hierarchy_display\";b:0;s:33:\"Spost_shop_webhook_hierarchy_type\";s:8:\"BCN_DATE\";s:14:\"Hblog_template\";s:234:\"<span property=\"itemListElement\" typeof=\"ListItem\"><a property=\"item\" typeof=\"WebPage\" title=\"Go to %title%.\" href=\"%link%\" class=\"%type%\"><span property=\"name\">%htitle%</span></a><meta property=\"position\" content=\"%position%\"></span>\";s:24:\"Hblog_template_no_anchor\";s:142:\"<span property=\"itemListElement\" typeof=\"ListItem\"><span property=\"name\">%htitle%</span><meta property=\"position\" content=\"%position%\"></span>\";s:27:\"bpost_post_taxonomy_display\";b:0;s:24:\"Spost_post_taxonomy_type\";s:8:\"category\";s:30:\"bpost_product_taxonomy_display\";b:0;s:27:\"Spost_product_taxonomy_type\";s:11:\"product_cat\";s:40:\"bpost_product_variation_taxonomy_display\";b:0;s:37:\"Spost_product_variation_taxonomy_type\";s:22:\"product_shipping_class\";s:33:\"bpost_shop_order_taxonomy_display\";b:0;s:30:\"Spost_shop_order_taxonomy_type\";s:8:\"BCN_DATE\";s:40:\"bpost_shop_order_refund_taxonomy_display\";b:0;s:37:\"Spost_shop_order_refund_taxonomy_type\";s:8:\"BCN_DATE\";s:34:\"bpost_shop_coupon_taxonomy_display\";b:0;s:31:\"Spost_shop_coupon_taxonomy_type\";s:8:\"BCN_DATE\";s:35:\"bpost_shop_webhook_taxonomy_display\";b:0;s:32:\"Spost_shop_webhook_taxonomy_type\";s:8:\"BCN_DATE\";s:36:\"bpost_vc4_templates_taxonomy_display\";b:0;s:33:\"Spost_vc4_templates_taxonomy_type\";s:8:\"BCN_DATE\";s:41:\"bpost_wpcf7_contact_form_taxonomy_display\";b:0;s:38:\"Spost_wpcf7_contact_form_taxonomy_type\";s:8:\"BCN_DATE\";s:35:\"bpost_vc_grid_item_taxonomy_display\";b:0;s:32:\"Spost_vc_grid_item_taxonomy_type\";s:8:\"BCN_DATE\";s:32:\"bpost_lp_course_taxonomy_display\";b:0;s:29:\"Spost_lp_course_taxonomy_type\";s:15:\"course_category\";s:36:\"bpost_lp_instructor_taxonomy_referer\";b:0;s:28:\"Hpost_lp_instructor_template\";s:234:\"<span property=\"itemListElement\" typeof=\"ListItem\"><a property=\"item\" typeof=\"WebPage\" title=\"Go to %title%.\" href=\"%link%\" class=\"%type%\"><span property=\"name\">%htitle%</span></a><meta property=\"position\" content=\"%position%\"></span>\";s:38:\"Hpost_lp_instructor_template_no_anchor\";s:142:\"<span property=\"itemListElement\" typeof=\"ListItem\"><span property=\"name\">%htitle%</span><meta property=\"position\" content=\"%position%\"></span>\";s:35:\"bpost_lp_instructor_archive_display\";b:0;s:24:\"apost_lp_instructor_root\";i:992;s:36:\"bpost_lp_instructor_taxonomy_display\";b:0;s:33:\"Spost_lp_instructor_taxonomy_type\";s:19:\"instructor_category\";s:34:\"bpost_ac_research_taxonomy_display\";b:0;s:31:\"Spost_ac_research_taxonomy_type\";s:20:\"ac_research_category\";s:31:\"bpost_ac_event_taxonomy_display\";b:0;s:28:\"Spost_ac_event_taxonomy_type\";s:17:\"ac_event_category\";s:37:\"bpost_ac_testimonial_taxonomy_display\";b:0;s:34:\"Spost_ac_testimonial_taxonomy_type\";s:8:\"BCN_DATE\";s:33:\"bpost_ac_gallery_taxonomy_display\";b:0;s:30:\"Spost_ac_gallery_taxonomy_type\";s:19:\"ac_gallery_category\";s:33:\"Htax_instructor_category_template\";s:267:\"<span property=\"itemListElement\" typeof=\"ListItem\"><a property=\"item\" typeof=\"WebPage\" title=\"Go to the %title% Instructor Category archives.\" href=\"%link%\" class=\"%type%\"><span property=\"name\">%htitle%</span></a><meta property=\"position\" content=\"%position%\"></span>\";s:43:\"Htax_instructor_category_template_no_anchor\";s:142:\"<span property=\"itemListElement\" typeof=\"ListItem\"><span property=\"name\">%htitle%</span><meta property=\"position\" content=\"%position%\"></span>\";s:32:\"bpost_lp_lesson_taxonomy_display\";b:0;s:29:\"Spost_lp_lesson_taxonomy_type\";s:8:\"BCN_DATE\";s:30:\"bpost_lp_quiz_taxonomy_display\";b:0;s:27:\"Spost_lp_quiz_taxonomy_type\";s:8:\"BCN_DATE\";s:34:\"bpost_lp_question_taxonomy_display\";b:0;s:31:\"Spost_lp_question_taxonomy_type\";s:12:\"question_tag\";s:31:\"bpost_lp_order_taxonomy_display\";b:0;s:28:\"Spost_lp_order_taxonomy_type\";s:8:\"BCN_DATE\";s:33:\"bpost_mc4wp-form_taxonomy_referer\";b:0;s:25:\"Hpost_mc4wp-form_template\";s:234:\"<span property=\"itemListElement\" typeof=\"ListItem\"><a property=\"item\" typeof=\"WebPage\" title=\"Go to %title%.\" href=\"%link%\" class=\"%type%\"><span property=\"name\">%htitle%</span></a><meta property=\"position\" content=\"%position%\"></span>\";s:35:\"Hpost_mc4wp-form_template_no_anchor\";s:142:\"<span property=\"itemListElement\" typeof=\"ListItem\"><span property=\"name\">%htitle%</span><meta property=\"position\" content=\"%position%\"></span>\";s:32:\"bpost_mc4wp-form_archive_display\";b:0;s:21:\"apost_mc4wp-form_root\";i:0;s:33:\"bpost_mc4wp-form_taxonomy_display\";b:0;s:30:\"Spost_mc4wp-form_taxonomy_type\";s:8:\"BCN_DATE\";}', 'yes');
INSERT INTO `wp_options` (`option_id`, `option_name`, `option_value`, `autoload`) VALUES
(625, 'bcn_options', 'a:281:{s:17:\"bmainsite_display\";b:1;s:18:\"Hmainsite_template\";s:234:\"<span property=\"itemListElement\" typeof=\"ListItem\"><a property=\"item\" typeof=\"WebPage\" title=\"Go to %title%.\" href=\"%link%\" class=\"%type%\"><span property=\"name\">%htitle%</span></a><meta property=\"position\" content=\"%position%\"></span>\";s:28:\"Hmainsite_template_no_anchor\";s:142:\"<span property=\"itemListElement\" typeof=\"ListItem\"><span property=\"name\">%htitle%</span><meta property=\"position\" content=\"%position%\"></span>\";s:13:\"bhome_display\";b:1;s:14:\"Hhome_template\";s:234:\"<span property=\"itemListElement\" typeof=\"ListItem\"><a property=\"item\" typeof=\"WebPage\" title=\"Go to %title%.\" href=\"%link%\" class=\"%type%\"><span property=\"name\">%htitle%</span></a><meta property=\"position\" content=\"%position%\"></span>\";s:24:\"Hhome_template_no_anchor\";s:142:\"<span property=\"itemListElement\" typeof=\"ListItem\"><span property=\"name\">%htitle%</span><meta property=\"position\" content=\"%position%\"></span>\";s:13:\"bblog_display\";b:1;s:10:\"hseparator\";s:45:\"<span class=\"breadcrumb-seperator\"> - </span>\";s:12:\"blimit_title\";b:0;s:17:\"amax_title_length\";i:20;s:20:\"bcurrent_item_linked\";b:0;s:28:\"bpost_page_hierarchy_display\";b:1;s:33:\"bpost_page_hierarchy_parent_first\";b:1;s:25:\"Spost_page_hierarchy_type\";s:15:\"BCN_POST_PARENT\";s:19:\"Hpost_page_template\";s:234:\"<span property=\"itemListElement\" typeof=\"ListItem\"><a property=\"item\" typeof=\"WebPage\" title=\"Go to %title%.\" href=\"%link%\" class=\"%type%\"><span property=\"name\">%htitle%</span></a><meta property=\"position\" content=\"%position%\"></span>\";s:29:\"Hpost_page_template_no_anchor\";s:142:\"<span property=\"itemListElement\" typeof=\"ListItem\"><span property=\"name\">%htitle%</span><meta property=\"position\" content=\"%position%\"></span>\";s:15:\"apost_page_root\";s:1:\"0\";s:15:\"Hpaged_template\";s:147:\"<span property=\"itemListElement\" typeof=\"ListItem\"><span property=\"name\">Page %htitle%</span><meta property=\"position\" content=\"%position%\"></span>\";s:14:\"bpaged_display\";b:0;s:19:\"Hpost_post_template\";s:234:\"<span property=\"itemListElement\" typeof=\"ListItem\"><a property=\"item\" typeof=\"WebPage\" title=\"Go to %title%.\" href=\"%link%\" class=\"%type%\"><span property=\"name\">%htitle%</span></a><meta property=\"position\" content=\"%position%\"></span>\";s:29:\"Hpost_post_template_no_anchor\";s:142:\"<span property=\"itemListElement\" typeof=\"ListItem\"><span property=\"name\">%htitle%</span><meta property=\"position\" content=\"%position%\"></span>\";s:15:\"apost_post_root\";s:1:\"0\";s:28:\"bpost_post_hierarchy_display\";b:0;s:33:\"bpost_post_hierarchy_parent_first\";b:0;s:27:\"bpost_post_taxonomy_referer\";b:0;s:25:\"Spost_post_hierarchy_type\";s:8:\"category\";s:34:\"bpost_attachment_hierarchy_display\";b:0;s:39:\"bpost_attachment_hierarchy_parent_first\";b:0;s:31:\"Spost_attachment_hierarchy_type\";s:15:\"BCN_POST_PARENT\";s:21:\"apost_attachment_root\";i:0;s:25:\"Hpost_attachment_template\";s:234:\"<span property=\"itemListElement\" typeof=\"ListItem\"><a property=\"item\" typeof=\"WebPage\" title=\"Go to %title%.\" href=\"%link%\" class=\"%type%\"><span property=\"name\">%htitle%</span></a><meta property=\"position\" content=\"%position%\"></span>\";s:35:\"Hpost_attachment_template_no_anchor\";s:142:\"<span property=\"itemListElement\" typeof=\"ListItem\"><span property=\"name\">%htitle%</span><meta property=\"position\" content=\"%position%\"></span>\";s:13:\"H404_template\";s:142:\"<span property=\"itemListElement\" typeof=\"ListItem\"><span property=\"name\">%htitle%</span><meta property=\"position\" content=\"%position%\"></span>\";s:10:\"S404_title\";s:3:\"404\";s:16:\"Hsearch_template\";s:302:\"<span property=\"itemListElement\" typeof=\"ListItem\"><span property=\"name\">Search results for &#039;<a property=\"item\" typeof=\"WebPage\" title=\"Go to the first page of search results for %title%.\" href=\"%link%\" class=\"%type%\">%htitle%</a>&#039;</span><meta property=\"position\" content=\"%position%\"></span>\";s:26:\"Hsearch_template_no_anchor\";s:173:\"<span property=\"itemListElement\" typeof=\"ListItem\"><span property=\"name\">Search results for &#039;%htitle%&#039;</span><meta property=\"position\" content=\"%position%\"></span>\";s:22:\"Htax_post_tag_template\";s:251:\"<span property=\"itemListElement\" typeof=\"ListItem\"><a property=\"item\" typeof=\"WebPage\" title=\"Go to the %title% tag archives.\" href=\"%link%\" class=\"%type%\"><span property=\"name\">%htitle%</span></a><meta property=\"position\" content=\"%position%\"></span>\";s:32:\"Htax_post_tag_template_no_anchor\";s:142:\"<span property=\"itemListElement\" typeof=\"ListItem\"><span property=\"name\">%htitle%</span><meta property=\"position\" content=\"%position%\"></span>\";s:25:\"Htax_post_format_template\";s:247:\"<span property=\"itemListElement\" typeof=\"ListItem\"><a property=\"item\" typeof=\"WebPage\" title=\"Go to the %title% archives.\" href=\"%link%\" class=\"%type%\"><span property=\"name\">%htitle%</span></a><meta property=\"position\" content=\"%position%\"></span>\";s:35:\"Htax_post_format_template_no_anchor\";s:142:\"<span property=\"itemListElement\" typeof=\"ListItem\"><span property=\"name\">%htitle%</span><meta property=\"position\" content=\"%position%\"></span>\";s:16:\"Hauthor_template\";s:180:\"<span property=\"itemListElement\" typeof=\"ListItem\"><span property=\"name\">Articles by: <a title=\"Go to the first page of posts by %title%.\" href=\"%link%\" class=\"%type%\">%htitle%</a>\";s:26:\"Hauthor_template_no_anchor\";s:155:\"<span property=\"itemListElement\" typeof=\"ListItem\"><span property=\"name\">Articles by: %htitle%</span><meta property=\"position\" content=\"%position%\"></span>\";s:12:\"Sauthor_name\";s:12:\"display_name\";s:12:\"aauthor_root\";i:0;s:22:\"Htax_category_template\";s:256:\"<span property=\"itemListElement\" typeof=\"ListItem\"><a property=\"item\" typeof=\"WebPage\" title=\"Go to the %title% category archives.\" href=\"%link%\" class=\"%type%\"><span property=\"name\">%htitle%</span></a><meta property=\"position\" content=\"%position%\"></span>\";s:32:\"Htax_category_template_no_anchor\";s:142:\"<span property=\"itemListElement\" typeof=\"ListItem\"><span property=\"name\">%htitle%</span><meta property=\"position\" content=\"%position%\"></span>\";s:14:\"Hdate_template\";s:247:\"<span property=\"itemListElement\" typeof=\"ListItem\"><a property=\"item\" typeof=\"WebPage\" title=\"Go to the %title% archives.\" href=\"%link%\" class=\"%type%\"><span property=\"name\">%htitle%</span></a><meta property=\"position\" content=\"%position%\"></span>\";s:24:\"Hdate_template_no_anchor\";s:142:\"<span property=\"itemListElement\" typeof=\"ListItem\"><span property=\"name\">%htitle%</span><meta property=\"position\" content=\"%position%\"></span>\";s:39:\"bpost_scheduled-action_taxonomy_referer\";b:0;s:31:\"Hpost_scheduled-action_template\";s:234:\"<span property=\"itemListElement\" typeof=\"ListItem\"><a property=\"item\" typeof=\"WebPage\" title=\"Go to %title%.\" href=\"%link%\" class=\"%type%\"><span property=\"name\">%htitle%</span></a><meta property=\"position\" content=\"%position%\"></span>\";s:41:\"Hpost_scheduled-action_template_no_anchor\";s:36:\"<span class=\"%type%\">%htitle%</span>\";s:27:\"apost_scheduled-action_root\";i:0;s:40:\"bpost_scheduled-action_hierarchy_display\";b:0;s:38:\"bpost_scheduled-action_archive_display\";b:0;s:37:\"Spost_scheduled-action_hierarchy_type\";s:8:\"BCN_DATE\";s:45:\"bpost_scheduled-action_hierarchy_parent_first\";b:0;s:30:\"bpost_product_taxonomy_referer\";b:0;s:22:\"Hpost_product_template\";s:234:\"<span property=\"itemListElement\" typeof=\"ListItem\"><a property=\"item\" typeof=\"WebPage\" title=\"Go to %title%.\" href=\"%link%\" class=\"%type%\"><span property=\"name\">%htitle%</span></a><meta property=\"position\" content=\"%position%\"></span>\";s:32:\"Hpost_product_template_no_anchor\";s:142:\"<span property=\"itemListElement\" typeof=\"ListItem\"><span property=\"name\">%htitle%</span><meta property=\"position\" content=\"%position%\"></span>\";s:18:\"apost_product_root\";i:60;s:31:\"bpost_product_hierarchy_display\";b:0;s:29:\"bpost_product_archive_display\";b:0;s:28:\"Spost_product_hierarchy_type\";s:11:\"product_cat\";s:36:\"bpost_product_hierarchy_parent_first\";b:0;s:40:\"bpost_product_variation_taxonomy_referer\";b:0;s:32:\"Hpost_product_variation_template\";s:234:\"<span property=\"itemListElement\" typeof=\"ListItem\"><a property=\"item\" typeof=\"WebPage\" title=\"Go to %title%.\" href=\"%link%\" class=\"%type%\"><span property=\"name\">%htitle%</span></a><meta property=\"position\" content=\"%position%\"></span>\";s:42:\"Hpost_product_variation_template_no_anchor\";s:142:\"<span property=\"itemListElement\" typeof=\"ListItem\"><span property=\"name\">%htitle%</span><meta property=\"position\" content=\"%position%\"></span>\";s:28:\"apost_product_variation_root\";i:0;s:41:\"bpost_product_variation_hierarchy_display\";b:0;s:39:\"bpost_product_variation_archive_display\";b:0;s:38:\"Spost_product_variation_hierarchy_type\";s:22:\"product_shipping_class\";s:46:\"bpost_product_variation_hierarchy_parent_first\";b:0;s:33:\"bpost_shop_order_taxonomy_referer\";b:0;s:25:\"Hpost_shop_order_template\";s:234:\"<span property=\"itemListElement\" typeof=\"ListItem\"><a property=\"item\" typeof=\"WebPage\" title=\"Go to %title%.\" href=\"%link%\" class=\"%type%\"><span property=\"name\">%htitle%</span></a><meta property=\"position\" content=\"%position%\"></span>\";s:35:\"Hpost_shop_order_template_no_anchor\";s:142:\"<span property=\"itemListElement\" typeof=\"ListItem\"><span property=\"name\">%htitle%</span><meta property=\"position\" content=\"%position%\"></span>\";s:21:\"apost_shop_order_root\";i:0;s:34:\"bpost_shop_order_hierarchy_display\";b:0;s:32:\"bpost_shop_order_archive_display\";b:0;s:31:\"Spost_shop_order_hierarchy_type\";s:8:\"BCN_DATE\";s:39:\"bpost_shop_order_hierarchy_parent_first\";b:0;s:40:\"bpost_shop_order_refund_taxonomy_referer\";b:0;s:32:\"Hpost_shop_order_refund_template\";s:234:\"<span property=\"itemListElement\" typeof=\"ListItem\"><a property=\"item\" typeof=\"WebPage\" title=\"Go to %title%.\" href=\"%link%\" class=\"%type%\"><span property=\"name\">%htitle%</span></a><meta property=\"position\" content=\"%position%\"></span>\";s:42:\"Hpost_shop_order_refund_template_no_anchor\";s:142:\"<span property=\"itemListElement\" typeof=\"ListItem\"><span property=\"name\">%htitle%</span><meta property=\"position\" content=\"%position%\"></span>\";s:28:\"apost_shop_order_refund_root\";i:0;s:41:\"bpost_shop_order_refund_hierarchy_display\";b:0;s:39:\"bpost_shop_order_refund_archive_display\";b:0;s:38:\"Spost_shop_order_refund_hierarchy_type\";s:8:\"BCN_DATE\";s:46:\"bpost_shop_order_refund_hierarchy_parent_first\";b:0;s:34:\"bpost_shop_coupon_taxonomy_referer\";b:0;s:26:\"Hpost_shop_coupon_template\";s:234:\"<span property=\"itemListElement\" typeof=\"ListItem\"><a property=\"item\" typeof=\"WebPage\" title=\"Go to %title%.\" href=\"%link%\" class=\"%type%\"><span property=\"name\">%htitle%</span></a><meta property=\"position\" content=\"%position%\"></span>\";s:36:\"Hpost_shop_coupon_template_no_anchor\";s:142:\"<span property=\"itemListElement\" typeof=\"ListItem\"><span property=\"name\">%htitle%</span><meta property=\"position\" content=\"%position%\"></span>\";s:22:\"apost_shop_coupon_root\";i:0;s:35:\"bpost_shop_coupon_hierarchy_display\";b:0;s:33:\"bpost_shop_coupon_archive_display\";b:0;s:32:\"Spost_shop_coupon_hierarchy_type\";s:8:\"BCN_DATE\";s:40:\"bpost_shop_coupon_hierarchy_parent_first\";b:0;s:36:\"bpost_vc4_templates_taxonomy_referer\";b:0;s:28:\"Hpost_vc4_templates_template\";s:234:\"<span property=\"itemListElement\" typeof=\"ListItem\"><a property=\"item\" typeof=\"WebPage\" title=\"Go to %title%.\" href=\"%link%\" class=\"%type%\"><span property=\"name\">%htitle%</span></a><meta property=\"position\" content=\"%position%\"></span>\";s:38:\"Hpost_vc4_templates_template_no_anchor\";s:142:\"<span property=\"itemListElement\" typeof=\"ListItem\"><span property=\"name\">%htitle%</span><meta property=\"position\" content=\"%position%\"></span>\";s:24:\"apost_vc4_templates_root\";i:0;s:37:\"bpost_vc4_templates_hierarchy_display\";b:0;s:35:\"bpost_vc4_templates_archive_display\";b:0;s:34:\"Spost_vc4_templates_hierarchy_type\";s:8:\"BCN_DATE\";s:42:\"bpost_vc4_templates_hierarchy_parent_first\";b:0;s:41:\"bpost_wpcf7_contact_form_taxonomy_referer\";b:0;s:33:\"Hpost_wpcf7_contact_form_template\";s:234:\"<span property=\"itemListElement\" typeof=\"ListItem\"><a property=\"item\" typeof=\"WebPage\" title=\"Go to %title%.\" href=\"%link%\" class=\"%type%\"><span property=\"name\">%htitle%</span></a><meta property=\"position\" content=\"%position%\"></span>\";s:43:\"Hpost_wpcf7_contact_form_template_no_anchor\";s:142:\"<span property=\"itemListElement\" typeof=\"ListItem\"><span property=\"name\">%htitle%</span><meta property=\"position\" content=\"%position%\"></span>\";s:29:\"apost_wpcf7_contact_form_root\";i:0;s:42:\"bpost_wpcf7_contact_form_hierarchy_display\";b:0;s:40:\"bpost_wpcf7_contact_form_archive_display\";b:0;s:39:\"Spost_wpcf7_contact_form_hierarchy_type\";s:8:\"BCN_DATE\";s:47:\"bpost_wpcf7_contact_form_hierarchy_parent_first\";b:0;s:35:\"bpost_vc_grid_item_taxonomy_referer\";b:0;s:27:\"Hpost_vc_grid_item_template\";s:234:\"<span property=\"itemListElement\" typeof=\"ListItem\"><a property=\"item\" typeof=\"WebPage\" title=\"Go to %title%.\" href=\"%link%\" class=\"%type%\"><span property=\"name\">%htitle%</span></a><meta property=\"position\" content=\"%position%\"></span>\";s:37:\"Hpost_vc_grid_item_template_no_anchor\";s:142:\"<span property=\"itemListElement\" typeof=\"ListItem\"><span property=\"name\">%htitle%</span><meta property=\"position\" content=\"%position%\"></span>\";s:23:\"apost_vc_grid_item_root\";i:0;s:36:\"bpost_vc_grid_item_hierarchy_display\";b:0;s:34:\"bpost_vc_grid_item_archive_display\";b:0;s:33:\"Spost_vc_grid_item_hierarchy_type\";s:8:\"BCN_DATE\";s:41:\"bpost_vc_grid_item_hierarchy_parent_first\";b:0;s:32:\"bpost_lp_course_taxonomy_referer\";b:0;s:24:\"Hpost_lp_course_template\";s:234:\"<span property=\"itemListElement\" typeof=\"ListItem\"><a property=\"item\" typeof=\"WebPage\" title=\"Go to %title%.\" href=\"%link%\" class=\"%type%\"><span property=\"name\">%htitle%</span></a><meta property=\"position\" content=\"%position%\"></span>\";s:34:\"Hpost_lp_course_template_no_anchor\";s:142:\"<span property=\"itemListElement\" typeof=\"ListItem\"><span property=\"name\">%htitle%</span><meta property=\"position\" content=\"%position%\"></span>\";s:20:\"apost_lp_course_root\";i:11;s:33:\"bpost_lp_course_hierarchy_display\";b:0;s:31:\"bpost_lp_course_archive_display\";b:0;s:30:\"Spost_lp_course_hierarchy_type\";s:15:\"course_category\";s:38:\"bpost_lp_course_hierarchy_parent_first\";b:0;s:32:\"bpost_lp_lesson_taxonomy_referer\";b:0;s:24:\"Hpost_lp_lesson_template\";s:234:\"<span property=\"itemListElement\" typeof=\"ListItem\"><a property=\"item\" typeof=\"WebPage\" title=\"Go to %title%.\" href=\"%link%\" class=\"%type%\"><span property=\"name\">%htitle%</span></a><meta property=\"position\" content=\"%position%\"></span>\";s:34:\"Hpost_lp_lesson_template_no_anchor\";s:142:\"<span property=\"itemListElement\" typeof=\"ListItem\"><span property=\"name\">%htitle%</span><meta property=\"position\" content=\"%position%\"></span>\";s:20:\"apost_lp_lesson_root\";i:0;s:33:\"bpost_lp_lesson_hierarchy_display\";b:0;s:31:\"bpost_lp_lesson_archive_display\";b:1;s:30:\"Spost_lp_lesson_hierarchy_type\";s:8:\"BCN_DATE\";s:38:\"bpost_lp_lesson_hierarchy_parent_first\";b:0;s:30:\"bpost_lp_quiz_taxonomy_referer\";b:0;s:22:\"Hpost_lp_quiz_template\";s:234:\"<span property=\"itemListElement\" typeof=\"ListItem\"><a property=\"item\" typeof=\"WebPage\" title=\"Go to %title%.\" href=\"%link%\" class=\"%type%\"><span property=\"name\">%htitle%</span></a><meta property=\"position\" content=\"%position%\"></span>\";s:32:\"Hpost_lp_quiz_template_no_anchor\";s:142:\"<span property=\"itemListElement\" typeof=\"ListItem\"><span property=\"name\">%htitle%</span><meta property=\"position\" content=\"%position%\"></span>\";s:18:\"apost_lp_quiz_root\";i:0;s:31:\"bpost_lp_quiz_hierarchy_display\";b:0;s:29:\"bpost_lp_quiz_archive_display\";b:1;s:28:\"Spost_lp_quiz_hierarchy_type\";s:8:\"BCN_DATE\";s:36:\"bpost_lp_quiz_hierarchy_parent_first\";b:0;s:34:\"bpost_lp_question_taxonomy_referer\";b:0;s:26:\"Hpost_lp_question_template\";s:234:\"<span property=\"itemListElement\" typeof=\"ListItem\"><a property=\"item\" typeof=\"WebPage\" title=\"Go to %title%.\" href=\"%link%\" class=\"%type%\"><span property=\"name\">%htitle%</span></a><meta property=\"position\" content=\"%position%\"></span>\";s:36:\"Hpost_lp_question_template_no_anchor\";s:142:\"<span property=\"itemListElement\" typeof=\"ListItem\"><span property=\"name\">%htitle%</span><meta property=\"position\" content=\"%position%\"></span>\";s:22:\"apost_lp_question_root\";i:0;s:35:\"bpost_lp_question_hierarchy_display\";b:0;s:33:\"bpost_lp_question_archive_display\";b:0;s:32:\"Spost_lp_question_hierarchy_type\";s:12:\"question_tag\";s:40:\"bpost_lp_question_hierarchy_parent_first\";b:0;s:31:\"bpost_lp_order_taxonomy_referer\";b:0;s:23:\"Hpost_lp_order_template\";s:234:\"<span property=\"itemListElement\" typeof=\"ListItem\"><a property=\"item\" typeof=\"WebPage\" title=\"Go to %title%.\" href=\"%link%\" class=\"%type%\"><span property=\"name\">%htitle%</span></a><meta property=\"position\" content=\"%position%\"></span>\";s:33:\"Hpost_lp_order_template_no_anchor\";s:142:\"<span property=\"itemListElement\" typeof=\"ListItem\"><span property=\"name\">%htitle%</span><meta property=\"position\" content=\"%position%\"></span>\";s:19:\"apost_lp_order_root\";i:0;s:32:\"bpost_lp_order_hierarchy_display\";b:0;s:30:\"bpost_lp_order_archive_display\";b:0;s:29:\"Spost_lp_order_hierarchy_type\";s:8:\"BCN_DATE\";s:37:\"bpost_lp_order_hierarchy_parent_first\";b:0;s:34:\"bpost_ac_research_taxonomy_referer\";b:0;s:26:\"Hpost_ac_research_template\";s:234:\"<span property=\"itemListElement\" typeof=\"ListItem\"><a property=\"item\" typeof=\"WebPage\" title=\"Go to %title%.\" href=\"%link%\" class=\"%type%\"><span property=\"name\">%htitle%</span></a><meta property=\"position\" content=\"%position%\"></span>\";s:36:\"Hpost_ac_research_template_no_anchor\";s:142:\"<span property=\"itemListElement\" typeof=\"ListItem\"><span property=\"name\">%htitle%</span><meta property=\"position\" content=\"%position%\"></span>\";s:22:\"apost_ac_research_root\";i:862;s:35:\"bpost_ac_research_hierarchy_display\";b:0;s:33:\"bpost_ac_research_archive_display\";b:0;s:32:\"Spost_ac_research_hierarchy_type\";s:20:\"ac_research_category\";s:40:\"bpost_ac_research_hierarchy_parent_first\";b:0;s:31:\"bpost_ac_event_taxonomy_referer\";b:0;s:23:\"Hpost_ac_event_template\";s:234:\"<span property=\"itemListElement\" typeof=\"ListItem\"><a property=\"item\" typeof=\"WebPage\" title=\"Go to %title%.\" href=\"%link%\" class=\"%type%\"><span property=\"name\">%htitle%</span></a><meta property=\"position\" content=\"%position%\"></span>\";s:33:\"Hpost_ac_event_template_no_anchor\";s:142:\"<span property=\"itemListElement\" typeof=\"ListItem\"><span property=\"name\">%htitle%</span><meta property=\"position\" content=\"%position%\"></span>\";s:19:\"apost_ac_event_root\";i:871;s:32:\"bpost_ac_event_hierarchy_display\";b:0;s:30:\"bpost_ac_event_archive_display\";b:0;s:29:\"Spost_ac_event_hierarchy_type\";s:17:\"ac_event_category\";s:37:\"bpost_ac_event_hierarchy_parent_first\";b:0;s:37:\"bpost_ac_testimonial_taxonomy_referer\";b:0;s:29:\"Hpost_ac_testimonial_template\";s:234:\"<span property=\"itemListElement\" typeof=\"ListItem\"><a property=\"item\" typeof=\"WebPage\" title=\"Go to %title%.\" href=\"%link%\" class=\"%type%\"><span property=\"name\">%htitle%</span></a><meta property=\"position\" content=\"%position%\"></span>\";s:39:\"Hpost_ac_testimonial_template_no_anchor\";s:142:\"<span property=\"itemListElement\" typeof=\"ListItem\"><span property=\"name\">%htitle%</span><meta property=\"position\" content=\"%position%\"></span>\";s:25:\"apost_ac_testimonial_root\";i:0;s:38:\"bpost_ac_testimonial_hierarchy_display\";b:0;s:36:\"bpost_ac_testimonial_archive_display\";b:0;s:35:\"Spost_ac_testimonial_hierarchy_type\";s:23:\"ac_testimonial_category\";s:43:\"bpost_ac_testimonial_hierarchy_parent_first\";b:0;s:33:\"bpost_ac_gallery_taxonomy_referer\";b:0;s:25:\"Hpost_ac_gallery_template\";s:234:\"<span property=\"itemListElement\" typeof=\"ListItem\"><a property=\"item\" typeof=\"WebPage\" title=\"Go to %title%.\" href=\"%link%\" class=\"%type%\"><span property=\"name\">%htitle%</span></a><meta property=\"position\" content=\"%position%\"></span>\";s:35:\"Hpost_ac_gallery_template_no_anchor\";s:142:\"<span property=\"itemListElement\" typeof=\"ListItem\"><span property=\"name\">%htitle%</span><meta property=\"position\" content=\"%position%\"></span>\";s:21:\"apost_ac_gallery_root\";i:0;s:34:\"bpost_ac_gallery_hierarchy_display\";b:0;s:32:\"bpost_ac_gallery_archive_display\";b:0;s:31:\"Spost_ac_gallery_hierarchy_type\";s:19:\"ac_gallery_category\";s:39:\"bpost_ac_gallery_hierarchy_parent_first\";b:0;s:26:\"Htax_action-group_template\";s:260:\"<span property=\"itemListElement\" typeof=\"ListItem\"><a property=\"item\" typeof=\"WebPage\" title=\"Go to the %title% Action Group archives.\" href=\"%link%\" class=\"%type%\"><span property=\"name\">%htitle%</span></a><meta property=\"position\" content=\"%position%\"></span>\";s:36:\"Htax_action-group_template_no_anchor\";s:142:\"<span property=\"itemListElement\" typeof=\"ListItem\"><span property=\"name\">%htitle%</span><meta property=\"position\" content=\"%position%\"></span>\";s:26:\"Htax_product_type_template\";s:251:\"<span property=\"itemListElement\" typeof=\"ListItem\"><a property=\"item\" typeof=\"WebPage\" title=\"Go to the %title% Tag archives.\" href=\"%link%\" class=\"%type%\"><span property=\"name\">%htitle%</span></a><meta property=\"position\" content=\"%position%\"></span>\";s:36:\"Htax_product_type_template_no_anchor\";s:142:\"<span property=\"itemListElement\" typeof=\"ListItem\"><span property=\"name\">%htitle%</span><meta property=\"position\" content=\"%position%\"></span>\";s:32:\"Htax_product_visibility_template\";s:251:\"<span property=\"itemListElement\" typeof=\"ListItem\"><a property=\"item\" typeof=\"WebPage\" title=\"Go to the %title% Tag archives.\" href=\"%link%\" class=\"%type%\"><span property=\"name\">%htitle%</span></a><meta property=\"position\" content=\"%position%\"></span>\";s:42:\"Htax_product_visibility_template_no_anchor\";s:142:\"<span property=\"itemListElement\" typeof=\"ListItem\"><span property=\"name\">%htitle%</span><meta property=\"position\" content=\"%position%\"></span>\";s:25:\"Htax_product_cat_template\";s:256:\"<span property=\"itemListElement\" typeof=\"ListItem\"><a property=\"item\" typeof=\"WebPage\" title=\"Go to the %title% Category archives.\" href=\"%link%\" class=\"%type%\"><span property=\"name\">%htitle%</span></a><meta property=\"position\" content=\"%position%\"></span>\";s:35:\"Htax_product_cat_template_no_anchor\";s:142:\"<span property=\"itemListElement\" typeof=\"ListItem\"><span property=\"name\">%htitle%</span><meta property=\"position\" content=\"%position%\"></span>\";s:25:\"Htax_product_tag_template\";s:251:\"<span property=\"itemListElement\" typeof=\"ListItem\"><a property=\"item\" typeof=\"WebPage\" title=\"Go to the %title% Tag archives.\" href=\"%link%\" class=\"%type%\"><span property=\"name\">%htitle%</span></a><meta property=\"position\" content=\"%position%\"></span>\";s:35:\"Htax_product_tag_template_no_anchor\";s:142:\"<span property=\"itemListElement\" typeof=\"ListItem\"><span property=\"name\">%htitle%</span><meta property=\"position\" content=\"%position%\"></span>\";s:36:\"Htax_product_shipping_class_template\";s:262:\"<span property=\"itemListElement\" typeof=\"ListItem\"><a property=\"item\" typeof=\"WebPage\" title=\"Go to the %title% Shipping class archives.\" href=\"%link%\" class=\"%type%\"><span property=\"name\">%htitle%</span></a><meta property=\"position\" content=\"%position%\"></span>\";s:46:\"Htax_product_shipping_class_template_no_anchor\";s:142:\"<span property=\"itemListElement\" typeof=\"ListItem\"><span property=\"name\">%htitle%</span><meta property=\"position\" content=\"%position%\"></span>\";s:29:\"Htax_course_category_template\";s:256:\"<span property=\"itemListElement\" typeof=\"ListItem\"><a property=\"item\" typeof=\"WebPage\" title=\"Go to the %title% Category archives.\" href=\"%link%\" class=\"%type%\"><span property=\"name\">%htitle%</span></a><meta property=\"position\" content=\"%position%\"></span>\";s:39:\"Htax_course_category_template_no_anchor\";s:142:\"<span property=\"itemListElement\" typeof=\"ListItem\"><span property=\"name\">%htitle%</span><meta property=\"position\" content=\"%position%\"></span>\";s:24:\"Htax_course_tag_template\";s:251:\"<span property=\"itemListElement\" typeof=\"ListItem\"><a property=\"item\" typeof=\"WebPage\" title=\"Go to the %title% Tag archives.\" href=\"%link%\" class=\"%type%\"><span property=\"name\">%htitle%</span></a><meta property=\"position\" content=\"%position%\"></span>\";s:34:\"Htax_course_tag_template_no_anchor\";s:142:\"<span property=\"itemListElement\" typeof=\"ListItem\"><span property=\"name\">%htitle%</span><meta property=\"position\" content=\"%position%\"></span>\";s:26:\"Htax_question_tag_template\";s:251:\"<span property=\"itemListElement\" typeof=\"ListItem\"><a property=\"item\" typeof=\"WebPage\" title=\"Go to the %title% Tag archives.\" href=\"%link%\" class=\"%type%\"><span property=\"name\">%htitle%</span></a><meta property=\"position\" content=\"%position%\"></span>\";s:36:\"Htax_question_tag_template_no_anchor\";s:142:\"<span property=\"itemListElement\" typeof=\"ListItem\"><span property=\"name\">%htitle%</span><meta property=\"position\" content=\"%position%\"></span>\";s:34:\"Htax_ac_research_category_template\";s:265:\"<span property=\"itemListElement\" typeof=\"ListItem\"><a property=\"item\" typeof=\"WebPage\" title=\"Go to the %title% Research Category archives.\" href=\"%link%\" class=\"%type%\"><span property=\"name\">%htitle%</span></a><meta property=\"position\" content=\"%position%\"></span>\";s:44:\"Htax_ac_research_category_template_no_anchor\";s:142:\"<span property=\"itemListElement\" typeof=\"ListItem\"><span property=\"name\">%htitle%</span><meta property=\"position\" content=\"%position%\"></span>\";s:31:\"Htax_ac_event_category_template\";s:262:\"<span property=\"itemListElement\" typeof=\"ListItem\"><a property=\"item\" typeof=\"WebPage\" title=\"Go to the %title% Event Category archives.\" href=\"%link%\" class=\"%type%\"><span property=\"name\">%htitle%</span></a><meta property=\"position\" content=\"%position%\"></span>\";s:41:\"Htax_ac_event_category_template_no_anchor\";s:142:\"<span property=\"itemListElement\" typeof=\"ListItem\"><span property=\"name\">%htitle%</span><meta property=\"position\" content=\"%position%\"></span>\";s:37:\"Htax_ac_testimonial_category_template\";s:268:\"<span property=\"itemListElement\" typeof=\"ListItem\"><a property=\"item\" typeof=\"WebPage\" title=\"Go to the %title% Testimonial Category archives.\" href=\"%link%\" class=\"%type%\"><span property=\"name\">%htitle%</span></a><meta property=\"position\" content=\"%position%\"></span>\";s:47:\"Htax_ac_testimonial_category_template_no_anchor\";s:142:\"<span property=\"itemListElement\" typeof=\"ListItem\"><span property=\"name\">%htitle%</span><meta property=\"position\" content=\"%position%\"></span>\";s:33:\"Htax_ac_gallery_category_template\";s:264:\"<span property=\"itemListElement\" typeof=\"ListItem\"><a property=\"item\" typeof=\"WebPage\" title=\"Go to the %title% Gallery Category archives.\" href=\"%link%\" class=\"%type%\"><span property=\"name\">%htitle%</span></a><meta property=\"position\" content=\"%position%\"></span>\";s:43:\"Htax_ac_gallery_category_template_no_anchor\";s:142:\"<span property=\"itemListElement\" typeof=\"ListItem\"><span property=\"name\">%htitle%</span><meta property=\"position\" content=\"%position%\"></span>\";s:35:\"bpost_shop_webhook_taxonomy_referer\";b:0;s:27:\"Hpost_shop_webhook_template\";s:234:\"<span property=\"itemListElement\" typeof=\"ListItem\"><a property=\"item\" typeof=\"WebPage\" title=\"Go to %title%.\" href=\"%link%\" class=\"%type%\"><span property=\"name\">%htitle%</span></a><meta property=\"position\" content=\"%position%\"></span>\";s:37:\"Hpost_shop_webhook_template_no_anchor\";s:142:\"<span property=\"itemListElement\" typeof=\"ListItem\"><span property=\"name\">%htitle%</span><meta property=\"position\" content=\"%position%\"></span>\";s:34:\"bpost_shop_webhook_archive_display\";b:0;s:23:\"apost_shop_webhook_root\";i:0;s:36:\"bpost_shop_webhook_hierarchy_display\";b:0;s:33:\"Spost_shop_webhook_hierarchy_type\";s:8:\"BCN_DATE\";s:14:\"Hblog_template\";s:234:\"<span property=\"itemListElement\" typeof=\"ListItem\"><a property=\"item\" typeof=\"WebPage\" title=\"Go to %title%.\" href=\"%link%\" class=\"%type%\"><span property=\"name\">%htitle%</span></a><meta property=\"position\" content=\"%position%\"></span>\";s:24:\"Hblog_template_no_anchor\";s:142:\"<span property=\"itemListElement\" typeof=\"ListItem\"><span property=\"name\">%htitle%</span><meta property=\"position\" content=\"%position%\"></span>\";s:27:\"bpost_post_taxonomy_display\";b:0;s:24:\"Spost_post_taxonomy_type\";s:8:\"category\";s:30:\"bpost_product_taxonomy_display\";b:0;s:27:\"Spost_product_taxonomy_type\";s:11:\"product_cat\";s:40:\"bpost_product_variation_taxonomy_display\";b:0;s:37:\"Spost_product_variation_taxonomy_type\";s:22:\"product_shipping_class\";s:33:\"bpost_shop_order_taxonomy_display\";b:0;s:30:\"Spost_shop_order_taxonomy_type\";s:8:\"BCN_DATE\";s:40:\"bpost_shop_order_refund_taxonomy_display\";b:0;s:37:\"Spost_shop_order_refund_taxonomy_type\";s:8:\"BCN_DATE\";s:34:\"bpost_shop_coupon_taxonomy_display\";b:0;s:31:\"Spost_shop_coupon_taxonomy_type\";s:8:\"BCN_DATE\";s:35:\"bpost_shop_webhook_taxonomy_display\";b:0;s:32:\"Spost_shop_webhook_taxonomy_type\";s:8:\"BCN_DATE\";s:36:\"bpost_vc4_templates_taxonomy_display\";b:0;s:33:\"Spost_vc4_templates_taxonomy_type\";s:8:\"BCN_DATE\";s:41:\"bpost_wpcf7_contact_form_taxonomy_display\";b:0;s:38:\"Spost_wpcf7_contact_form_taxonomy_type\";s:8:\"BCN_DATE\";s:35:\"bpost_vc_grid_item_taxonomy_display\";b:0;s:32:\"Spost_vc_grid_item_taxonomy_type\";s:8:\"BCN_DATE\";s:32:\"bpost_lp_course_taxonomy_display\";b:0;s:29:\"Spost_lp_course_taxonomy_type\";s:15:\"course_category\";s:36:\"bpost_lp_instructor_taxonomy_referer\";b:0;s:28:\"Hpost_lp_instructor_template\";s:234:\"<span property=\"itemListElement\" typeof=\"ListItem\"><a property=\"item\" typeof=\"WebPage\" title=\"Go to %title%.\" href=\"%link%\" class=\"%type%\"><span property=\"name\">%htitle%</span></a><meta property=\"position\" content=\"%position%\"></span>\";s:38:\"Hpost_lp_instructor_template_no_anchor\";s:142:\"<span property=\"itemListElement\" typeof=\"ListItem\"><span property=\"name\">%htitle%</span><meta property=\"position\" content=\"%position%\"></span>\";s:35:\"bpost_lp_instructor_archive_display\";b:0;s:24:\"apost_lp_instructor_root\";i:992;s:36:\"bpost_lp_instructor_taxonomy_display\";b:0;s:33:\"Spost_lp_instructor_taxonomy_type\";s:19:\"instructor_category\";s:34:\"bpost_ac_research_taxonomy_display\";b:0;s:31:\"Spost_ac_research_taxonomy_type\";s:20:\"ac_research_category\";s:31:\"bpost_ac_event_taxonomy_display\";b:0;s:28:\"Spost_ac_event_taxonomy_type\";s:17:\"ac_event_category\";s:37:\"bpost_ac_testimonial_taxonomy_display\";b:0;s:34:\"Spost_ac_testimonial_taxonomy_type\";s:8:\"BCN_DATE\";s:33:\"bpost_ac_gallery_taxonomy_display\";b:0;s:30:\"Spost_ac_gallery_taxonomy_type\";s:19:\"ac_gallery_category\";s:33:\"Htax_instructor_category_template\";s:267:\"<span property=\"itemListElement\" typeof=\"ListItem\"><a property=\"item\" typeof=\"WebPage\" title=\"Go to the %title% Instructor Category archives.\" href=\"%link%\" class=\"%type%\"><span property=\"name\">%htitle%</span></a><meta property=\"position\" content=\"%position%\"></span>\";s:43:\"Htax_instructor_category_template_no_anchor\";s:142:\"<span property=\"itemListElement\" typeof=\"ListItem\"><span property=\"name\">%htitle%</span><meta property=\"position\" content=\"%position%\"></span>\";s:32:\"bpost_lp_lesson_taxonomy_display\";b:0;s:29:\"Spost_lp_lesson_taxonomy_type\";s:8:\"BCN_DATE\";s:30:\"bpost_lp_quiz_taxonomy_display\";b:0;s:27:\"Spost_lp_quiz_taxonomy_type\";s:8:\"BCN_DATE\";s:34:\"bpost_lp_question_taxonomy_display\";b:0;s:31:\"Spost_lp_question_taxonomy_type\";s:12:\"question_tag\";s:31:\"bpost_lp_order_taxonomy_display\";b:0;s:28:\"Spost_lp_order_taxonomy_type\";s:8:\"BCN_DATE\";s:33:\"bpost_mc4wp-form_taxonomy_referer\";b:0;s:25:\"Hpost_mc4wp-form_template\";s:234:\"<span property=\"itemListElement\" typeof=\"ListItem\"><a property=\"item\" typeof=\"WebPage\" title=\"Go to %title%.\" href=\"%link%\" class=\"%type%\"><span property=\"name\">%htitle%</span></a><meta property=\"position\" content=\"%position%\"></span>\";s:35:\"Hpost_mc4wp-form_template_no_anchor\";s:142:\"<span property=\"itemListElement\" typeof=\"ListItem\"><span property=\"name\">%htitle%</span><meta property=\"position\" content=\"%position%\"></span>\";s:32:\"bpost_mc4wp-form_archive_display\";b:0;s:21:\"apost_mc4wp-form_root\";i:0;s:33:\"bpost_mc4wp-form_taxonomy_display\";b:0;s:30:\"Spost_mc4wp-form_taxonomy_type\";s:8:\"BCN_DATE\";}', 'yes'),
(730, 'widget_rdtheme_info', 'a:3:{i:2;a:6:{s:5:\"title\";s:10:\"Contact Us\";s:7:\"address\";s:71:\"No 2/9, Kamakshipura, Hesaraghatta\r\nHobli, Yelahanka, Bengaluru- 560089\";s:5:\"phone\";s:11:\"93797 24246\";s:6:\"phone2\";s:11:\"96115 78489\";s:5:\"email\";s:28:\"adityainstitutions@gmail.com\";s:3:\"fax\";s:0:\"\";}i:3;a:6:{s:5:\"title\";s:8:\"Contacts\";s:7:\"address\";s:23:\"59 Street, Newyork City\";s:5:\"phone\";s:13:\"+2123 5900036\";s:6:\"phone2\";s:0:\"\";s:5:\"email\";s:14:\"info@gmail.com\";s:3:\"fax\";s:0:\"\";}s:12:\"_multiwidget\";i:1;}', 'yes'),
(762, 'widget_mc4wp_form_widget', 'a:3:{i:2;a:1:{s:5:\"title\";s:10:\"Newsletter\";}i:3;a:1:{s:5:\"title\";s:10:\"Newsletter\";}s:12:\"_multiwidget\";i:1;}', 'yes'),
(763, 'mc4wp_version', '4.10.1', 'yes'),
(764, 'mc4wp_flash_messages', 'a:0:{}', 'no'),
(765, 'mc4wp', 'a:4:{s:7:\"api_key\";s:37:\"b7f4715ee301e7057cf2042b2bcc9550-us16\";s:20:\"allow_usage_tracking\";i:0;s:15:\"debug_log_level\";s:7:\"warning\";s:18:\"first_activated_on\";i:1506496543;}', 'yes'),
(770, 'mc4wp_default_form_id', '75', 'yes'),
(771, 'mc4wp_form_stylesheets', 'a:0:{}', 'yes'),
(782, 'widget_zflickr', 'a:1:{s:12:\"_multiwidget\";i:1;}', 'yes'),
(803, 'ac_event_category_children', 'a:0:{}', 'yes'),
(891, 'ac_research_category_children', 'a:0:{}', 'yes'),
(970, 'widget_monster', 'a:1:{s:12:\"_multiwidget\";i:1;}', 'yes'),
(1201, 'woocommerce_store_address', '', 'yes'),
(1202, 'woocommerce_store_address_2', '', 'yes'),
(1203, 'woocommerce_store_city', '', 'yes'),
(1204, 'woocommerce_store_postcode', '', 'yes'),
(1218, 'duplicate_page_options', 'a:6:{s:25:\"duplicatepage_nonce_field\";s:10:\"bd7b839485\";s:16:\"_wp_http_referer\";s:74:\"/eikra-elementor/wp-admin/options-general.php?page=duplicate_page_settings\";s:21:\"duplicate_post_editor\";s:7:\"classic\";s:21:\"duplicate_post_status\";s:7:\"publish\";s:23:\"duplicate_post_redirect\";s:7:\"to_page\";s:21:\"duplicate_post_suffix\";s:1:\"2\";}', 'yes'),
(1262, 'learn_press_settings_nonce', 'b51ddeb0bf', 'yes'),
(1329, 'learn_press_course_base', '', 'yes'),
(1445, 'ls-latest-version', '7.14.1', 'auto'),
(1451, 'ls-store-last-updated', '1594288611', 'yes');
INSERT INTO `wp_options` (`option_id`, `option_name`, `option_value`, `autoload`) VALUES
(1452, 'ls-store-data', 'a:5:{s:12:\"last_updated\";s:10:\"2020-07-06\";s:7:\"sliders\";a:90:{s:16:\"music-is-my-life\";a:7:{s:8:\"released\";s:10:\"2020-07-06\";s:4:\"name\";s:16:\"Music Is My Life\";s:7:\"premium\";b:1;s:8:\"requires\";s:6:\"6.11.1\";s:6:\"groups\";s:24:\"new,premium,slider,blend\";s:3:\"url\";s:63:\"https://layerslider.kreaturamedia.com/sliders/music-is-my-life/\";s:7:\"preview\";s:77:\"https://repository.kreaturamedia.com/v4/sliders/packages/music-is-my-life.jpg\";}s:21:\"product-showcase-dark\";a:7:{s:8:\"released\";s:10:\"2020-07-01\";s:4:\"name\";s:25:\"Product Showcase – Dark\";s:7:\"premium\";b:1;s:8:\"requires\";s:6:\"6.11.1\";s:6:\"groups\";s:18:\"new,premium,slider\";s:3:\"url\";s:68:\"https://layerslider.kreaturamedia.com/sliders/product-showcase-dark/\";s:7:\"preview\";s:82:\"https://repository.kreaturamedia.com/v4/sliders/packages/product-showcase-dark.jpg\";}s:13:\"team-showcase\";a:7:{s:8:\"released\";s:10:\"2020-06-24\";s:4:\"name\";s:13:\"Team Showcase\";s:7:\"premium\";b:1;s:8:\"requires\";s:6:\"6.11.1\";s:6:\"groups\";s:25:\"new,premium,slider,static\";s:3:\"url\";s:60:\"https://layerslider.kreaturamedia.com/sliders/team-showcase/\";s:7:\"preview\";s:74:\"https://repository.kreaturamedia.com/v4/sliders/packages/team-showcase.jpg\";}s:14:\"furniture-shop\";a:7:{s:8:\"released\";s:10:\"2020-06-09\";s:4:\"name\";s:14:\"Furniture Shop\";s:7:\"premium\";b:1;s:8:\"requires\";s:6:\"6.11.1\";s:6:\"groups\";s:27:\"new,premium,landing,website\";s:3:\"url\";s:61:\"https://layerslider.kreaturamedia.com/sliders/furniture-shop/\";s:7:\"preview\";s:75:\"https://repository.kreaturamedia.com/v4/sliders/packages/furniture-shop.jpg\";}s:14:\"product-banner\";a:7:{s:8:\"released\";s:10:\"2020-06-02\";s:4:\"name\";s:14:\"Product Banner\";s:7:\"premium\";b:0;s:8:\"requires\";s:6:\"6.11.1\";s:6:\"groups\";s:22:\"new,free,slider,static\";s:3:\"url\";s:61:\"https://layerslider.kreaturamedia.com/sliders/product-banner/\";s:7:\"preview\";s:75:\"https://repository.kreaturamedia.com/v4/sliders/packages/product-banner.jpg\";}s:19:\"architecture-slider\";a:7:{s:8:\"released\";s:10:\"2020-05-26\";s:4:\"name\";s:19:\"Architecture Slider\";s:7:\"premium\";b:0;s:8:\"requires\";s:6:\"6.11.1\";s:6:\"groups\";s:22:\"new,free,slider,static\";s:3:\"url\";s:66:\"https://layerslider.kreaturamedia.com/sliders/architecture-slider/\";s:7:\"preview\";s:80:\"https://repository.kreaturamedia.com/v4/sliders/packages/architecture-slider.jpg\";}s:22:\"product-showcase-light\";a:7:{s:8:\"released\";s:10:\"2020-05-18\";s:4:\"name\";s:26:\"Product Showcase – Light\";s:7:\"premium\";b:1;s:8:\"requires\";s:6:\"6.11.1\";s:6:\"groups\";s:25:\"new,premium,slider,static\";s:3:\"url\";s:69:\"https://layerslider.kreaturamedia.com/sliders/product-showcase-light/\";s:7:\"preview\";s:83:\"https://repository.kreaturamedia.com/v4/sliders/packages/product-showcase-light.jpg\";}s:12:\"fashion-shop\";a:7:{s:8:\"released\";s:10:\"2020-05-12\";s:4:\"name\";s:12:\"Fashion Shop\";s:7:\"premium\";b:0;s:8:\"requires\";s:6:\"6.11.1\";s:6:\"groups\";s:22:\"new,free,slider,static\";s:3:\"url\";s:59:\"https://layerslider.kreaturamedia.com/sliders/fashion-shop/\";s:7:\"preview\";s:73:\"https://repository.kreaturamedia.com/v4/sliders/packages/fashion-shop.jpg\";}s:12:\"pixel-agency\";a:7:{s:8:\"released\";s:10:\"2020-05-05\";s:4:\"name\";s:12:\"PIXEL Agency\";s:7:\"premium\";b:1;s:8:\"requires\";s:6:\"6.11.1\";s:6:\"groups\";s:55:\"new,premium,fullwidth,landing,website,text,popup,static\";s:3:\"url\";s:59:\"https://layerslider.kreaturamedia.com/sliders/pixel-agency/\";s:7:\"preview\";s:73:\"https://repository.kreaturamedia.com/v4/sliders/packages/pixel-agency.jpg\";}s:11:\"mode-slider\";a:7:{s:8:\"released\";s:10:\"2020-04-28\";s:4:\"name\";s:11:\"Mode Slider\";s:7:\"premium\";b:0;s:8:\"requires\";s:6:\"6.11.1\";s:6:\"groups\";s:30:\"new,free,fullwidth,slider,text\";s:3:\"url\";s:58:\"https://layerslider.kreaturamedia.com/sliders/mode-slider/\";s:7:\"preview\";s:72:\"https://repository.kreaturamedia.com/v4/sliders/packages/mode-slider.jpg\";}s:13:\"mountain-bike\";a:7:{s:8:\"released\";s:10:\"2020-04-22\";s:4:\"name\";s:13:\"Mountain Bike\";s:7:\"premium\";b:1;s:8:\"requires\";s:6:\"6.11.1\";s:6:\"groups\";s:45:\"premium,new,fullsize,landing,pack,static,text\";s:3:\"url\";s:60:\"https://layerslider.kreaturamedia.com/sliders/mountain-bike/\";s:7:\"preview\";s:74:\"https://repository.kreaturamedia.com/v4/sliders/packages/mountain-bike.jpg\";}s:18:\"aerial-photography\";a:7:{s:8:\"released\";s:10:\"2020-04-14\";s:4:\"name\";s:18:\"Aerial Photography\";s:7:\"premium\";b:1;s:8:\"requires\";s:6:\"6.10.0\";s:6:\"groups\";s:39:\"premium,new,slider,static,text,kenburns\";s:3:\"url\";s:65:\"https://layerslider.kreaturamedia.com/sliders/aerial-photography/\";s:7:\"preview\";s:79:\"https://repository.kreaturamedia.com/v4/sliders/packages/aerial-photography.jpg\";}s:24:\"simple-fullscreen-slider\";a:7:{s:8:\"released\";s:10:\"2020-04-07\";s:4:\"name\";s:24:\"Simple Fullscreen Slider\";s:7:\"premium\";b:0;s:8:\"requires\";s:6:\"6.10.0\";s:6:\"groups\";s:46:\"free,new,fullsize,landing,static,text,kenburns\";s:3:\"url\";s:71:\"https://layerslider.kreaturamedia.com/sliders/simple-fullscreen-slider/\";s:7:\"preview\";s:85:\"https://repository.kreaturamedia.com/v4/sliders/packages/simple-fullscreen-slider.jpg\";}s:21:\"covid-19-notification\";a:8:{s:8:\"released\";s:10:\"2020-04-01\";s:4:\"name\";s:21:\"COVID-19 Notification\";s:7:\"premium\";b:1;s:5:\"popup\";b:1;s:8:\"requires\";s:6:\"6.10.0\";s:6:\"groups\";s:17:\"premium,new,popup\";s:3:\"url\";s:67:\"https://layerslider.kreaturamedia.com/popups/#covid-19-notification\";s:7:\"preview\";s:82:\"https://repository.kreaturamedia.com/v4/sliders/packages/covid-19-notification.jpg\";}s:19:\"covid-19-bottom-bar\";a:8:{s:8:\"released\";s:10:\"2020-04-01\";s:4:\"name\";s:19:\"COVID-19 Bottom Bar\";s:7:\"premium\";b:1;s:5:\"popup\";b:1;s:8:\"requires\";s:6:\"6.10.0\";s:6:\"groups\";s:17:\"premium,new,popup\";s:3:\"url\";s:65:\"https://layerslider.kreaturamedia.com/popups/#covid-19-bottom-bar\";s:7:\"preview\";s:80:\"https://repository.kreaturamedia.com/v4/sliders/packages/covid-19-bottom-bar.jpg\";}s:14:\"top-bar-notice\";a:8:{s:8:\"released\";s:10:\"2020-04-01\";s:4:\"name\";s:14:\"Top Bar Notice\";s:7:\"premium\";b:1;s:5:\"popup\";b:1;s:8:\"requires\";s:6:\"6.10.0\";s:6:\"groups\";s:17:\"premium,new,popup\";s:3:\"url\";s:60:\"https://layerslider.kreaturamedia.com/popups/#top-bar-notice\";s:7:\"preview\";s:75:\"https://repository.kreaturamedia.com/v4/sliders/packages/top-bar-notice.jpg\";}s:20:\"christmas-snow-globe\";a:8:{s:8:\"released\";s:10:\"2019-12-19\";s:4:\"name\";s:20:\"Christmas Snow Globe\";s:7:\"premium\";b:1;s:5:\"popup\";b:1;s:8:\"requires\";s:6:\"6.10.0\";s:6:\"groups\";s:34:\"premium,parallax,popup,loop,filter\";s:3:\"url\";s:66:\"https://layerslider.kreaturamedia.com/popups/#christmas-snow-globe\";s:7:\"preview\";s:81:\"https://repository.kreaturamedia.com/v4/sliders/packages/christmas-snow-globe.jpg\";}s:9:\"xmas-2019\";a:7:{s:8:\"released\";s:10:\"2019-12-19\";s:4:\"name\";s:9:\"Xmas 2019\";s:7:\"premium\";b:1;s:8:\"requires\";s:6:\"6.10.0\";s:6:\"groups\";s:35:\"premium,parallax,slider,loop,filter\";s:3:\"url\";s:56:\"https://layerslider.kreaturamedia.com/sliders/xmas-2019/\";s:7:\"preview\";s:70:\"https://repository.kreaturamedia.com/v4/sliders/packages/xmas-2019.jpg\";}s:18:\"creative-portraits\";a:7:{s:8:\"released\";s:10:\"2019-12-09\";s:4:\"name\";s:18:\"Creative Portraits\";s:7:\"premium\";b:1;s:8:\"requires\";s:6:\"6.10.0\";s:6:\"groups\";s:32:\"premium,fullwidth,landing,static\";s:3:\"url\";s:65:\"https://layerslider.kreaturamedia.com/sliders/creative-portraits/\";s:7:\"preview\";s:79:\"https://repository.kreaturamedia.com/v4/sliders/packages/creative-portraits.jpg\";}s:13:\"parallax-city\";a:7:{s:8:\"released\";s:10:\"2019-12-02\";s:4:\"name\";s:13:\"Parallax City\";s:7:\"premium\";b:1;s:8:\"requires\";s:6:\"6.10.0\";s:6:\"groups\";s:58:\"premium,landing,pack,parallax,text,blend,fullwidth,website\";s:3:\"url\";s:60:\"https://layerslider.kreaturamedia.com/sliders/parallax-city/\";s:7:\"preview\";s:74:\"https://repository.kreaturamedia.com/v4/sliders/packages/parallax-city.jpg\";}s:10:\"cybertruck\";a:7:{s:8:\"released\";s:10:\"2019-11-28\";s:4:\"name\";s:10:\"Cybertruck\";s:7:\"premium\";b:1;s:8:\"requires\";s:6:\"6.10.0\";s:6:\"groups\";s:39:\"premium,fullsize,landing,specialeffects\";s:3:\"url\";s:57:\"https://layerslider.kreaturamedia.com/sliders/cybertruck/\";s:7:\"preview\";s:71:\"https://repository.kreaturamedia.com/v4/sliders/packages/cybertruck.jpg\";}s:17:\"summer-collection\";a:7:{s:8:\"released\";s:10:\"2019-11-21\";s:4:\"name\";s:17:\"Summer Collection\";s:7:\"premium\";b:0;s:8:\"requires\";s:5:\"6.6.0\";s:6:\"groups\";s:21:\"free,fullwidth,slider\";s:3:\"url\";s:64:\"https://layerslider.kreaturamedia.com/sliders/summer-collection/\";s:7:\"preview\";s:78:\"https://repository.kreaturamedia.com/v4/sliders/packages/summer-collection.jpg\";}s:18:\"nature-slider-pack\";a:7:{s:8:\"released\";s:10:\"2019-11-14\";s:4:\"name\";s:18:\"Nature Slider PACK\";s:7:\"premium\";b:1;s:8:\"requires\";s:5:\"6.9.0\";s:6:\"groups\";s:62:\"premium,text,blend,fullwidth,media,landing,packs,popup,website\";s:3:\"url\";s:65:\"https://layerslider.kreaturamedia.com/sliders/nature-slider-pack/\";s:7:\"preview\";s:79:\"https://repository.kreaturamedia.com/v4/sliders/packages/nature-slider-pack.jpg\";}s:20:\"catering-xmas-slider\";a:7:{s:8:\"released\";s:10:\"2017-12-22\";s:4:\"name\";s:25:\"Catering Christmas Slider\";s:7:\"premium\";b:1;s:8:\"requires\";s:5:\"6.6.0\";s:6:\"groups\";s:32:\"premium,static,text,blend,slider\";s:3:\"url\";s:72:\"https://layerslider.kreaturamedia.com/sliders/catering-christmas-slider/\";s:7:\"preview\";s:81:\"https://repository.kreaturamedia.com/v4/sliders/packages/catering-xmas-slider.jpg\";}s:20:\"discover-the-details\";a:7:{s:8:\"released\";s:10:\"2017-12-19\";s:4:\"name\";s:20:\"Discover the Details\";s:7:\"premium\";b:1;s:8:\"requires\";s:5:\"6.6.0\";s:6:\"groups\";s:53:\"premium,loop,parallax,blendmode,specialeffects,slider\";s:3:\"url\";s:67:\"https://layerslider.kreaturamedia.com/sliders/discover-the-details/\";s:7:\"preview\";s:81:\"https://repository.kreaturamedia.com/v4/sliders/packages/discover-the-details.jpg\";}s:10:\"rainforest\";a:7:{s:8:\"released\";s:10:\"2017-12-17\";s:4:\"name\";s:10:\"Rainforest\";s:7:\"premium\";b:1;s:8:\"requires\";s:5:\"6.6.0\";s:6:\"groups\";s:60:\"premium,loop,filter,blendmode,fullsize,specialeffects,slider\";s:3:\"url\";s:57:\"https://layerslider.kreaturamedia.com/sliders/rainforest/\";s:7:\"preview\";s:71:\"https://repository.kreaturamedia.com/v4/sliders/packages/rainforest.jpg\";}s:30:\"ecommerce-global-hover-example\";a:7:{s:8:\"released\";s:10:\"2017-12-15\";s:4:\"name\";s:30:\"eCommerce Global Hover Example\";s:7:\"premium\";b:1;s:8:\"requires\";s:5:\"6.6.0\";s:6:\"groups\";s:26:\"premium,experiments,slider\";s:3:\"url\";s:77:\"https://layerslider.kreaturamedia.com/sliders/ecommerce-global-hover-example/\";s:7:\"preview\";s:91:\"https://repository.kreaturamedia.com/v4/sliders/packages/ecommerce-global-hover-example.jpg\";}s:20:\"3d-canyon-experience\";a:7:{s:8:\"released\";s:10:\"2017-12-13\";s:4:\"name\";s:20:\"3D Canyon Experience\";s:7:\"premium\";b:1;s:8:\"requires\";s:5:\"6.6.0\";s:6:\"groups\";s:40:\"premium,parallax,experiments,text,slider\";s:3:\"url\";s:67:\"https://layerslider.kreaturamedia.com/sliders/3d-canyon-experience/\";s:7:\"preview\";s:81:\"https://repository.kreaturamedia.com/v4/sliders/packages/3d-canyon-experience.jpg\";}s:14:\"vintage-photos\";a:7:{s:8:\"released\";s:10:\"2017-12-08\";s:4:\"name\";s:14:\"Vintage Photos\";s:7:\"premium\";b:1;s:8:\"requires\";s:5:\"6.6.0\";s:6:\"groups\";s:50:\"premium,fullsize,loop,filter,specialeffects,slider\";s:3:\"url\";s:61:\"https://layerslider.kreaturamedia.com/sliders/vintage-photos/\";s:7:\"preview\";s:75:\"https://repository.kreaturamedia.com/v4/sliders/packages/vintage-photos.jpg\";}s:8:\"aquarium\";a:7:{s:8:\"released\";s:10:\"2017-12-04\";s:4:\"name\";s:8:\"Aquarium\";s:7:\"premium\";b:1;s:8:\"requires\";s:5:\"6.5.5\";s:6:\"groups\";s:71:\"premium,parallax,fullsize,loop,filter,experiments,specialeffects,slider\";s:3:\"url\";s:55:\"https://layerslider.kreaturamedia.com/sliders/aquarium/\";s:7:\"preview\";s:69:\"https://repository.kreaturamedia.com/v4/sliders/packages/aquarium.jpg\";}s:16:\"what-is-the-time\";a:7:{s:8:\"released\";s:10:\"2017-08-25\";s:4:\"name\";s:17:\"What is the time?\";s:7:\"premium\";b:1;s:8:\"requires\";s:5:\"6.5.5\";s:6:\"groups\";s:54:\"premium,parallax,text,blendmode,experiments,api,slider\";s:3:\"url\";s:63:\"https://layerslider.kreaturamedia.com/sliders/what-is-the-time/\";s:7:\"preview\";s:77:\"https://repository.kreaturamedia.com/v4/sliders/packages/what-is-the-time.jpg\";}s:18:\"personal-page-pack\";a:7:{s:8:\"released\";s:10:\"2017-08-23\";s:4:\"name\";s:18:\"Personal Page PACK\";s:7:\"premium\";b:1;s:8:\"requires\";s:5:\"6.5.5\";s:6:\"groups\";s:62:\"premium,fullsize,fullwidth,landing,text,parallax,packs,website\";s:3:\"url\";s:65:\"https://layerslider.kreaturamedia.com/sliders/personal-page-pack/\";s:7:\"preview\";s:79:\"https://repository.kreaturamedia.com/v4/sliders/packages/personal-page-pack.jpg\";}s:19:\"marketing-page-pack\";a:7:{s:8:\"released\";s:10:\"2017-08-21\";s:4:\"name\";s:19:\"Marketing Page PACK\";s:7:\"premium\";b:1;s:8:\"requires\";s:5:\"6.5.5\";s:6:\"groups\";s:69:\"premium,fullsize,fullwidth,landing,parallax,static,loop,packs,website\";s:3:\"url\";s:66:\"https://layerslider.kreaturamedia.com/sliders/marketing-page-pack/\";s:7:\"preview\";s:80:\"https://repository.kreaturamedia.com/v4/sliders/packages/marketing-page-pack.jpg\";}s:14:\"dynamic-slider\";a:7:{s:8:\"released\";s:10:\"2017-08-18\";s:4:\"name\";s:14:\"Dynamic Slider\";s:7:\"premium\";b:1;s:8:\"requires\";s:5:\"6.5.5\";s:6:\"groups\";s:32:\"premium,fullwidth,landing,static\";s:3:\"url\";s:61:\"https://layerslider.kreaturamedia.com/sliders/dynamic-slider/\";s:7:\"preview\";s:75:\"https://repository.kreaturamedia.com/v4/sliders/packages/dynamic-slider.jpg\";}s:14:\"colorful-cases\";a:7:{s:8:\"released\";s:10:\"2017-08-16\";s:4:\"name\";s:14:\"Colorful Cases\";s:7:\"premium\";b:1;s:8:\"requires\";s:5:\"6.5.5\";s:6:\"groups\";s:50:\"premium,text,loop,parallax,static,blendmode,slider\";s:3:\"url\";s:61:\"https://layerslider.kreaturamedia.com/sliders/colorful-cases/\";s:7:\"preview\";s:75:\"https://repository.kreaturamedia.com/v4/sliders/packages/colorful-cases.jpg\";}s:16:\"beauty-shop-pack\";a:7:{s:8:\"released\";s:10:\"2017-08-14\";s:4:\"name\";s:16:\"Beauty Shop PACK\";s:7:\"premium\";b:1;s:8:\"requires\";s:5:\"6.5.5\";s:6:\"groups\";s:44:\"premium,fullwidth,text,landing,packs,website\";s:3:\"url\";s:63:\"https://layerslider.kreaturamedia.com/sliders/beauty-shop-pack/\";s:7:\"preview\";s:77:\"https://repository.kreaturamedia.com/v4/sliders/packages/beauty-shop-pack.jpg\";}s:14:\"discount-popup\";a:8:{s:8:\"released\";s:10:\"2017-12-10\";s:4:\"name\";s:14:\"Discount Popup\";s:7:\"premium\";b:1;s:5:\"popup\";b:1;s:8:\"requires\";s:5:\"6.5.5\";s:6:\"groups\";s:13:\"premium,popup\";s:3:\"url\";s:60:\"https://layerslider.kreaturamedia.com/popups/#discount-popup\";s:7:\"preview\";s:75:\"https://repository.kreaturamedia.com/v4/sliders/packages/discount-popup.jpg\";}s:18:\"social-share-popup\";a:8:{s:8:\"released\";s:10:\"2017-12-06\";s:4:\"name\";s:18:\"Social Share Popup\";s:7:\"premium\";b:1;s:5:\"popup\";b:1;s:8:\"requires\";s:5:\"6.5.5\";s:6:\"groups\";s:17:\"premium,popup,api\";s:3:\"url\";s:64:\"https://layerslider.kreaturamedia.com/popups/#social-share-popup\";s:7:\"preview\";s:79:\"https://repository.kreaturamedia.com/v4/sliders/packages/social-share-popup.jpg\";}s:16:\"popup-guide-demo\";a:8:{s:8:\"released\";s:10:\"2017-06-11\";s:4:\"name\";s:16:\"Popup Guide Demo\";s:7:\"premium\";b:1;s:5:\"popup\";b:1;s:8:\"requires\";s:5:\"6.5.0\";s:6:\"groups\";s:27:\"premium,popup,parallax,text\";s:3:\"url\";s:62:\"https://layerslider.kreaturamedia.com/popups/#popup-guide-demo\";s:7:\"preview\";s:77:\"https://repository.kreaturamedia.com/v4/sliders/packages/popup-guide-demo.jpg\";}s:18:\"popup-welcome-demo\";a:8:{s:8:\"released\";s:10:\"2017-06-11\";s:4:\"name\";s:18:\"Popup Welcome Demo\";s:7:\"premium\";b:1;s:5:\"popup\";b:1;s:8:\"requires\";s:5:\"6.5.0\";s:6:\"groups\";s:27:\"premium,popup,parallax,text\";s:3:\"url\";s:64:\"https://layerslider.kreaturamedia.com/popups/#popup-welcome-demo\";s:7:\"preview\";s:79:\"https://repository.kreaturamedia.com/v4/sliders/packages/popup-welcome-demo.jpg\";}s:22:\"popup-transparent-demo\";a:8:{s:8:\"released\";s:10:\"2017-06-11\";s:4:\"name\";s:22:\"Popup Transparent Demo\";s:7:\"premium\";b:1;s:5:\"popup\";b:1;s:8:\"requires\";s:5:\"6.5.0\";s:6:\"groups\";s:27:\"premium,popup,parallax,loop\";s:3:\"url\";s:68:\"https://layerslider.kreaturamedia.com/popups/#popup-transparent-demo\";s:7:\"preview\";s:83:\"https://repository.kreaturamedia.com/v4/sliders/packages/popup-transparent-demo.jpg\";}s:18:\"popup-sidebar-demo\";a:8:{s:8:\"released\";s:10:\"2017-06-11\";s:4:\"name\";s:18:\"Popup Sidebar Demo\";s:7:\"premium\";b:1;s:5:\"popup\";b:1;s:8:\"requires\";s:5:\"6.5.0\";s:6:\"groups\";s:40:\"premium,popup,experiments,blendmode,text\";s:3:\"url\";s:64:\"https://layerslider.kreaturamedia.com/popups/#popup-sidebar-demo\";s:7:\"preview\";s:79:\"https://repository.kreaturamedia.com/v4/sliders/packages/popup-sidebar-demo.jpg\";}s:19:\"popup-photo-gallery\";a:8:{s:8:\"released\";s:10:\"2017-06-11\";s:4:\"name\";s:19:\"Popup Photo Gallery\";s:7:\"premium\";b:1;s:5:\"popup\";b:1;s:8:\"requires\";s:5:\"6.5.0\";s:6:\"groups\";s:22:\"premium,popup,kenburns\";s:3:\"url\";s:65:\"https://layerslider.kreaturamedia.com/popups/#popup-photo-gallery\";s:7:\"preview\";s:80:\"https://repository.kreaturamedia.com/v4/sliders/packages/popup-photo-gallery.jpg\";}s:16:\"popup-modal-demo\";a:8:{s:8:\"released\";s:10:\"2017-06-11\";s:4:\"name\";s:16:\"Popup Modal Demo\";s:7:\"premium\";b:1;s:5:\"popup\";b:1;s:8:\"requires\";s:5:\"6.5.0\";s:6:\"groups\";s:20:\"premium,popup,static\";s:3:\"url\";s:62:\"https://layerslider.kreaturamedia.com/popups/#popup-modal-demo\";s:7:\"preview\";s:77:\"https://repository.kreaturamedia.com/v4/sliders/packages/popup-modal-demo.jpg\";}s:18:\"popup-infobar-demo\";a:8:{s:8:\"released\";s:10:\"2017-06-11\";s:4:\"name\";s:18:\"Popup Infobar Demo\";s:7:\"premium\";b:1;s:5:\"popup\";b:1;s:8:\"requires\";s:5:\"6.5.0\";s:6:\"groups\";s:30:\"premium,popup,experiments,text\";s:3:\"url\";s:64:\"https://layerslider.kreaturamedia.com/popups/#popup-infobar-demo\";s:7:\"preview\";s:79:\"https://repository.kreaturamedia.com/v4/sliders/packages/popup-infobar-demo.jpg\";}s:24:\"popup-fullsize-desk-demo\";a:8:{s:8:\"released\";s:10:\"2017-06-11\";s:4:\"name\";s:24:\"Popup Fullsize Desk Demo\";s:7:\"premium\";b:1;s:5:\"popup\";b:1;s:8:\"requires\";s:5:\"6.5.0\";s:6:\"groups\";s:43:\"premium,popup,experiments,fullsize,parallax\";s:3:\"url\";s:70:\"https://layerslider.kreaturamedia.com/popups/#popup-fullsize-desk-demo\";s:7:\"preview\";s:85:\"https://repository.kreaturamedia.com/v4/sliders/packages/popup-fullsize-desk-demo.jpg\";}s:18:\"conversation-popup\";a:8:{s:8:\"released\";s:10:\"2017-06-11\";s:4:\"name\";s:18:\"Conversation Popup\";s:7:\"premium\";b:1;s:5:\"popup\";b:1;s:8:\"requires\";s:5:\"6.5.0\";s:6:\"groups\";s:25:\"premium,popup,experiments\";s:3:\"url\";s:64:\"https://layerslider.kreaturamedia.com/popups/#conversation-popup\";s:7:\"preview\";s:79:\"https://repository.kreaturamedia.com/v4/sliders/packages/conversation-popup.jpg\";}s:20:\"global-hover-example\";a:7:{s:8:\"released\";s:10:\"2017-05-02\";s:4:\"name\";s:20:\"Global Hover Example\";s:7:\"premium\";b:1;s:8:\"requires\";s:5:\"6.4.0\";s:6:\"groups\";s:55:\"premium,experiments,specialeffects,parallax,text,slider\";s:3:\"url\";s:67:\"https://layerslider.kreaturamedia.com/sliders/global-hover-example/\";s:7:\"preview\";s:81:\"https://repository.kreaturamedia.com/v4/sliders/packages/global-hover-example.jpg\";}s:10:\"gastronomy\";a:7:{s:8:\"released\";s:10:\"2017-03-29\";s:4:\"name\";s:10:\"Gastronomy\";s:7:\"premium\";b:1;s:8:\"requires\";s:5:\"6.2.2\";s:6:\"groups\";s:35:\"premium,kenburns,filter,text,slider\";s:3:\"url\";s:57:\"https://layerslider.kreaturamedia.com/sliders/gastronomy/\";s:7:\"preview\";s:71:\"https://repository.kreaturamedia.com/v4/sliders/packages/gastronomy.jpg\";}s:13:\"police-lights\";a:7:{s:8:\"released\";s:10:\"2017-03-29\";s:4:\"name\";s:13:\"Police Lights\";s:7:\"premium\";b:1;s:8:\"requires\";s:5:\"6.2.2\";s:6:\"groups\";s:53:\"premium,specialeffects,loop,blendmode,parallax,slider\";s:3:\"url\";s:60:\"https://layerslider.kreaturamedia.com/sliders/police-lights/\";s:7:\"preview\";s:74:\"https://repository.kreaturamedia.com/v4/sliders/packages/police-lights.jpg\";}s:16:\"beautiful-sunset\";a:7:{s:8:\"released\";s:10:\"2017-03-29\";s:4:\"name\";s:16:\"Beautiful Sunset\";s:7:\"premium\";b:1;s:8:\"requires\";s:5:\"6.2.2\";s:6:\"groups\";s:44:\"premium,specialeffects,loop,blendmode,slider\";s:3:\"url\";s:63:\"https://layerslider.kreaturamedia.com/sliders/beautiful-sunset/\";s:7:\"preview\";s:77:\"https://repository.kreaturamedia.com/v4/sliders/packages/beautiful-sunset.jpg\";}s:23:\"blend-mode-experiment-1\";a:7:{s:8:\"released\";s:10:\"2017-03-29\";s:4:\"name\";s:23:\"Blend Mode Experiment 1\";s:7:\"premium\";b:1;s:8:\"requires\";s:5:\"6.2.2\";s:6:\"groups\";s:70:\"premium,specialeffects,text,blendmode,experiments,loop,parallax,slider\";s:3:\"url\";s:70:\"https://layerslider.kreaturamedia.com/sliders/blend-mode-experiment-1/\";s:7:\"preview\";s:84:\"https://repository.kreaturamedia.com/v4/sliders/packages/blend-mode-experiment-1.jpg\";}s:16:\"flying-banners-2\";a:7:{s:8:\"released\";s:10:\"2017-03-29\";s:4:\"name\";s:16:\"Flying Banners 2\";s:7:\"premium\";b:1;s:8:\"requires\";s:5:\"6.1.0\";s:6:\"groups\";s:47:\"premium,parallax,specialeffects,fullsize,slider\";s:3:\"url\";s:63:\"https://layerslider.kreaturamedia.com/sliders/flying-banners-2/\";s:7:\"preview\";s:77:\"https://repository.kreaturamedia.com/v4/sliders/packages/flying-banners-2.jpg\";}s:14:\"layerslider-v6\";a:7:{s:8:\"released\";s:10:\"2017-03-08\";s:4:\"name\";s:14:\"LayerSlider v6\";s:7:\"premium\";b:1;s:8:\"requires\";s:5:\"6.1.6\";s:6:\"groups\";s:75:\"premium,specialeffects,parallax,fullsize,landing,loop,text,media,api,slider\";s:3:\"url\";s:61:\"https://layerslider.kreaturamedia.com/sliders/layerslider-v6/\";s:7:\"preview\";s:75:\"https://repository.kreaturamedia.com/v4/sliders/packages/layerslider-v6.jpg\";}s:16:\"flying-banners-1\";a:7:{s:8:\"released\";s:10:\"2017-03-08\";s:4:\"name\";s:16:\"Flying Banners 1\";s:7:\"premium\";b:0;s:8:\"requires\";s:5:\"6.1.0\";s:6:\"groups\";s:45:\"free,parallax,loop,text,specialeffects,slider\";s:3:\"url\";s:63:\"https://layerslider.kreaturamedia.com/sliders/flying-banners-1/\";s:7:\"preview\";s:77:\"https://repository.kreaturamedia.com/v4/sliders/packages/flying-banners-1.jpg\";}s:18:\"anniversary-slider\";a:7:{s:8:\"released\";s:10:\"2017-03-08\";s:4:\"name\";s:18:\"Anniversary Slider\";s:7:\"premium\";b:0;s:8:\"requires\";s:5:\"6.1.0\";s:6:\"groups\";s:47:\"free,parallax,experiments,specialeffects,slider\";s:3:\"url\";s:65:\"https://layerslider.kreaturamedia.com/sliders/anniversary-slider/\";s:7:\"preview\";s:79:\"https://repository.kreaturamedia.com/v4/sliders/packages/anniversary-slider.jpg\";}s:7:\"origami\";a:7:{s:8:\"released\";s:10:\"2016-12-07\";s:4:\"name\";s:7:\"Origami\";s:7:\"premium\";b:1;s:8:\"requires\";s:5:\"6.1.0\";s:6:\"groups\";s:61:\"premium,experiments,specialeffects,3dtransition,slider,addons\";s:3:\"url\";s:54:\"https://layerslider.kreaturamedia.com/sliders/origami/\";s:7:\"preview\";s:68:\"https://repository.kreaturamedia.com/v4/sliders/packages/origami.jpg\";}s:17:\"origami-buildings\";a:7:{s:8:\"released\";s:10:\"2016-12-07\";s:4:\"name\";s:17:\"Origami Buildings\";s:7:\"premium\";b:1;s:8:\"requires\";s:5:\"6.1.0\";s:6:\"groups\";s:70:\"premium,experiments,specialeffects,kenburns,3dtransition,slider,addons\";s:3:\"url\";s:64:\"https://layerslider.kreaturamedia.com/sliders/origami-buildings/\";s:7:\"preview\";s:78:\"https://repository.kreaturamedia.com/v4/sliders/packages/origami-buildings.jpg\";}s:17:\"autumn-experiment\";a:7:{s:8:\"released\";s:10:\"2016-11-28\";s:4:\"name\";s:17:\"Autumn Experiment\";s:7:\"premium\";b:0;s:8:\"requires\";s:5:\"6.0.4\";s:6:\"groups\";s:52:\"experiments,free,loop,parallax,specialeffects,slider\";s:3:\"url\";s:64:\"https://layerslider.kreaturamedia.com/sliders/autumn-experiment/\";s:7:\"preview\";s:78:\"https://repository.kreaturamedia.com/v4/sliders/packages/autumn-experiment.jpg\";}s:28:\"features-parallax-experiment\";a:7:{s:8:\"released\";s:10:\"2016-11-28\";s:4:\"name\";s:32:\"Features | A Parallax Experiment\";s:7:\"premium\";b:0;s:8:\"requires\";s:5:\"6.0.4\";s:6:\"groups\";s:47:\"experiments,free,parallax,specialeffects,slider\";s:3:\"url\";s:75:\"https://layerslider.kreaturamedia.com/sliders/features-parallax-experiment/\";s:7:\"preview\";s:89:\"https://repository.kreaturamedia.com/v4/sliders/packages/features-parallax-experiment.jpg\";}s:16:\"furniture-slider\";a:7:{s:8:\"released\";s:10:\"2016-11-28\";s:4:\"name\";s:16:\"Furniture Slider\";s:7:\"premium\";b:1;s:8:\"requires\";s:5:\"6.0.4\";s:6:\"groups\";s:40:\"fullwidth,parallax,premium,static,slider\";s:3:\"url\";s:63:\"https://layerslider.kreaturamedia.com/sliders/furniture-slider/\";s:7:\"preview\";s:77:\"https://repository.kreaturamedia.com/v4/sliders/packages/furniture-slider.jpg\";}s:15:\"room-experiment\";a:7:{s:8:\"released\";s:10:\"2016-11-28\";s:4:\"name\";s:15:\"Room Experiment\";s:7:\"premium\";b:1;s:8:\"requires\";s:5:\"6.0.6\";s:6:\"groups\";s:72:\"api,experiments,media,parallax,premium,specialeffects,static,text,slider\";s:3:\"url\";s:62:\"https://layerslider.kreaturamedia.com/sliders/room-experiment/\";s:7:\"preview\";s:76:\"https://repository.kreaturamedia.com/v4/sliders/packages/room-experiment.jpg\";}s:11:\"drag-n-drop\";a:6:{s:4:\"name\";s:11:\"Drag & Drop\";s:7:\"premium\";b:1;s:8:\"requires\";s:5:\"6.0.3\";s:6:\"groups\";s:44:\"premium,fullwidth,specialeffects,text,slider\";s:3:\"url\";s:58:\"https://layerslider.kreaturamedia.com/sliders/drag-n-drop/\";s:7:\"preview\";s:72:\"https://repository.kreaturamedia.com/v4/sliders/packages/drag-n-drop.jpg\";}s:10:\"headphones\";a:6:{s:4:\"name\";s:10:\"Headphones\";s:7:\"premium\";b:1;s:8:\"requires\";s:5:\"6.0.3\";s:6:\"groups\";s:21:\"premium,static,slider\";s:3:\"url\";s:57:\"https://layerslider.kreaturamedia.com/sliders/headphones/\";s:7:\"preview\";s:71:\"https://repository.kreaturamedia.com/v4/sliders/packages/headphones.jpg\";}s:14:\"play-by-scroll\";a:6:{s:4:\"name\";s:19:\"Play By Scroll demo\";s:7:\"premium\";b:1;s:8:\"requires\";s:5:\"6.0.4\";s:6:\"groups\";s:80:\"premium,fullsize,text,experiments,specialeffects,playbyscroll,loop,slider,addons\";s:3:\"url\";s:61:\"https://layerslider.kreaturamedia.com/sliders/play-by-scroll/\";s:7:\"preview\";s:75:\"https://repository.kreaturamedia.com/v4/sliders/packages/play-by-scroll.jpg\";}s:3:\"sky\";a:6:{s:4:\"name\";s:14:\"Sky Experience\";s:7:\"premium\";b:1;s:8:\"requires\";s:5:\"6.0.3\";s:6:\"groups\";s:70:\"premium,fullwidth,text,experiments,parallax,specialeffects,loop,slider\";s:3:\"url\";s:61:\"https://layerslider.kreaturamedia.com/sliders/sky-experience/\";s:7:\"preview\";s:64:\"https://repository.kreaturamedia.com/v4/sliders/packages/sky.jpg\";}s:9:\"halloween\";a:6:{s:4:\"name\";s:16:\"Happy Halloween!\";s:7:\"premium\";b:0;s:8:\"requires\";s:5:\"6.0.3\";s:6:\"groups\";s:42:\"free,fullsize,text,experiments,loop,slider\";s:3:\"url\";s:62:\"https://layerslider.kreaturamedia.com/sliders/happy-halloween/\";s:7:\"preview\";s:70:\"https://repository.kreaturamedia.com/v4/sliders/packages/halloween.jpg\";}s:15:\"creative-agency\";a:6:{s:4:\"name\";s:6:\"Agency\";s:7:\"premium\";b:1;s:8:\"requires\";s:5:\"6.0.0\";s:6:\"groups\";s:49:\"premium,fullsize,kenburns,parallax,landing,filter\";s:3:\"url\";s:62:\"https://layerslider.kreaturamedia.com/sliders/creative-agency/\";s:7:\"preview\";s:76:\"https://repository.kreaturamedia.com/v4/sliders/packages/creative-agency.jpg\";}s:18:\"interactive-slider\";a:6:{s:4:\"name\";s:18:\"Interactive Slider\";s:7:\"premium\";b:1;s:8:\"requires\";s:5:\"6.0.0\";s:6:\"groups\";s:47:\"premium,fullsize,parallax,kenburns,text,landing\";s:3:\"url\";s:65:\"https://layerslider.kreaturamedia.com/sliders/interactive-slider/\";s:7:\"preview\";s:79:\"https://repository.kreaturamedia.com/v4/sliders/packages/interactive-slider.jpg\";}s:9:\"ecommerce\";a:6:{s:4:\"name\";s:9:\"eCommerce\";s:7:\"premium\";b:1;s:8:\"requires\";s:5:\"6.0.0\";s:6:\"groups\";s:24:\"premium,fullwidth,slider\";s:3:\"url\";s:56:\"https://layerslider.kreaturamedia.com/sliders/ecommerce/\";s:7:\"preview\";s:70:\"https://repository.kreaturamedia.com/v4/sliders/packages/ecommerce.jpg\";}s:17:\"landing-page-pack\";a:6:{s:4:\"name\";s:17:\"Landing Page PACK\";s:7:\"premium\";b:1;s:8:\"requires\";s:5:\"6.0.0\";s:6:\"groups\";s:62:\"premium,fullsize,fullwidth,landing,parallax,text,packs,website\";s:3:\"url\";s:59:\"https://layerslider.kreaturamedia.com/sliders/landing-page/\";s:7:\"preview\";s:78:\"https://repository.kreaturamedia.com/v4/sliders/packages/landing-page-pack.jpg\";}s:6:\"hiking\";a:6:{s:4:\"name\";s:6:\"Hiking\";s:7:\"premium\";b:1;s:8:\"requires\";s:5:\"6.0.0\";s:6:\"groups\";s:24:\"premium,fullwidth,slider\";s:3:\"url\";s:53:\"https://layerslider.kreaturamedia.com/sliders/hiking/\";s:7:\"preview\";s:67:\"https://repository.kreaturamedia.com/v4/sliders/packages/hiking.jpg\";}s:12:\"movie-slider\";a:6:{s:4:\"name\";s:12:\"Movie Slider\";s:7:\"premium\";b:1;s:8:\"requires\";s:5:\"6.0.0\";s:6:\"groups\";s:24:\"premium,fullwidth,slider\";s:3:\"url\";s:59:\"https://layerslider.kreaturamedia.com/sliders/movie-slider/\";s:7:\"preview\";s:73:\"https://repository.kreaturamedia.com/v4/sliders/packages/movie-slider.jpg\";}s:12:\"photo-studio\";a:6:{s:4:\"name\";s:12:\"Photo Studio\";s:7:\"premium\";b:1;s:8:\"requires\";s:5:\"6.0.0\";s:6:\"groups\";s:70:\"premium,fullsize,filter,text,parallax,specialeffects,blendmode,landing\";s:3:\"url\";s:59:\"https://layerslider.kreaturamedia.com/sliders/photo-studio/\";s:7:\"preview\";s:73:\"https://repository.kreaturamedia.com/v4/sliders/packages/photo-studio.jpg\";}s:5:\"shoes\";a:6:{s:4:\"name\";s:5:\"Shoes\";s:7:\"premium\";b:1;s:8:\"requires\";s:5:\"6.0.0\";s:6:\"groups\";s:42:\"premium,fullwidth,parallax,carousel,slider\";s:3:\"url\";s:52:\"https://layerslider.kreaturamedia.com/sliders/shoes/\";s:7:\"preview\";s:66:\"https://repository.kreaturamedia.com/v4/sliders/packages/shoes.jpg\";}s:11:\"mini-cooper\";a:6:{s:4:\"name\";s:18:\"Mini Cooper Slider\";s:7:\"premium\";b:1;s:8:\"requires\";s:5:\"6.0.0\";s:6:\"groups\";s:47:\"premium,fullsize,parallax,specialeffects,slider\";s:3:\"url\";s:65:\"https://layerslider.kreaturamedia.com/sliders/mini-cooper-slider/\";s:7:\"preview\";s:72:\"https://repository.kreaturamedia.com/v4/sliders/packages/mini-cooper.jpg\";}s:4:\"xmas\";a:6:{s:4:\"name\";s:16:\"Merry Christmas!\";s:7:\"premium\";b:1;s:8:\"requires\";s:5:\"6.0.0\";s:6:\"groups\";s:67:\"premium,parallax,filter,experiments,specialeffects,text,loop,slider\";s:3:\"url\";s:62:\"https://layerslider.kreaturamedia.com/sliders/merry-christmas/\";s:7:\"preview\";s:65:\"https://repository.kreaturamedia.com/v4/sliders/packages/xmas.jpg\";}s:5:\"clock\";a:6:{s:4:\"name\";s:32:\"Vintage Clock | shows valid time\";s:7:\"premium\";b:1;s:8:\"requires\";s:5:\"6.0.0\";s:6:\"groups\";s:44:\"premium,fullsize,api,experiments,loop,slider\";s:3:\"url\";s:60:\"https://layerslider.kreaturamedia.com/sliders/vintage-clock/\";s:7:\"preview\";s:66:\"https://repository.kreaturamedia.com/v4/sliders/packages/clock.jpg\";}s:8:\"car-show\";a:6:{s:4:\"name\";s:8:\"Car Show\";s:7:\"premium\";b:1;s:8:\"requires\";s:5:\"5.0.0\";s:6:\"groups\";s:45:\"premium,fullwidth,experiments,api,loop,slider\";s:3:\"url\";s:55:\"https://layerslider.kreaturamedia.com/sliders/car-show/\";s:7:\"preview\";s:69:\"https://repository.kreaturamedia.com/v4/sliders/packages/car-show.jpg\";}s:8:\"carousel\";a:6:{s:4:\"name\";s:8:\"Carousel\";s:7:\"premium\";b:0;s:8:\"requires\";s:5:\"5.0.0\";s:6:\"groups\";s:20:\"free,carousel,slider\";s:3:\"url\";s:55:\"https://layerslider.kreaturamedia.com/sliders/carousel/\";s:7:\"preview\";s:69:\"https://repository.kreaturamedia.com/v4/sliders/packages/carousel.jpg\";}s:14:\"fancy-parallax\";a:6:{s:4:\"name\";s:21:\"Fancy Parallax Slider\";s:7:\"premium\";b:1;s:8:\"requires\";s:5:\"6.0.0\";s:6:\"groups\";s:33:\"premium,fullwidth,parallax,slider\";s:3:\"url\";s:62:\"https://layerslider.kreaturamedia.com/sliders/parallax-slider/\";s:7:\"preview\";s:75:\"https://repository.kreaturamedia.com/v4/sliders/packages/fancy-parallax.jpg\";}s:13:\"simple-slider\";a:6:{s:4:\"name\";s:13:\"Simple Slider\";s:7:\"premium\";b:0;s:8:\"requires\";s:5:\"5.0.0\";s:6:\"groups\";s:11:\"free,slider\";s:3:\"url\";s:60:\"https://layerslider.kreaturamedia.com/sliders/simple-slider/\";s:7:\"preview\";s:74:\"https://repository.kreaturamedia.com/v4/sliders/packages/simple-slider.jpg\";}s:12:\"image-slider\";a:6:{s:4:\"name\";s:12:\"Image Slider\";s:7:\"premium\";b:0;s:8:\"requires\";s:5:\"5.0.0\";s:6:\"groups\";s:11:\"free,slider\";s:3:\"url\";s:62:\"https://layerslider.kreaturamedia.com/sliders/image-slideshow/\";s:7:\"preview\";s:73:\"https://repository.kreaturamedia.com/v4/sliders/packages/image-slider.jpg\";}s:19:\"client-testimonials\";a:6:{s:4:\"name\";s:19:\"Client Testimonials\";s:7:\"premium\";b:1;s:8:\"requires\";s:5:\"6.0.0\";s:6:\"groups\";s:24:\"premium,fullwidth,slider\";s:3:\"url\";s:66:\"https://layerslider.kreaturamedia.com/sliders/client-testimonials/\";s:7:\"preview\";s:80:\"https://repository.kreaturamedia.com/v4/sliders/packages/client-testimonials.jpg\";}s:8:\"fixed-bg\";a:6:{s:4:\"name\";s:16:\"Fixed Background\";s:7:\"premium\";b:1;s:8:\"requires\";s:5:\"6.0.0\";s:6:\"groups\";s:30:\"premium,fullwidth,media,slider\";s:3:\"url\";s:63:\"https://layerslider.kreaturamedia.com/sliders/fixed-background/\";s:7:\"preview\";s:69:\"https://repository.kreaturamedia.com/v4/sliders/packages/fixed-bg.jpg\";}s:22:\"dynamic-content-slider\";a:6:{s:4:\"name\";s:22:\"Dynamic Content Slider\";s:7:\"premium\";b:0;s:8:\"requires\";s:5:\"5.0.0\";s:6:\"groups\";s:11:\"free,slider\";s:3:\"url\";s:69:\"https://layerslider.kreaturamedia.com/sliders/dynamic-content-slider/\";s:7:\"preview\";s:83:\"https://repository.kreaturamedia.com/v4/sliders/packages/dynamic-content-slider.jpg\";}s:6:\"old-3d\";a:6:{s:4:\"name\";s:14:\"LayerSlider v4\";s:7:\"premium\";b:0;s:8:\"requires\";s:5:\"5.0.0\";s:6:\"groups\";s:30:\"free,3dtransition,media,slider\";s:3:\"url\";s:61:\"https://layerslider.kreaturamedia.com/sliders/3d-demo-slider/\";s:7:\"preview\";s:67:\"https://repository.kreaturamedia.com/v4/sliders/packages/old-3d.jpg\";}s:2:\"v5\";a:6:{s:4:\"name\";s:14:\"LayerSlider v5\";s:7:\"premium\";b:0;s:8:\"requires\";s:5:\"5.0.0\";s:6:\"groups\";s:26:\"free,parallax,media,slider\";s:3:\"url\";s:61:\"https://layerslider.kreaturamedia.com/sliders/layerslider-v5/\";s:7:\"preview\";s:63:\"https://repository.kreaturamedia.com/v4/sliders/packages/v5.jpg\";}s:12:\"video-slider\";a:6:{s:4:\"name\";s:12:\"Video Slider\";s:7:\"premium\";b:0;s:8:\"requires\";s:5:\"5.0.0\";s:6:\"groups\";s:17:\"free,media,slider\";s:3:\"url\";s:59:\"https://layerslider.kreaturamedia.com/sliders/video-slider/\";s:7:\"preview\";s:73:\"https://repository.kreaturamedia.com/v4/sliders/packages/video-slider.jpg\";}s:6:\"resort\";a:6:{s:4:\"name\";s:6:\"Resort\";s:7:\"premium\";b:1;s:8:\"requires\";s:5:\"5.0.0\";s:6:\"groups\";s:14:\"premium,slider\";s:3:\"url\";s:54:\"https://layerslider.kreaturamedia.com/sliders/restort/\";s:7:\"preview\";s:67:\"https://repository.kreaturamedia.com/v4/sliders/packages/resort.jpg\";}}s:15:\"kreatura-popups\";a:15:{s:21:\"covid-19-notification\";a:8:{s:8:\"released\";s:10:\"2020-04-01\";s:4:\"name\";s:21:\"COVID-19 Notification\";s:7:\"premium\";b:1;s:5:\"popup\";b:1;s:8:\"requires\";s:6:\"6.10.0\";s:6:\"groups\";s:17:\"premium,new,popup\";s:3:\"url\";s:67:\"https://layerslider.kreaturamedia.com/popups/#covid-19-notification\";s:7:\"preview\";s:82:\"https://repository.kreaturamedia.com/v4/sliders/packages/covid-19-notification.jpg\";}s:19:\"covid-19-bottom-bar\";a:8:{s:8:\"released\";s:10:\"2020-04-01\";s:4:\"name\";s:19:\"COVID-19 Bottom Bar\";s:7:\"premium\";b:1;s:5:\"popup\";b:1;s:8:\"requires\";s:6:\"6.10.0\";s:6:\"groups\";s:17:\"premium,new,popup\";s:3:\"url\";s:65:\"https://layerslider.kreaturamedia.com/popups/#covid-19-bottom-bar\";s:7:\"preview\";s:80:\"https://repository.kreaturamedia.com/v4/sliders/packages/covid-19-bottom-bar.jpg\";}s:14:\"top-bar-notice\";a:8:{s:8:\"released\";s:10:\"2020-04-01\";s:4:\"name\";s:14:\"Top Bar Notice\";s:7:\"premium\";b:1;s:5:\"popup\";b:1;s:8:\"requires\";s:6:\"6.10.0\";s:6:\"groups\";s:17:\"premium,new,popup\";s:3:\"url\";s:60:\"https://layerslider.kreaturamedia.com/popups/#top-bar-notice\";s:7:\"preview\";s:75:\"https://repository.kreaturamedia.com/v4/sliders/packages/top-bar-notice.jpg\";}s:20:\"christmas-snow-globe\";a:8:{s:8:\"released\";s:10:\"2019-12-19\";s:4:\"name\";s:20:\"Christmas Snow Globe\";s:7:\"premium\";b:1;s:5:\"popup\";b:1;s:8:\"requires\";s:6:\"6.10.0\";s:6:\"groups\";s:34:\"premium,parallax,popup,loop,filter\";s:3:\"url\";s:66:\"https://layerslider.kreaturamedia.com/popups/#christmas-snow-globe\";s:7:\"preview\";s:81:\"https://repository.kreaturamedia.com/v4/sliders/packages/christmas-snow-globe.jpg\";}s:14:\"discount-popup\";a:8:{s:8:\"released\";s:10:\"2017-12-10\";s:4:\"name\";s:14:\"Discount Popup\";s:7:\"premium\";b:1;s:5:\"popup\";b:1;s:8:\"requires\";s:5:\"6.5.5\";s:6:\"groups\";s:13:\"premium,popup\";s:3:\"url\";s:60:\"https://layerslider.kreaturamedia.com/popups/#discount-popup\";s:7:\"preview\";s:75:\"https://repository.kreaturamedia.com/v4/sliders/packages/discount-popup.jpg\";}s:18:\"social-share-popup\";a:8:{s:8:\"released\";s:10:\"2017-12-06\";s:4:\"name\";s:18:\"Social Share Popup\";s:7:\"premium\";b:1;s:5:\"popup\";b:1;s:8:\"requires\";s:5:\"6.5.5\";s:6:\"groups\";s:17:\"premium,popup,api\";s:3:\"url\";s:64:\"https://layerslider.kreaturamedia.com/popups/#social-share-popup\";s:7:\"preview\";s:79:\"https://repository.kreaturamedia.com/v4/sliders/packages/social-share-popup.jpg\";}s:16:\"popup-guide-demo\";a:8:{s:8:\"released\";s:10:\"2017-06-11\";s:4:\"name\";s:16:\"Popup Guide Demo\";s:7:\"premium\";b:1;s:5:\"popup\";b:1;s:8:\"requires\";s:5:\"6.5.0\";s:6:\"groups\";s:27:\"premium,popup,parallax,text\";s:3:\"url\";s:62:\"https://layerslider.kreaturamedia.com/popups/#popup-guide-demo\";s:7:\"preview\";s:77:\"https://repository.kreaturamedia.com/v4/sliders/packages/popup-guide-demo.jpg\";}s:18:\"popup-welcome-demo\";a:8:{s:8:\"released\";s:10:\"2017-06-11\";s:4:\"name\";s:18:\"Popup Welcome Demo\";s:7:\"premium\";b:1;s:5:\"popup\";b:1;s:8:\"requires\";s:5:\"6.5.0\";s:6:\"groups\";s:27:\"premium,popup,parallax,text\";s:3:\"url\";s:64:\"https://layerslider.kreaturamedia.com/popups/#popup-welcome-demo\";s:7:\"preview\";s:79:\"https://repository.kreaturamedia.com/v4/sliders/packages/popup-welcome-demo.jpg\";}s:22:\"popup-transparent-demo\";a:8:{s:8:\"released\";s:10:\"2017-06-11\";s:4:\"name\";s:22:\"Popup Transparent Demo\";s:7:\"premium\";b:1;s:5:\"popup\";b:1;s:8:\"requires\";s:5:\"6.5.0\";s:6:\"groups\";s:27:\"premium,popup,parallax,loop\";s:3:\"url\";s:68:\"https://layerslider.kreaturamedia.com/popups/#popup-transparent-demo\";s:7:\"preview\";s:83:\"https://repository.kreaturamedia.com/v4/sliders/packages/popup-transparent-demo.jpg\";}s:18:\"popup-sidebar-demo\";a:8:{s:8:\"released\";s:10:\"2017-06-11\";s:4:\"name\";s:18:\"Popup Sidebar Demo\";s:7:\"premium\";b:1;s:5:\"popup\";b:1;s:8:\"requires\";s:5:\"6.5.0\";s:6:\"groups\";s:40:\"premium,popup,experiments,blendmode,text\";s:3:\"url\";s:64:\"https://layerslider.kreaturamedia.com/popups/#popup-sidebar-demo\";s:7:\"preview\";s:79:\"https://repository.kreaturamedia.com/v4/sliders/packages/popup-sidebar-demo.jpg\";}s:19:\"popup-photo-gallery\";a:8:{s:8:\"released\";s:10:\"2017-06-11\";s:4:\"name\";s:19:\"Popup Photo Gallery\";s:7:\"premium\";b:1;s:5:\"popup\";b:1;s:8:\"requires\";s:5:\"6.5.0\";s:6:\"groups\";s:22:\"premium,popup,kenburns\";s:3:\"url\";s:65:\"https://layerslider.kreaturamedia.com/popups/#popup-photo-gallery\";s:7:\"preview\";s:80:\"https://repository.kreaturamedia.com/v4/sliders/packages/popup-photo-gallery.jpg\";}s:16:\"popup-modal-demo\";a:8:{s:8:\"released\";s:10:\"2017-06-11\";s:4:\"name\";s:16:\"Popup Modal Demo\";s:7:\"premium\";b:1;s:5:\"popup\";b:1;s:8:\"requires\";s:5:\"6.5.0\";s:6:\"groups\";s:20:\"premium,popup,static\";s:3:\"url\";s:62:\"https://layerslider.kreaturamedia.com/popups/#popup-modal-demo\";s:7:\"preview\";s:77:\"https://repository.kreaturamedia.com/v4/sliders/packages/popup-modal-demo.jpg\";}s:18:\"popup-infobar-demo\";a:8:{s:8:\"released\";s:10:\"2017-06-11\";s:4:\"name\";s:18:\"Popup Infobar Demo\";s:7:\"premium\";b:1;s:5:\"popup\";b:1;s:8:\"requires\";s:5:\"6.5.0\";s:6:\"groups\";s:30:\"premium,popup,experiments,text\";s:3:\"url\";s:64:\"https://layerslider.kreaturamedia.com/popups/#popup-infobar-demo\";s:7:\"preview\";s:79:\"https://repository.kreaturamedia.com/v4/sliders/packages/popup-infobar-demo.jpg\";}s:24:\"popup-fullsize-desk-demo\";a:8:{s:8:\"released\";s:10:\"2017-06-11\";s:4:\"name\";s:24:\"Popup Fullsize Desk Demo\";s:7:\"premium\";b:1;s:5:\"popup\";b:1;s:8:\"requires\";s:5:\"6.5.0\";s:6:\"groups\";s:43:\"premium,popup,experiments,fullsize,parallax\";s:3:\"url\";s:70:\"https://layerslider.kreaturamedia.com/popups/#popup-fullsize-desk-demo\";s:7:\"preview\";s:85:\"https://repository.kreaturamedia.com/v4/sliders/packages/popup-fullsize-desk-demo.jpg\";}s:18:\"conversation-popup\";a:8:{s:8:\"released\";s:10:\"2017-06-11\";s:4:\"name\";s:18:\"Conversation Popup\";s:7:\"premium\";b:1;s:5:\"popup\";b:1;s:8:\"requires\";s:5:\"6.5.0\";s:6:\"groups\";s:25:\"premium,popup,experiments\";s:3:\"url\";s:64:\"https://layerslider.kreaturamedia.com/popups/#conversation-popup\";s:7:\"preview\";s:79:\"https://repository.kreaturamedia.com/v4/sliders/packages/conversation-popup.jpg\";}}s:19:\"webshopworks-popups\";a:65:{s:16:\"reveal-your-deal\";a:7:{s:4:\"name\";s:16:\"Reveal Your Deal\";s:7:\"premium\";b:1;s:5:\"popup\";b:1;s:8:\"requires\";s:6:\"6.10.0\";s:6:\"groups\";s:31:\"sales,coupon,seasonal,promotion\";s:3:\"url\";s:75:\"https://layerslider.kreaturamedia.com/popups/webshopworks/#reveal-your-deal\";s:7:\"preview\";s:97:\"https://repository.kreaturamedia.com/v4/sliders/packages/webshopworks-popups/reveal-your-deal.jpg\";}s:27:\"christmas-sidebar-countdown\";a:7:{s:4:\"name\";s:27:\"Christmas Sidebar Countdown\";s:7:\"premium\";b:1;s:5:\"popup\";b:1;s:8:\"requires\";s:6:\"6.10.0\";s:6:\"groups\";s:24:\"sales,seasonal,promotion\";s:3:\"url\";s:86:\"https://layerslider.kreaturamedia.com/popups/webshopworks/#christmas-sidebar-countdown\";s:7:\"preview\";s:108:\"https://repository.kreaturamedia.com/v4/sliders/packages/webshopworks-popups/christmas-sidebar-countdown.jpg\";}s:20:\"christmas-sale-santa\";a:7:{s:4:\"name\";s:20:\"Christmas Sale Santa\";s:7:\"premium\";b:1;s:5:\"popup\";b:1;s:8:\"requires\";s:6:\"6.10.0\";s:6:\"groups\";s:24:\"sales,seasonal,promotion\";s:3:\"url\";s:79:\"https://layerslider.kreaturamedia.com/popups/webshopworks/#christmas-sale-santa\";s:7:\"preview\";s:101:\"https://repository.kreaturamedia.com/v4/sliders/packages/webshopworks-popups/christmas-sale-santa.jpg\";}s:11:\"santa-walks\";a:7:{s:4:\"name\";s:11:\"Santa Walks\";s:7:\"premium\";b:1;s:5:\"popup\";b:1;s:8:\"requires\";s:6:\"6.10.0\";s:6:\"groups\";s:24:\"sales,seasonal,promotion\";s:3:\"url\";s:70:\"https://layerslider.kreaturamedia.com/popups/webshopworks/#santa-walks\";s:7:\"preview\";s:92:\"https://repository.kreaturamedia.com/v4/sliders/packages/webshopworks-popups/santa-walks.jpg\";}s:14:\"christmas-sale\";a:7:{s:4:\"name\";s:14:\"Christmas Sale\";s:7:\"premium\";b:1;s:5:\"popup\";b:1;s:8:\"requires\";s:6:\"6.10.0\";s:6:\"groups\";s:14:\"seasonal,sales\";s:3:\"url\";s:73:\"https://layerslider.kreaturamedia.com/popups/webshopworks/#christmas-sale\";s:7:\"preview\";s:95:\"https://repository.kreaturamedia.com/v4/sliders/packages/webshopworks-popups/christmas-sale.jpg\";}s:12:\"gift-voucher\";a:7:{s:4:\"name\";s:12:\"Gift Voucher\";s:7:\"premium\";b:1;s:5:\"popup\";b:1;s:8:\"requires\";s:6:\"6.10.0\";s:6:\"groups\";s:32:\"newsletter,coupon,sales,seasonal\";s:3:\"url\";s:71:\"https://layerslider.kreaturamedia.com/popups/webshopworks/#gift-voucher\";s:7:\"preview\";s:93:\"https://repository.kreaturamedia.com/v4/sliders/packages/webshopworks-popups/gift-voucher.jpg\";}s:16:\"christmas-topbar\";a:7:{s:4:\"name\";s:17:\"Christmas Top Bar\";s:7:\"premium\";b:1;s:5:\"popup\";b:1;s:8:\"requires\";s:6:\"6.10.0\";s:6:\"groups\";s:24:\"sales,seasonal,promotion\";s:3:\"url\";s:75:\"https://layerslider.kreaturamedia.com/popups/webshopworks/#christmas-topbar\";s:7:\"preview\";s:97:\"https://repository.kreaturamedia.com/v4/sliders/packages/webshopworks-popups/christmas-topbar.jpg\";}s:14:\"black-friday-9\";a:7:{s:4:\"name\";s:15:\"Black Friday #9\";s:7:\"premium\";b:1;s:5:\"popup\";b:1;s:8:\"requires\";s:6:\"6.10.0\";s:6:\"groups\";s:35:\"sales,seasonal,promotion,fullscreen\";s:3:\"url\";s:73:\"https://layerslider.kreaturamedia.com/popups/webshopworks/#black-friday-9\";s:7:\"preview\";s:95:\"https://repository.kreaturamedia.com/v4/sliders/packages/webshopworks-popups/black-friday-9.jpg\";}s:14:\"black-friday-8\";a:7:{s:4:\"name\";s:15:\"Black Friday #8\";s:7:\"premium\";b:1;s:5:\"popup\";b:1;s:8:\"requires\";s:6:\"6.10.0\";s:6:\"groups\";s:35:\"sales,seasonal,promotion,fullscreen\";s:3:\"url\";s:73:\"https://layerslider.kreaturamedia.com/popups/webshopworks/#black-friday-8\";s:7:\"preview\";s:95:\"https://repository.kreaturamedia.com/v4/sliders/packages/webshopworks-popups/black-friday-8.jpg\";}s:20:\"black-friday-premium\";a:7:{s:4:\"name\";s:20:\"Black Friday Premium\";s:7:\"premium\";b:1;s:5:\"popup\";b:1;s:8:\"requires\";s:6:\"6.10.0\";s:6:\"groups\";s:24:\"sales,seasonal,promotion\";s:3:\"url\";s:79:\"https://layerslider.kreaturamedia.com/popups/webshopworks/#black-friday-premium\";s:7:\"preview\";s:101:\"https://repository.kreaturamedia.com/v4/sliders/packages/webshopworks-popups/black-friday-premium.jpg\";}s:14:\"black-friday-7\";a:7:{s:4:\"name\";s:15:\"Black Friday #7\";s:7:\"premium\";b:1;s:5:\"popup\";b:1;s:8:\"requires\";s:6:\"6.10.0\";s:6:\"groups\";s:24:\"sales,seasonal,promotion\";s:3:\"url\";s:73:\"https://layerslider.kreaturamedia.com/popups/webshopworks/#black-friday-7\";s:7:\"preview\";s:95:\"https://repository.kreaturamedia.com/v4/sliders/packages/webshopworks-popups/black-friday-7.jpg\";}s:11:\"todays-sale\";a:7:{s:4:\"name\";s:14:\"Today’s Sale\";s:7:\"premium\";b:1;s:5:\"popup\";b:1;s:8:\"requires\";s:6:\"6.10.0\";s:6:\"groups\";s:15:\"sales,promotion\";s:3:\"url\";s:70:\"https://layerslider.kreaturamedia.com/popups/webshopworks/#todays-sale\";s:7:\"preview\";s:92:\"https://repository.kreaturamedia.com/v4/sliders/packages/webshopworks-popups/todays-sale.jpg\";}s:9:\"sign-up-6\";a:7:{s:4:\"name\";s:10:\"Sign Up #6\";s:7:\"premium\";b:1;s:5:\"popup\";b:1;s:8:\"requires\";s:6:\"6.10.0\";s:6:\"groups\";s:10:\"newsletter\";s:3:\"url\";s:68:\"https://layerslider.kreaturamedia.com/popups/webshopworks/#sign-up-6\";s:7:\"preview\";s:90:\"https://repository.kreaturamedia.com/v4/sliders/packages/webshopworks-popups/sign-up-6.jpg\";}s:9:\"sign-up-7\";a:7:{s:4:\"name\";s:10:\"Sign Up #7\";s:7:\"premium\";b:1;s:5:\"popup\";b:1;s:8:\"requires\";s:6:\"6.10.0\";s:6:\"groups\";s:10:\"newsletter\";s:3:\"url\";s:68:\"https://layerslider.kreaturamedia.com/popups/webshopworks/#sign-up-7\";s:7:\"preview\";s:90:\"https://repository.kreaturamedia.com/v4/sliders/packages/webshopworks-popups/sign-up-7.jpg\";}s:9:\"sign-up-8\";a:7:{s:4:\"name\";s:10:\"Sign Up #8\";s:7:\"premium\";b:1;s:5:\"popup\";b:1;s:8:\"requires\";s:6:\"6.10.0\";s:6:\"groups\";s:10:\"newsletter\";s:3:\"url\";s:68:\"https://layerslider.kreaturamedia.com/popups/webshopworks/#sign-up-8\";s:7:\"preview\";s:90:\"https://repository.kreaturamedia.com/v4/sliders/packages/webshopworks-popups/sign-up-8.jpg\";}s:20:\"get-in-touch-with-us\";a:7:{s:4:\"name\";s:20:\"Get in Touch with Us\";s:7:\"premium\";b:1;s:5:\"popup\";b:1;s:8:\"requires\";s:6:\"6.10.0\";s:6:\"groups\";s:10:\"contact-us\";s:3:\"url\";s:79:\"https://layerslider.kreaturamedia.com/popups/webshopworks/#get-in-touch-with-us\";s:7:\"preview\";s:101:\"https://repository.kreaturamedia.com/v4/sliders/packages/webshopworks-popups/get-in-touch-with-us.jpg\";}s:17:\"top-bar-subscribe\";a:7:{s:4:\"name\";s:17:\"Top Bar Subscribe\";s:7:\"premium\";b:1;s:5:\"popup\";b:1;s:8:\"requires\";s:6:\"6.10.0\";s:6:\"groups\";s:20:\"newsletter,promotion\";s:3:\"url\";s:76:\"https://layerslider.kreaturamedia.com/popups/webshopworks/#top-bar-subscribe\";s:7:\"preview\";s:98:\"https://repository.kreaturamedia.com/v4/sliders/packages/webshopworks-popups/top-bar-subscribe.jpg\";}s:7:\"sign-up\";a:7:{s:4:\"name\";s:7:\"Sign Up\";s:7:\"premium\";b:1;s:5:\"popup\";b:1;s:8:\"requires\";s:6:\"6.10.0\";s:6:\"groups\";s:23:\"newsletter,sales,coupon\";s:3:\"url\";s:66:\"https://layerslider.kreaturamedia.com/popups/webshopworks/#sign-up\";s:7:\"preview\";s:88:\"https://repository.kreaturamedia.com/v4/sliders/packages/webshopworks-popups/sign-up.jpg\";}s:14:\"black-friday-6\";a:7:{s:4:\"name\";s:15:\"Black Friday #6\";s:7:\"premium\";b:1;s:5:\"popup\";b:1;s:8:\"requires\";s:6:\"6.10.0\";s:6:\"groups\";s:24:\"sales,seasonal,promotion\";s:3:\"url\";s:73:\"https://layerslider.kreaturamedia.com/popups/webshopworks/#black-friday-6\";s:7:\"preview\";s:95:\"https://repository.kreaturamedia.com/v4/sliders/packages/webshopworks-popups/black-friday-6.jpg\";}s:14:\"black-friday-5\";a:7:{s:4:\"name\";s:15:\"Black Friday #5\";s:7:\"premium\";b:1;s:5:\"popup\";b:1;s:8:\"requires\";s:6:\"6.10.0\";s:6:\"groups\";s:35:\"sales,seasonal,promotion,fullscreen\";s:3:\"url\";s:73:\"https://layerslider.kreaturamedia.com/popups/webshopworks/#black-friday-5\";s:7:\"preview\";s:95:\"https://repository.kreaturamedia.com/v4/sliders/packages/webshopworks-popups/black-friday-5.jpg\";}s:14:\"black-friday-4\";a:7:{s:4:\"name\";s:15:\"Black Friday #4\";s:7:\"premium\";b:1;s:5:\"popup\";b:1;s:8:\"requires\";s:6:\"6.10.0\";s:6:\"groups\";s:24:\"sales,seasonal,promotion\";s:3:\"url\";s:73:\"https://layerslider.kreaturamedia.com/popups/webshopworks/#black-friday-4\";s:7:\"preview\";s:95:\"https://repository.kreaturamedia.com/v4/sliders/packages/webshopworks-popups/black-friday-4.jpg\";}s:14:\"black-friday-1\";a:7:{s:4:\"name\";s:15:\"Black Friday #1\";s:7:\"premium\";b:1;s:5:\"popup\";b:1;s:8:\"requires\";s:6:\"6.10.0\";s:6:\"groups\";s:24:\"sales,seasonal,promotion\";s:3:\"url\";s:73:\"https://layerslider.kreaturamedia.com/popups/webshopworks/#black-friday-1\";s:7:\"preview\";s:95:\"https://repository.kreaturamedia.com/v4/sliders/packages/webshopworks-popups/black-friday-1.jpg\";}s:17:\"spring-super-sale\";a:7:{s:4:\"name\";s:17:\"Spring Super Sale\";s:7:\"premium\";b:1;s:5:\"popup\";b:1;s:8:\"requires\";s:6:\"6.10.0\";s:6:\"groups\";s:24:\"sales,seasonal,promotion\";s:3:\"url\";s:76:\"https://layerslider.kreaturamedia.com/popups/webshopworks/#spring-super-sale\";s:7:\"preview\";s:98:\"https://repository.kreaturamedia.com/v4/sliders/packages/webshopworks-popups/spring-super-sale.jpg\";}s:8:\"discount\";a:7:{s:4:\"name\";s:8:\"Discount\";s:7:\"premium\";b:1;s:5:\"popup\";b:1;s:8:\"requires\";s:6:\"6.10.0\";s:6:\"groups\";s:5:\"sales\";s:3:\"url\";s:67:\"https://layerslider.kreaturamedia.com/popups/webshopworks/#discount\";s:7:\"preview\";s:89:\"https://repository.kreaturamedia.com/v4/sliders/packages/webshopworks-popups/discount.jpg\";}s:9:\"sign-up-3\";a:7:{s:4:\"name\";s:10:\"Sign Up #3\";s:7:\"premium\";b:1;s:5:\"popup\";b:1;s:8:\"requires\";s:6:\"6.10.0\";s:6:\"groups\";s:10:\"newsletter\";s:3:\"url\";s:68:\"https://layerslider.kreaturamedia.com/popups/webshopworks/#sign-up-3\";s:7:\"preview\";s:90:\"https://repository.kreaturamedia.com/v4/sliders/packages/webshopworks-popups/sign-up-3.jpg\";}s:22:\"sidebar-countdown-sale\";a:7:{s:4:\"name\";s:22:\"Sidebar Countdown Sale\";s:7:\"premium\";b:1;s:5:\"popup\";b:1;s:8:\"requires\";s:6:\"6.10.0\";s:6:\"groups\";s:22:\"sales,promotion,coupon\";s:3:\"url\";s:81:\"https://layerslider.kreaturamedia.com/popups/webshopworks/#sidebar-countdown-sale\";s:7:\"preview\";s:103:\"https://repository.kreaturamedia.com/v4/sliders/packages/webshopworks-popups/sidebar-countdown-sale.jpg\";}s:15:\"countdown-timer\";a:7:{s:4:\"name\";s:15:\"Countdown Timer\";s:7:\"premium\";b:1;s:5:\"popup\";b:1;s:8:\"requires\";s:6:\"6.10.0\";s:6:\"groups\";s:14:\"sales,seasonal\";s:3:\"url\";s:74:\"https://layerslider.kreaturamedia.com/popups/webshopworks/#countdown-timer\";s:7:\"preview\";s:96:\"https://repository.kreaturamedia.com/v4/sliders/packages/webshopworks-popups/countdown-timer.jpg\";}s:10:\"discount-5\";a:7:{s:4:\"name\";s:11:\"Discount #5\";s:7:\"premium\";b:1;s:5:\"popup\";b:1;s:8:\"requires\";s:6:\"6.10.0\";s:6:\"groups\";s:5:\"sales\";s:3:\"url\";s:69:\"https://layerslider.kreaturamedia.com/popups/webshopworks/#discount-5\";s:7:\"preview\";s:91:\"https://repository.kreaturamedia.com/v4/sliders/packages/webshopworks-popups/discount-5.jpg\";}s:10:\"discount-2\";a:7:{s:4:\"name\";s:10:\"Discount 2\";s:7:\"premium\";b:1;s:5:\"popup\";b:1;s:8:\"requires\";s:6:\"6.10.0\";s:6:\"groups\";s:12:\"sales,coupon\";s:3:\"url\";s:69:\"https://layerslider.kreaturamedia.com/popups/webshopworks/#discount-2\";s:7:\"preview\";s:91:\"https://repository.kreaturamedia.com/v4/sliders/packages/webshopworks-popups/discount-2.jpg\";}s:11:\"subscribe-5\";a:7:{s:4:\"name\";s:12:\"Subscribe #5\";s:7:\"premium\";b:1;s:5:\"popup\";b:1;s:8:\"requires\";s:6:\"6.10.0\";s:6:\"groups\";s:23:\"newsletter,sales,coupon\";s:3:\"url\";s:70:\"https://layerslider.kreaturamedia.com/popups/webshopworks/#subscribe-5\";s:7:\"preview\";s:92:\"https://repository.kreaturamedia.com/v4/sliders/packages/webshopworks-popups/subscribe-5.jpg\";}s:9:\"mega-sale\";a:7:{s:4:\"name\";s:9:\"Mega Sale\";s:7:\"premium\";b:1;s:5:\"popup\";b:1;s:8:\"requires\";s:6:\"6.10.0\";s:6:\"groups\";s:35:\"sales,seasonal,promotion,fullscreen\";s:3:\"url\";s:68:\"https://layerslider.kreaturamedia.com/popups/webshopworks/#mega-sale\";s:7:\"preview\";s:90:\"https://repository.kreaturamedia.com/v4/sliders/packages/webshopworks-popups/mega-sale.jpg\";}s:10:\"discount-4\";a:7:{s:4:\"name\";s:10:\"Discount 4\";s:7:\"premium\";b:1;s:5:\"popup\";b:1;s:8:\"requires\";s:6:\"6.10.0\";s:6:\"groups\";s:15:\"sales,promotion\";s:3:\"url\";s:69:\"https://layerslider.kreaturamedia.com/popups/webshopworks/#discount-4\";s:7:\"preview\";s:91:\"https://repository.kreaturamedia.com/v4/sliders/packages/webshopworks-popups/discount-4.jpg\";}s:8:\"info-bar\";a:7:{s:4:\"name\";s:8:\"Info Bar\";s:7:\"premium\";b:1;s:5:\"popup\";b:1;s:8:\"requires\";s:6:\"6.10.0\";s:6:\"groups\";s:9:\"promotion\";s:3:\"url\";s:67:\"https://layerslider.kreaturamedia.com/popups/webshopworks/#info-bar\";s:7:\"preview\";s:89:\"https://repository.kreaturamedia.com/v4/sliders/packages/webshopworks-popups/info-bar.jpg\";}s:11:\"subscribe-4\";a:7:{s:4:\"name\";s:12:\"Subscribe #4\";s:7:\"premium\";b:1;s:5:\"popup\";b:1;s:8:\"requires\";s:6:\"6.10.0\";s:6:\"groups\";s:20:\"newsletter,promotion\";s:3:\"url\";s:70:\"https://layerslider.kreaturamedia.com/popups/webshopworks/#subscribe-4\";s:7:\"preview\";s:92:\"https://repository.kreaturamedia.com/v4/sliders/packages/webshopworks-popups/subscribe-4.jpg\";}s:10:\"contact-us\";a:7:{s:4:\"name\";s:10:\"Contact Us\";s:7:\"premium\";b:1;s:5:\"popup\";b:1;s:8:\"requires\";s:6:\"6.10.0\";s:6:\"groups\";s:10:\"contact-us\";s:3:\"url\";s:69:\"https://layerslider.kreaturamedia.com/popups/webshopworks/#contact-us\";s:7:\"preview\";s:91:\"https://repository.kreaturamedia.com/v4/sliders/packages/webshopworks-popups/contact-us.jpg\";}s:10:\"discount-3\";a:7:{s:4:\"name\";s:10:\"Discount 3\";s:7:\"premium\";b:1;s:5:\"popup\";b:1;s:8:\"requires\";s:6:\"6.10.0\";s:6:\"groups\";s:5:\"sales\";s:3:\"url\";s:69:\"https://layerslider.kreaturamedia.com/popups/webshopworks/#discount-3\";s:7:\"preview\";s:91:\"https://repository.kreaturamedia.com/v4/sliders/packages/webshopworks-popups/discount-3.jpg\";}s:9:\"sign-up-4\";a:7:{s:4:\"name\";s:10:\"Sign Up #4\";s:7:\"premium\";b:1;s:5:\"popup\";b:1;s:8:\"requires\";s:6:\"6.10.0\";s:6:\"groups\";s:10:\"newsletter\";s:3:\"url\";s:68:\"https://layerslider.kreaturamedia.com/popups/webshopworks/#sign-up-4\";s:7:\"preview\";s:90:\"https://repository.kreaturamedia.com/v4/sliders/packages/webshopworks-popups/sign-up-4.jpg\";}s:4:\"mail\";a:7:{s:4:\"name\";s:4:\"Mail\";s:7:\"premium\";b:1;s:5:\"popup\";b:1;s:8:\"requires\";s:6:\"6.10.0\";s:6:\"groups\";s:10:\"newsletter\";s:3:\"url\";s:63:\"https://layerslider.kreaturamedia.com/popups/webshopworks/#mail\";s:7:\"preview\";s:85:\"https://repository.kreaturamedia.com/v4/sliders/packages/webshopworks-popups/mail.jpg\";}s:18:\"kitchen-appliances\";a:7:{s:4:\"name\";s:18:\"Kitchen Appliances\";s:7:\"premium\";b:1;s:5:\"popup\";b:1;s:8:\"requires\";s:6:\"6.10.0\";s:6:\"groups\";s:9:\"promotion\";s:3:\"url\";s:77:\"https://layerslider.kreaturamedia.com/popups/webshopworks/#kitchen-appliances\";s:7:\"preview\";s:99:\"https://repository.kreaturamedia.com/v4/sliders/packages/webshopworks-popups/kitchen-appliances.jpg\";}s:11:\"subscribe-3\";a:7:{s:4:\"name\";s:12:\"Subscribe #3\";s:7:\"premium\";b:1;s:5:\"popup\";b:1;s:8:\"requires\";s:6:\"6.10.0\";s:6:\"groups\";s:10:\"newsletter\";s:3:\"url\";s:70:\"https://layerslider.kreaturamedia.com/popups/webshopworks/#subscribe-3\";s:7:\"preview\";s:92:\"https://repository.kreaturamedia.com/v4/sliders/packages/webshopworks-popups/subscribe-3.jpg\";}s:6:\"ticket\";a:7:{s:4:\"name\";s:6:\"Ticket\";s:7:\"premium\";b:1;s:5:\"popup\";b:1;s:8:\"requires\";s:6:\"6.10.0\";s:6:\"groups\";s:12:\"sales,coupon\";s:3:\"url\";s:65:\"https://layerslider.kreaturamedia.com/popups/webshopworks/#ticket\";s:7:\"preview\";s:87:\"https://repository.kreaturamedia.com/v4/sliders/packages/webshopworks-popups/ticket.jpg\";}s:8:\"hey-wait\";a:7:{s:4:\"name\";s:10:\"Hey, wait!\";s:7:\"premium\";b:1;s:5:\"popup\";b:1;s:8:\"requires\";s:6:\"6.10.0\";s:6:\"groups\";s:35:\"exit-intent,newsletter,sales,coupon\";s:3:\"url\";s:67:\"https://layerslider.kreaturamedia.com/popups/webshopworks/#hey-wait\";s:7:\"preview\";s:89:\"https://repository.kreaturamedia.com/v4/sliders/packages/webshopworks-popups/hey-wait.jpg\";}s:9:\"subscribe\";a:7:{s:4:\"name\";s:12:\"Subscribe #1\";s:7:\"premium\";b:1;s:5:\"popup\";b:1;s:8:\"requires\";s:6:\"6.10.0\";s:6:\"groups\";s:10:\"newsletter\";s:3:\"url\";s:68:\"https://layerslider.kreaturamedia.com/popups/webshopworks/#subscribe\";s:7:\"preview\";s:90:\"https://repository.kreaturamedia.com/v4/sliders/packages/webshopworks-popups/subscribe.jpg\";}s:11:\"subscribe-2\";a:7:{s:4:\"name\";s:12:\"Subscribe #2\";s:7:\"premium\";b:1;s:5:\"popup\";b:1;s:8:\"requires\";s:6:\"6.10.0\";s:6:\"groups\";s:21:\"newsletter,fullscreen\";s:3:\"url\";s:70:\"https://layerslider.kreaturamedia.com/popups/webshopworks/#subscribe-2\";s:7:\"preview\";s:92:\"https://repository.kreaturamedia.com/v4/sliders/packages/webshopworks-popups/subscribe-2.jpg\";}s:16:\"age-verification\";a:7:{s:4:\"name\";s:16:\"Age Verification\";s:7:\"premium\";b:1;s:5:\"popup\";b:1;s:8:\"requires\";s:6:\"6.10.0\";s:6:\"groups\";s:27:\"age-verification,fullscreen\";s:3:\"url\";s:75:\"https://layerslider.kreaturamedia.com/popups/webshopworks/#age-verification\";s:7:\"preview\";s:97:\"https://repository.kreaturamedia.com/v4/sliders/packages/webshopworks-popups/age-verification.jpg\";}s:12:\"get-in-touch\";a:7:{s:4:\"name\";s:12:\"Get in Touch\";s:7:\"premium\";b:1;s:5:\"popup\";b:1;s:8:\"requires\";s:6:\"6.10.0\";s:6:\"groups\";s:10:\"contact-us\";s:3:\"url\";s:71:\"https://layerslider.kreaturamedia.com/popups/webshopworks/#get-in-touch\";s:7:\"preview\";s:93:\"https://repository.kreaturamedia.com/v4/sliders/packages/webshopworks-popups/get-in-touch.jpg\";}s:14:\"social-share-2\";a:7:{s:4:\"name\";s:15:\"Social Share #2\";s:7:\"premium\";b:1;s:5:\"popup\";b:1;s:8:\"requires\";s:6:\"6.10.0\";s:6:\"groups\";s:6:\"social\";s:3:\"url\";s:73:\"https://layerslider.kreaturamedia.com/popups/webshopworks/#social-share-2\";s:7:\"preview\";s:95:\"https://repository.kreaturamedia.com/v4/sliders/packages/webshopworks-popups/social-share-2.jpg\";}s:9:\"sign-up-2\";a:7:{s:4:\"name\";s:10:\"Sign Up #2\";s:7:\"premium\";b:1;s:5:\"popup\";b:1;s:8:\"requires\";s:6:\"6.10.0\";s:6:\"groups\";s:10:\"newsletter\";s:3:\"url\";s:68:\"https://layerslider.kreaturamedia.com/popups/webshopworks/#sign-up-2\";s:7:\"preview\";s:90:\"https://repository.kreaturamedia.com/v4/sliders/packages/webshopworks-popups/sign-up-2.jpg\";}s:11:\"watch-promo\";a:7:{s:4:\"name\";s:11:\"Watch Promo\";s:7:\"premium\";b:1;s:5:\"popup\";b:1;s:8:\"requires\";s:6:\"6.10.0\";s:6:\"groups\";s:21:\"promotion,exit-intent\";s:3:\"url\";s:70:\"https://layerslider.kreaturamedia.com/popups/webshopworks/#watch-promo\";s:7:\"preview\";s:92:\"https://repository.kreaturamedia.com/v4/sliders/packages/webshopworks-popups/watch-promo.jpg\";}s:19:\"product-accessories\";a:7:{s:4:\"name\";s:19:\"Product Accessories\";s:7:\"premium\";b:1;s:5:\"popup\";b:1;s:8:\"requires\";s:6:\"6.10.0\";s:6:\"groups\";s:9:\"promotion\";s:3:\"url\";s:78:\"https://layerslider.kreaturamedia.com/popups/webshopworks/#product-accessories\";s:7:\"preview\";s:100:\"https://repository.kreaturamedia.com/v4/sliders/packages/webshopworks-popups/product-accessories.jpg\";}s:9:\"sign-up-5\";a:7:{s:4:\"name\";s:10:\"Sign Up #5\";s:7:\"premium\";b:1;s:5:\"popup\";b:1;s:8:\"requires\";s:6:\"6.10.0\";s:6:\"groups\";s:10:\"newsletter\";s:3:\"url\";s:68:\"https://layerslider.kreaturamedia.com/popups/webshopworks/#sign-up-5\";s:7:\"preview\";s:90:\"https://repository.kreaturamedia.com/v4/sliders/packages/webshopworks-popups/sign-up-5.jpg\";}s:14:\"black-friday-2\";a:7:{s:4:\"name\";s:15:\"Black Friday #2\";s:7:\"premium\";b:1;s:5:\"popup\";b:1;s:8:\"requires\";s:6:\"6.10.0\";s:6:\"groups\";s:24:\"sales,seasonal,promotion\";s:3:\"url\";s:73:\"https://layerslider.kreaturamedia.com/popups/webshopworks/#black-friday-2\";s:7:\"preview\";s:95:\"https://repository.kreaturamedia.com/v4/sliders/packages/webshopworks-popups/black-friday-2.jpg\";}s:14:\"black-friday-3\";a:7:{s:4:\"name\";s:15:\"Black Friday #3\";s:7:\"premium\";b:1;s:5:\"popup\";b:1;s:8:\"requires\";s:6:\"6.10.0\";s:6:\"groups\";s:24:\"sales,seasonal,promotion\";s:3:\"url\";s:73:\"https://layerslider.kreaturamedia.com/popups/webshopworks/#black-friday-3\";s:7:\"preview\";s:95:\"https://repository.kreaturamedia.com/v4/sliders/packages/webshopworks-popups/black-friday-3.jpg\";}s:16:\"halloween-sale-2\";a:7:{s:4:\"name\";s:17:\"Halloween Sale #2\";s:7:\"premium\";b:1;s:5:\"popup\";b:1;s:8:\"requires\";s:6:\"6.10.0\";s:6:\"groups\";s:24:\"sales,seasonal,promotion\";s:3:\"url\";s:75:\"https://layerslider.kreaturamedia.com/popups/webshopworks/#halloween-sale-2\";s:7:\"preview\";s:97:\"https://repository.kreaturamedia.com/v4/sliders/packages/webshopworks-popups/halloween-sale-2.jpg\";}s:16:\"halloween-sale-1\";a:7:{s:4:\"name\";s:17:\"Halloween Sale #1\";s:7:\"premium\";b:1;s:5:\"popup\";b:1;s:8:\"requires\";s:6:\"6.10.0\";s:6:\"groups\";s:24:\"sales,seasonal,promotion\";s:3:\"url\";s:75:\"https://layerslider.kreaturamedia.com/popups/webshopworks/#halloween-sale-1\";s:7:\"preview\";s:97:\"https://repository.kreaturamedia.com/v4/sliders/packages/webshopworks-popups/halloween-sale-1.jpg\";}s:12:\"pumpkin-sale\";a:7:{s:4:\"name\";s:12:\"Pumpkin Sale\";s:7:\"premium\";b:1;s:5:\"popup\";b:1;s:8:\"requires\";s:6:\"6.10.0\";s:6:\"groups\";s:24:\"sales,seasonal,promotion\";s:3:\"url\";s:71:\"https://layerslider.kreaturamedia.com/popups/webshopworks/#pumpkin-sale\";s:7:\"preview\";s:93:\"https://repository.kreaturamedia.com/v4/sliders/packages/webshopworks-popups/pumpkin-sale.jpg\";}s:11:\"spring-sale\";a:7:{s:4:\"name\";s:11:\"Spring Sale\";s:7:\"premium\";b:1;s:5:\"popup\";b:1;s:8:\"requires\";s:6:\"6.10.0\";s:6:\"groups\";s:24:\"sales,seasonal,promotion\";s:3:\"url\";s:70:\"https://layerslider.kreaturamedia.com/popups/webshopworks/#spring-sale\";s:7:\"preview\";s:92:\"https://repository.kreaturamedia.com/v4/sliders/packages/webshopworks-popups/spring-sale.jpg\";}s:11:\"mothers-day\";a:7:{s:4:\"name\";s:14:\"Mother’s Day\";s:7:\"premium\";b:1;s:5:\"popup\";b:1;s:8:\"requires\";s:6:\"6.10.0\";s:6:\"groups\";s:35:\"sales,seasonal,promotion,fullscreen\";s:3:\"url\";s:70:\"https://layerslider.kreaturamedia.com/popups/webshopworks/#mothers-day\";s:7:\"preview\";s:92:\"https://repository.kreaturamedia.com/v4/sliders/packages/webshopworks-popups/mothers-day.jpg\";}s:20:\"easter-subscribe-bar\";a:7:{s:4:\"name\";s:20:\"Easter Subscribe Bar\";s:7:\"premium\";b:1;s:5:\"popup\";b:1;s:8:\"requires\";s:6:\"6.10.0\";s:6:\"groups\";s:25:\"sales,seasonal,newsletter\";s:3:\"url\";s:79:\"https://layerslider.kreaturamedia.com/popups/webshopworks/#easter-subscribe-bar\";s:7:\"preview\";s:101:\"https://repository.kreaturamedia.com/v4/sliders/packages/webshopworks-popups/easter-subscribe-bar.jpg\";}s:14:\"easter-welcome\";a:7:{s:4:\"name\";s:14:\"Easter Welcome\";s:7:\"premium\";b:1;s:5:\"popup\";b:1;s:8:\"requires\";s:6:\"6.10.0\";s:6:\"groups\";s:8:\"seasonal\";s:3:\"url\";s:73:\"https://layerslider.kreaturamedia.com/popups/webshopworks/#easter-welcome\";s:7:\"preview\";s:95:\"https://repository.kreaturamedia.com/v4/sliders/packages/webshopworks-popups/easter-welcome.jpg\";}s:17:\"easter-newsletter\";a:7:{s:4:\"name\";s:17:\"Easter Newsletter\";s:7:\"premium\";b:1;s:5:\"popup\";b:1;s:8:\"requires\";s:6:\"6.10.0\";s:6:\"groups\";s:32:\"sales,seasonal,newsletter,coupon\";s:3:\"url\";s:76:\"https://layerslider.kreaturamedia.com/popups/webshopworks/#easter-newsletter\";s:7:\"preview\";s:98:\"https://repository.kreaturamedia.com/v4/sliders/packages/webshopworks-popups/easter-newsletter.jpg\";}s:11:\"season-sale\";a:7:{s:4:\"name\";s:11:\"Season Sale\";s:7:\"premium\";b:1;s:5:\"popup\";b:1;s:8:\"requires\";s:6:\"6.10.0\";s:6:\"groups\";s:24:\"sales,seasonal,promotion\";s:3:\"url\";s:70:\"https://layerslider.kreaturamedia.com/popups/webshopworks/#season-sale\";s:7:\"preview\";s:92:\"https://repository.kreaturamedia.com/v4/sliders/packages/webshopworks-popups/season-sale.jpg\";}s:11:\"easter-sale\";a:7:{s:4:\"name\";s:11:\"Easter Sale\";s:7:\"premium\";b:1;s:5:\"popup\";b:1;s:8:\"requires\";s:6:\"6.10.0\";s:6:\"groups\";s:24:\"sales,seasonal,promotion\";s:3:\"url\";s:70:\"https://layerslider.kreaturamedia.com/popups/webshopworks/#easter-sale\";s:7:\"preview\";s:92:\"https://repository.kreaturamedia.com/v4/sliders/packages/webshopworks-popups/easter-sale.jpg\";}s:20:\"easter-sale-surprise\";a:7:{s:4:\"name\";s:20:\"Easter Sale Surprise\";s:7:\"premium\";b:1;s:5:\"popup\";b:1;s:8:\"requires\";s:6:\"6.10.0\";s:6:\"groups\";s:24:\"sales,seasonal,promotion\";s:3:\"url\";s:79:\"https://layerslider.kreaturamedia.com/popups/webshopworks/#easter-sale-surprise\";s:7:\"preview\";s:101:\"https://repository.kreaturamedia.com/v4/sliders/packages/webshopworks-popups/easter-sale-surprise.jpg\";}s:18:\"join-the-community\";a:7:{s:4:\"name\";s:18:\"Join the Community\";s:7:\"premium\";b:1;s:5:\"popup\";b:1;s:8:\"requires\";s:6:\"6.10.0\";s:6:\"groups\";s:6:\"social\";s:3:\"url\";s:77:\"https://layerslider.kreaturamedia.com/popups/webshopworks/#join-the-community\";s:7:\"preview\";s:99:\"https://repository.kreaturamedia.com/v4/sliders/packages/webshopworks-popups/join-the-community.jpg\";}}s:16:\"important_notice\";a:9:{s:4:\"date\";s:10:\"2020-07-06\";s:5:\"title\";s:38:\"IMPORTANT: LayerSlider Update Required\";s:7:\"message\";s:614:\"You’re using an outdated version of LayerSlider, which lacks crucial fixes. You need to update to LayerSlider 6.11 or newer to be compatible with the latest versions of WordPress and popular 3rd party applications. New updates contain important security fixes, new features and content, countless improvements and bug fixes. Updating is necessary to use the product as intended. Please refer to our <a target=\"_blank\" href=\"https://layerslider.kreaturamedia.com/how-to-update/\">update guide</a> or <a target=\"_blank\" href=\"https://layerslider.kreaturamedia.com/contact/\">contact us</a> if you have any questions.\";s:5:\"image\";s:0:\"\";s:6:\"banner\";a:5:{s:5:\"class\";s:0:\"\";s:5:\"style\";s:132:\"height: auto; margin: 39px auto 0 auto !important; min-width: 700px; max-width: 1700px; padding-right: 20px; box-sizing: border-box;\";s:3:\"url\";s:0:\"\";s:6:\"target\";s:6:\"_blank\";s:7:\"content\";s:3132:\"\n\n		<style>\n		@import url(\"https://fonts.googleapis.com/css2?family=Nunito:wght@400;600;800&display=swap\");\n		</style>\n		<style>\n\n			#lspr-inner {\n				position: relative;\n				height: auto;\n				margin: 0 auto !important;\nbackground: rgb(175,50,54);\nbackground: linear-gradient(45deg, rgba(175,50,54,1) 0%, rgba(205,69,73,1) 85%);\n\n				border-radius: 1rem;\n				border-radius: calc( 0.5rem + 0.5vw );\n			}\n\n			#lspr-heading-small {\n				padding: 0 3rem;\n				padding-top: 1.5rem;\n				padding-top: calc( 1rem + 0.5vw );\n				text-align: center;\n				color: rgba(255,255,255,.75);\n				font-size: 1rem;\n				font-size: calc( 1rem + 0.5vw );\n				font-family: Nunito, sans-serif;\n				line-height: normal;\n			}\n\n			#lspr-heading {\n				margin-top: 0.15rem;\n				margin-top: 0.2vw;\n				padding: 0 3rem;\n				text-align: center;\n				color: white;\n				font-size: 1.5rem;\n				font-weight: 600;\n				line-height: 2rem;\n				font-size: calc( 1.5rem + 0.6vw );\n				font-family: Nunito, sans-serif;\n			}\n\n			.lspr-nowrap {\n				white-space: nowrap;\n			}\n\n			.lspr-text {\n				position: relative;\n				z-index: 200;\n				margin: 0.5rem auto 0 auto;\n				padding: 0.3rem 3rem;\n				color: white;\n				font-family: Nunito, sans-serif;\n				font-size: 1.2rem;\n				font-size: calc( 0.7rem + 0.5vw );\n				line-height: normal;\n				text-align: justify;\n			}\n\n			#lspr-buttons {\n				text-align: center;\n				padding-bottom: 2rem;\n				padding-bottom: calc( 1rem + 0.5vw );\n			}\n\n			#lspr-buttons a {\n				margin: 1rem 1rem 0;\n				text-decoration: none;\n				color: #b03337;\n				text-transform: uppercase;\n				font-family: Nunito, sans-serif;\n				font-weight: 800;\n				display: inline-block;\n				border-radius: 100px;\n				background-color: white;\n				padding: 0 1.5rem;\n				line-height: 2.4rem;\n				line-height: calc( 1.8rem + 0.5vw );\n				font-size: 1.1rem;\n				font-size: calc( 0.8rem + 0.25vw);\n				transform: rotate(0.0001deg);\n				transition: all 0.2s;\n				box-shadow: none;\n			}\n\n			#lspr-buttons a:hover {\n				transform: rotate(0.001deg) scale(1.05);\n				box-shadow: 0 0.25vw 0.5vw rgba(0,0,0,0.15);\n			}\n\n			.layerslider_notice_img  .dashicons-dismiss {\n				right: 30px;\n			}\n\n			.lspr-bold {\n				font-weight: 800 !important;\n			}\n\n		</style>\n		<div id=\"lspr-inner\">\n			<div id=\"lspr-heading-small\"></div>\n			<div id=\"lspr-heading\">\n				<span class=\"lspr-nowrap\">LAYERSLIDER UPDATE REQUIRED<span>\n			</div>\n\n			<div class=\"lspr-text\">\n				<span>You’re using an outdated version of LayerSlider, which lacks crucial fixes. You need to update to LayerSlider 6.11 or newer to be compatible with the latest versions of WordPress and popular 3rd party applications. New updates contain important security fixes, new features and content, countless improvements and bug fixes. Updating is free for everyone and it’s necessary to use the product as intended. Check our \"How to Update\" guide for more information.\n				</span>\n			</div>\n\n			<div id=\"lspr-buttons\">\n				<a href=\"https://layerslider.kreaturamedia.com/how-to-update/\" target=\"_blank\">How to update</a>\n				<a href=\"https://layerslider.kreaturamedia.com/contact/\" target=\"_blank\">Contact us</a>\n			</div>\n		</div>\n		\";}s:11:\"min_version\";s:0:\"\";s:11:\"max_version\";s:6:\"6.10.2\";s:11:\"unactivated\";b:0;s:10:\"url_filter\";s:33:\"layerslider index.php plugins.php\";}}', 'no');
INSERT INTO `wp_options` (`option_id`, `option_name`, `option_value`, `autoload`) VALUES
(1457, 'ls-google-fonts', 'a:0:{}', 'yes'),
(1584, 'ac_gallery_category_children', 'a:0:{}', 'yes'),
(1906, 'learn_press_course_base_type', 'custom', 'yes'),
(2250, 'woocommerce_permalinks', 'a:5:{s:12:\"product_base\";s:7:\"product\";s:13:\"category_base\";s:16:\"product-category\";s:8:\"tag_base\";s:11:\"product-tag\";s:14:\"attribute_base\";s:0:\"\";s:22:\"use_verbose_page_rules\";b:0;}', 'yes'),
(2344, 'wp_es_options', 'a:7:{s:5:\"title\";s:1:\"1\";s:7:\"content\";s:1:\"1\";s:7:\"authors\";s:1:\"0\";s:10:\"post_types\";a:1:{i:0;s:4:\"post\";}s:14:\"terms_relation\";s:1:\"1\";s:12:\"exclude_date\";s:0:\"\";s:14:\"posts_per_page\";s:0:\"\";}', 'yes'),
(2360, 'ls_use_cache', '1', 'yes'),
(2361, 'ls_include_at_footer', '1', 'yes'),
(2362, 'ls_conditional_script_loading', '1', 'yes'),
(2363, 'ls_concatenate_output', '0', 'yes'),
(2364, 'ls_use_custom_jquery', '0', 'yes'),
(2365, 'ls_put_js_to_body', '0', 'yes'),
(2366, 'ls_gsap_sandboxing', '1', 'yes'),
(2367, 'ls_scripts_priority', '3', 'yes'),
(2397, 'fw_active_extensions', 'a:7:{s:6:\"update\";a:0:{}s:13:\"github-update\";a:0:{}s:4:\"blog\";a:0:{}s:13:\"custom-update\";a:0:{}s:16:\"bitbucket-update\";a:0:{}s:7:\"backups\";a:0:{}s:12:\"backups-demo\";a:0:{}}', 'yes'),
(2506, 'wpclone_directory_scan', 'a:4:{s:6:\"dbsize\";s:7:\"3.23 MB\";s:4:\"size\";s:9:\"112.69 MB\";s:5:\"files\";i:8623;s:4:\"time\";i:1510303639;}', 'yes'),
(2507, 'wpclone_backups', 'a:1:{i:1509953821;a:4:{s:4:\"name\";s:55:\"wpclone_backup_06th_Nov_2017_07-36AM_Aca_KDc9UgNpEr.zip\";s:3:\"log\";s:55:\"wpclone_backup_06th_Nov_2017_07-36AM_Aca_KDc9UgNpEr.log\";s:7:\"creator\";s:6:\"kowsar\";s:4:\"size\";i:47114631;}}', 'yes'),
(2572, 'theme_mods_twentyfifteen', 'a:3:{i:0;b:0;s:18:\"nav_menu_locations\";a:2:{s:7:\"primary\";i:8;s:8:\"topright\";i:22;}s:16:\"sidebars_widgets\";a:2:{s:4:\"time\";i:1510304840;s:4:\"data\";a:6:{s:19:\"wp_inactive_widgets\";a:0:{}s:9:\"sidebar-1\";a:3:{i:0;s:8:\"search-2\";i:1;s:12:\"categories-2\";i:2;s:11:\"tag_cloud-2\";}s:18:\"orphaned_widgets_1\";a:0:{}s:18:\"orphaned_widgets_2\";a:1:{i:0;s:10:\"nav_menu-2\";}s:18:\"orphaned_widgets_3\";a:0:{}s:18:\"orphaned_widgets_4\";a:1:{i:0;s:9:\"zflickr-2\";}}}}', 'off'),
(4040, 'widget_media_gallery', 'a:1:{s:12:\"_multiwidget\";i:1;}', 'yes'),
(4986, 'auto_core_update_notified', 'a:4:{s:4:\"type\";s:7:\"success\";s:5:\"email\";s:21:\"techlabpro8@gmail.com\";s:7:\"version\";s:5:\"5.2.5\";s:9:\"timestamp\";i:1580379704;}', 'no'),
(5481, 'instructor_category_children', 'a:0:{}', 'yes'),
(7304, 'wr2x_rating_date', '2157514225', 'no'),
(7656, 'theme_mods_eikra', 'a:4:{i:0;b:0;s:18:\"nav_menu_locations\";a:2:{s:7:\"primary\";i:8;s:8:\"topright\";i:22;}s:18:\"custom_css_post_id\";i:2751;s:16:\"sidebars_widgets\";a:2:{s:4:\"time\";i:1633668912;s:4:\"data\";a:9:{s:19:\"wp_inactive_widgets\";a:0:{}s:7:\"sidebar\";a:4:{i:0;s:8:\"search-2\";i:1;s:12:\"categories-2\";i:2;s:11:\"tag_cloud-2\";i:3;s:14:\"recent-posts-2\";}s:9:\"top5-left\";a:1:{i:0;s:13:\"custom_html-2\";}s:10:\"top5-right\";a:1:{i:0;s:10:\"nav_menu-3\";}s:8:\"footer-1\";a:1:{i:0;s:15:\"rdtheme_about-2\";}s:8:\"footer-2\";a:1:{i:0;s:10:\"nav_menu-2\";}s:8:\"footer-3\";a:1:{i:0;s:14:\"rdtheme_info-2\";}s:8:\"footer-4\";a:1:{i:0;s:19:\"mks_flickr_widget-2\";}s:21:\"sidebar-single-course\";a:0:{}}}}', 'off'),
(7657, 'widget_rdtheme_about', 'a:2:{i:2;a:11:{s:5:\"title\";s:19:\"AVISHKAR PU COLLEGE\";s:4:\"logo\";s:4:\"3027\";s:11:\"description\";s:164:\"At Avishkar PU College, we are committed to nurturing young minds and empowering students with the knowledge and skills they need to excel in academics and beyond. \";s:8:\"facebook\";s:36:\"https://www.facebook.com/radiustheme\";s:7:\"twitter\";s:31:\"https://twitter.com/radiustheme\";s:5:\"gplus\";s:35:\"https://plus.google.com/+googleplus\";s:8:\"linkedin\";s:44:\"https://www.linkedin.com/company/radiustheme\";s:9:\"pinterest\";s:25:\"https://www.pinterest.com\";s:3:\"rss\";s:0:\"\";s:9:\"instagram\";s:25:\"https://www.instagram.com\";s:7:\"youtube\";s:0:\"\";}s:12:\"_multiwidget\";i:1;}', 'yes'),
(7660, 'eikra-transients', 'a:5:{s:14:\"changed_values\";a:1:{s:4:\"logo\";a:5:{s:3:\"url\";s:83:\"https://avishkarpucollege.com/beta/wp-content/uploads/2025/02/AVISHKAR-LOGO-NEW.png\";s:2:\"id\";s:4:\"3027\";s:6:\"height\";s:4:\"1920\";s:5:\"width\";s:4:\"1920\";s:9:\"thumbnail\";s:91:\"https://avishkarpucollege.com/beta/wp-content/uploads/2025/02/AVISHKAR-LOGO-NEW-150x150.png\";}}s:9:\"last_save\";i:1739187580;s:13:\"last_compiler\";i:1739187580;s:11:\"last_import\";i:1739187580;s:7:\"notices\";a:2:{s:6:\"errors\";a:0:{}s:8:\"sanitize\";a:0:{}}}', 'yes'),
(7831, 'eikra_rewrite_flash', '', 'yes'),
(7990, 'theme_mods_eikra2', 'a:3:{i:0;b:0;s:18:\"nav_menu_locations\";a:2:{s:7:\"primary\";i:8;s:8:\"topright\";i:22;}s:16:\"sidebars_widgets\";a:2:{s:4:\"time\";i:1514894769;s:4:\"data\";a:6:{s:19:\"wp_inactive_widgets\";a:0:{}s:7:\"sidebar\";a:4:{i:0;s:8:\"search-2\";i:1;s:12:\"categories-2\";i:2;s:11:\"tag_cloud-2\";i:3;s:14:\"recent-posts-2\";}s:8:\"footer-1\";a:1:{i:0;s:15:\"rdtheme_about-2\";}s:8:\"footer-2\";a:1:{i:0;s:10:\"nav_menu-2\";}s:8:\"footer-3\";a:1:{i:0;s:14:\"rdtheme_info-2\";}s:8:\"footer-4\";a:1:{i:0;s:9:\"zflickr-2\";}}}}', 'off'),
(8206, 'ls-share-displayed', '2', 'yes'),
(8544, 'woocommerce_unforce_ssl_checkout', 'no', 'yes'),
(8953, 'yit_plugin_fw_panel_wc_default_options_set', 'a:2:{s:15:\"yith_wcqv_panel\";b:1;s:15:\"yith_wcwl_panel\";b:1;}', 'yes'),
(9435, 'learn_press_permalink_structure', '', 'yes'),
(11898, 'math_captcha_options', 'a:9:{s:10:\"enable_for\";a:6:{s:10:\"login_form\";b:1;s:17:\"registration_form\";b:0;s:19:\"reset_password_form\";b:0;s:12:\"comment_form\";b:0;s:7:\"bbpress\";b:0;s:14:\"contact_form_7\";b:0;}s:21:\"block_direct_comments\";b:0;s:21:\"hide_for_logged_users\";b:1;s:5:\"title\";s:12:\"Math Captcha\";s:23:\"mathematical_operations\";a:4:{s:8:\"addition\";b:1;s:11:\"subtraction\";b:1;s:14:\"multiplication\";b:1;s:8:\"division\";b:1;}s:6:\"groups\";a:2:{s:7:\"numbers\";b:1;s:5:\"words\";b:1;}s:4:\"time\";i:300;s:19:\"deactivation_delete\";b:0;s:11:\"flush_rules\";b:0;}', 'no'),
(11899, 'math_captcha_version', '1.2.10', 'no'),
(12336, 'ossdl_off_cdn_url', 'https://avishkarpucollege.com/beta', 'yes'),
(12337, 'ossdl_off_blog_url', 'https://avishkarpucollege.com/beta', 'yes'),
(12338, 'ossdl_off_include_dirs', 'wp-content,wp-includes', 'yes'),
(12339, 'ossdl_off_exclude', '.php', 'yes'),
(12340, 'ossdl_cname', '', 'yes'),
(12341, 'wpsupercache_start', '1517317188', 'yes'),
(12342, 'wpsupercache_count', '0', 'yes'),
(12343, 'supercache_stats', 'a:3:{s:9:\"generated\";i:1517317209;s:10:\"supercache\";a:5:{s:7:\"expired\";i:0;s:6:\"cached\";i:0;s:5:\"fsize\";i:0;s:11:\"cached_list\";a:0:{}s:12:\"expired_list\";a:0:{}}s:7:\"wpcache\";a:5:{s:7:\"expired\";i:0;s:6:\"cached\";i:0;s:5:\"fsize\";i:0;s:11:\"cached_list\";a:0:{}s:12:\"expired_list\";a:0:{}}}', 'yes'),
(12344, 'wpsupercache_gc_time', '1517317307', 'yes'),
(12977, 'product_cat_children', 'a:0:{}', 'yes'),
(12978, 'default_product_cat', '98', 'yes'),
(12987, 'woocommerce_thumbnail_image_width', '300', 'yes'),
(12988, 'woocommerce_thumbnail_cropping', '1:1', 'yes'),
(12989, 'woocommerce_single_image_width', '600', 'yes'),
(18337, 'current_theme_supports_woocommerce', 'yes', 'yes'),
(18365, 'widget_theme-my-login', 'a:1:{s:12:\"_multiwidget\";i:1;}', 'yes'),
(18374, 'new_admin_email', 'techlabpro15@gmail.com', 'yes'),
(37979, 'wf_plugin_act_error', '', 'yes'),
(38219, 'woocommerce_queue_flush_rewrite_rules', 'no', 'yes'),
(49886, 'widget_lp-widget-course-progress', 'a:1:{s:12:\"_multiwidget\";i:1;}', 'yes'),
(49887, 'widget_lp-widget-course-info', 'a:1:{s:12:\"_multiwidget\";i:1;}', 'yes'),
(49888, '_lp_tabs_data', '808280510063725b4f641b4910648bb1', 'no'),
(49908, 'learn_press_profile_avatar', 'yes', 'yes'),
(49909, 'learn_press_profile_publicity', 'a:3:{s:9:\"dashboard\";s:3:\"yes\";s:7:\"courses\";s:3:\"yes\";s:7:\"quizzes\";s:3:\"yes\";}', 'yes'),
(49971, 'learn_press_enable_login_profile', 'no', 'yes'),
(49972, 'learn_press_enable_register_profile', 'no', 'yes'),
(144089, 'pgc_scanprogress_current', '1', 'yes'),
(144090, 'pgc_scanprogress_status', 'ac_posts', 'yes'),
(399860, 'ac_testimonial_category_children', 'a:0:{}', 'yes'),
(774526, 'tml_login_type', 'default', 'no'),
(774527, '_tml_installed_at', '1536648523', 'no'),
(774528, '_tml_updated_at', '1738926726', 'off'),
(774529, '_tml_previous_version', '7.1.5', 'off'),
(774530, '_tml_version', '7.1.10', 'off'),
(774538, 'woocommerce_erasure_request_removes_order_data', 'no', 'no'),
(774539, 'woocommerce_erasure_request_removes_download_data', 'no', 'no'),
(774540, 'wp_page_for_privacy_policy', '', 'yes'),
(774541, 'woocommerce_registration_privacy_policy_text', 'Your personal data will be used to support your experience throughout this website, to manage access to your account, and for other purposes described in our [privacy_policy].', 'yes'),
(774542, 'woocommerce_checkout_privacy_policy_text', 'Your personal data will be used to process your order, support your experience throughout this website, and for other purposes described in our [privacy_policy].', 'yes'),
(774543, 'woocommerce_delete_inactive_accounts', 'a:2:{s:6:\"number\";s:0:\"\";s:4:\"unit\";s:6:\"months\";}', 'no'),
(774544, 'woocommerce_trash_pending_orders', '', 'no'),
(774545, 'woocommerce_trash_failed_orders', '', 'no'),
(774546, 'woocommerce_trash_cancelled_orders', '', 'no'),
(774547, 'woocommerce_anonymize_completed_orders', 'a:2:{s:6:\"number\";s:0:\"\";s:4:\"unit\";s:6:\"months\";}', 'no'),
(774548, 'woocommerce_checkout_highlight_required_fields', 'yes', 'yes'),
(774569, '_tml_dismissed_notices', 'a:4:{i:0;s:17:\"new_extension-2fa\";i:1;s:20:\"new_extension-social\";i:2;s:21:\"new_extension-avatars\";i:3;s:23:\"new_extension-favorites\";}', 'no'),
(774570, 'learn-press-dismissed-newsletter-button', '1', 'yes'),
(774667, 'learnpress_db_version', '4', 'yes'),
(774670, 'learnpress_version', '4.2.7.6', 'yes'),
(774757, 'wp-phpmyadmin-extension', 'a:80:{s:16:\"randomCookieName\";s:20:\"pma_cCE513tMd7k8G4qT\";s:17:\"randomCookieValue\";s:20:\"pma_ndSiuGEUlagMtqIr\";s:20:\"manual_pma_login_url\";s:0:\"\";s:12:\"is_localhost\";b:0;s:9:\"show_opts\";b:1;s:13:\"required_role\";s:15:\"install_plugins\";s:12:\"managed_from\";s:9:\"multisite\";s:10:\"allowed_on\";s:9:\"multisite\";s:17:\"menu_button_level\";s:8:\"mainmenu\";s:9:\"menu_icon\";s:125:\"https://avishkarpucollege.com/beta/wp-content/plugins/wp-phpmyadmin-extension//assets/media/menu_icon.png\" style=\"width:30px;\";s:16:\"menu_button_name\";s:13:\"WP-phpMyAdmin\";s:20:\"WC requires at least\";s:0:\"\";s:15:\"WC tested up to\";s:0:\"\";s:4:\"Tags\";s:0:\"\";s:17:\"Requires at least\";s:0:\"\";s:12:\"Tested up to\";s:0:\"\";s:12:\"Last updated\";s:0:\"\";s:3:\"Woo\";s:0:\"\";s:4:\"Name\";s:13:\"WP phpMyAdmin\";s:9:\"PluginURI\";s:33:\"https://itask.software/wordpress/\";s:7:\"Version\";s:4:\"1.67\";s:11:\"Description\";s:219:\"phpMyAdmin is the famous Database Browser &amp; Manager (for MySQL &amp; MariaDB). You can now use it inside WordPres without an extra hassle. <cite>By <a href=\"https://itask.software/profile\">iTask.software</a>.</cite>\";s:6:\"Author\";s:59:\"<a href=\"https://itask.software/profile\">iTask.software</a>\";s:9:\"AuthorURI\";s:30:\"https://itask.software/profile\";s:10:\"TextDomain\";s:23:\"wp-phpmyadmin-extension\";s:10:\"DomainPath\";s:10:\"/languages\";s:7:\"Network\";b:0;s:5:\"Title\";s:61:\"<a href=\"https://itask.software/wordpress/\">WP phpMyAdmin</a>\";s:10:\"AuthorName\";s:14:\"iTask.software\";s:9:\"menu_text\";a:4:{s:6:\"donate\";s:6:\"Donate\";s:8:\"settings\";s:8:\"Settings\";s:13:\"open_settings\";s:42:\"You can access settings from dashboard of:\";s:19:\"activated_only_from\";s:26:\"Plugin activated only from\";}s:4:\"lang\";s:2:\"en\";s:11:\"wp_rate_url\";s:78:\"https://wordpress.org/support/plugin/wp-phpmyadmin-extension/reviews/#new-post\";s:17:\"public_assets_url\";s:69:\"https://ps.w.org/internal-functions-for-protectpages-com-users/trunk/\";s:10:\"donate_url\";s:32:\"http://paypal.me/ProtectPagesCom\";s:11:\"mail_errors\";s:31:\"wp_plugin_errors@itask.software\";s:15:\"licenser_domain\";s:23:\"https://itask.software/\";s:16:\"musthave_plugins\";s:56:\"https://itask.software/blog/must-have-wordpress-plugins/\";s:17:\"wp_tt_freelancers\";s:21:\"https://goo.gl/tyHZ2p\";s:17:\"wp_fl_freelancers\";s:21:\"https://goo.gl/oTMJ5i\";s:12:\"purchase_url\";s:66:\"https://itask.software/?purchase_wp_plugin=wp-phpmyadmin-extension\";s:14:\"purchase_check\";s:41:\"https://itask.software/?purchase_wp_check\";s:25:\"managed_from_primary_site\";b:0;s:12:\"menu_pagePHP\";s:19:\"options-general.php\";s:16:\"last_update_time\";i:1536649711;s:12:\"last_updates\";a:0:{}s:12:\"last_version\";s:3:\"2.3\";s:11:\"Requires WP\";s:0:\"\";s:12:\"Requires PHP\";s:0:\"\";s:13:\"Release Asset\";s:0:\"\";s:17:\"GitHub Plugin URI\";s:0:\"\";s:16:\"GitHub Theme URI\";s:0:\"\";s:16:\"GitHub Languages\";s:0:\"\";s:13:\"GitHub CI Job\";s:0:\"\";s:20:\"Bitbucket Plugin URI\";s:0:\"\";s:19:\"Bitbucket Theme URI\";s:0:\"\";s:19:\"Bitbucket Languages\";s:0:\"\";s:16:\"Bitbucket CI Job\";s:0:\"\";s:17:\"GitLab Plugin URI\";s:0:\"\";s:16:\"GitLab Theme URI\";s:0:\"\";s:16:\"GitLab Languages\";s:0:\"\";s:13:\"GitLab CI Job\";s:0:\"\";s:16:\"Gitea Plugin URI\";s:0:\"\";s:15:\"Gitea Theme URI\";s:0:\"\";s:15:\"Gitea Languages\";s:0:\"\";s:12:\"Gitea CI Job\";s:0:\"\";s:18:\"RandomFolderSuffix\";s:27:\"pma_0dWFKCvMRX31gwtnolLTezu\";s:10:\"require_ip\";b:1;s:16:\"hide_phma_errors\";b:0;s:13:\"strip_slashes\";b:0;s:15:\"has_pro_version\";i:0;s:19:\"show_rating_message\";b:1;s:12:\"display_tabs\";b:0;s:18:\"wp_pph_freelancers\";s:21:\"https://goo.gl/qbpsWn\";s:17:\"fist_install_date\";i:1542021382;s:9:\"use_https\";b:1;s:15:\"default_managed\";s:7:\"network\";s:4:\"name\";s:13:\"WP phpMyAdmin\";s:5:\"title\";s:61:\"<a href=\"https://puvox.software/wordpress/\">WP phpMyAdmin</a>\";s:7:\"version\";s:3:\"2.3\";s:15:\"ssl_error_shown\";i:1;}', 'yes'),
(774758, 'pma_RandomFolderSuffix_', '_pma_JpMg3rVhZ4t8ndDkeYjFzfL', 'no'),
(774759, 'wp-phpmyadmin-extension_please_wait', '1', 'yes'),
(774761, 'pma_replaced_conflict_functions_1.45', '', 'no'),
(774940, 'widget_rdtheme_course_category', 'a:1:{s:12:\"_multiwidget\";i:1;}', 'yes'),
(775001, 'duplicate_post_version', '3.2.2', 'yes'),
(775002, 'duplicate_post_show_notice', '0', 'no'),
(777104, 'sg_cachepress', 'a:8:{s:12:\"enable_cache\";i:0;s:15:\"autoflush_cache\";i:1;s:16:\"enable_memcached\";i:1;s:11:\"show_notice\";i:0;s:8:\"is_nginx\";i:0;s:13:\"checked_nginx\";i:0;s:9:\"first_run\";i:0;s:9:\"last_fail\";i:0;}', 'yes'),
(781989, 'layerslider-gdpr-consent', '1', 'yes'),
(781990, 'layerslider-google-fonts-enabled', '0', 'yes'),
(781991, 'layerslider-aviary-enabled', '0', 'yes'),
(885790, 'woocommerce_placeholder_image', '1888', 'yes'),
(886033, 'image_cleanup_version', '1.9', 'yes'),
(886040, 'image_cleanup_resultcount', 'a:8:{s:17:\"attachment-images\";i:1119;s:12:\"invalid-meta\";i:0;s:13:\"backup-images\";i:0;s:18:\"nonref-post-images\";i:0;s:17:\"all-nonref-images\";i:186;s:20:\"nonref-script-images\";i:0;s:19:\"obsolete-ref-images\";i:7;s:20:\"nonref-unused-images\";i:179;}', 'yes'),
(886045, 'image_cleanup_backups', 'a:1:{i:0;a:3:{s:5:\"state\";s:7:\"indexed\";s:4:\"time\";i:1541656785;s:7:\"log_url\";s:74:\"https://avishkarpucollege.com/beta/wp-content/uploads/imagecleanup/0/logs/\";}}', 'yes'),
(947432, 'antispam_settings', 'a:1:{s:18:\"save_spam_comments\";i:0;}', 'yes'),
(947518, 'show_comments_cookies_opt_in', '', 'yes'),
(947519, 'db_upgraded', '', 'on'),
(964849, 'widget_mla-text-widget', 'a:1:{s:12:\"_multiwidget\";i:1;}', 'yes'),
(964850, 'mla_custom_field_mapping', 'a:0:{}', 'yes'),
(964851, 'mla_iptc_exif_mapping', 'a:3:{s:8:\"standard\";a:6:{s:10:\"post_title\";a:5:{s:4:\"name\";s:5:\"Title\";s:10:\"iptc_value\";s:4:\"none\";s:10:\"exif_value\";s:0:\"\";s:10:\"iptc_first\";b:1;s:13:\"keep_existing\";b:1;}s:9:\"post_name\";a:5:{s:4:\"name\";s:9:\"Name/Slug\";s:10:\"iptc_value\";s:4:\"none\";s:10:\"exif_value\";s:0:\"\";s:10:\"iptc_first\";b:1;s:13:\"keep_existing\";b:1;}s:9:\"image_alt\";a:5:{s:4:\"name\";s:8:\"ALT Text\";s:10:\"iptc_value\";s:4:\"none\";s:10:\"exif_value\";s:0:\"\";s:10:\"iptc_first\";b:1;s:13:\"keep_existing\";b:1;}s:12:\"post_excerpt\";a:5:{s:4:\"name\";s:7:\"Caption\";s:10:\"iptc_value\";s:4:\"none\";s:10:\"exif_value\";s:0:\"\";s:10:\"iptc_first\";b:1;s:13:\"keep_existing\";b:1;}s:12:\"post_content\";a:5:{s:4:\"name\";s:11:\"Description\";s:10:\"iptc_value\";s:4:\"none\";s:10:\"exif_value\";s:0:\"\";s:10:\"iptc_first\";b:1;s:13:\"keep_existing\";b:1;}s:9:\"post_date\";a:5:{s:4:\"name\";s:11:\"Uploaded on\";s:10:\"iptc_value\";s:4:\"none\";s:10:\"exif_value\";s:0:\"\";s:10:\"iptc_first\";b:1;s:13:\"keep_existing\";b:0;}}s:8:\"taxonomy\";a:0:{}s:6:\"custom\";a:0:{}}', 'yes'),
(964852, 'mla_upload_mimes', 'a:4:{s:6:\"custom\";a:1:{s:5:\"redux\";s:17:\"application/redux\";}s:8:\"disabled\";a:52:{s:3:\"ac3\";b:1;s:2:\"ai\";b:1;s:3:\"aif\";b:1;s:4:\"aifc\";b:1;s:4:\"aiff\";b:1;s:2:\"au\";b:1;s:3:\"bin\";b:1;s:3:\"cat\";b:1;s:3:\"cdf\";b:1;s:3:\"cgm\";b:1;s:3:\"clp\";b:1;s:3:\"crd\";b:1;s:3:\"dat\";b:1;s:3:\"dll\";b:1;s:3:\"dot\";b:1;s:3:\"dtd\";b:1;s:3:\"eps\";b:1;s:4:\"gtar\";b:1;s:3:\"ief\";b:1;s:3:\"ifb\";b:1;s:3:\"m13\";b:1;s:3:\"m14\";b:1;s:3:\"mml\";b:1;s:3:\"mny\";b:1;s:5:\"movie\";b:1;s:3:\"mp2\";b:1;s:3:\"mpa\";b:1;s:3:\"msg\";b:1;s:3:\"mvb\";b:1;s:3:\"otf\";b:1;s:3:\"pic\";b:1;s:4:\"pict\";b:1;s:2:\"ps\";b:1;s:3:\"pub\";b:1;s:3:\"rgb\";b:1;s:3:\"scd\";b:1;s:3:\"snd\";b:1;s:3:\"sql\";b:1;s:3:\"sst\";b:1;s:3:\"stl\";b:1;s:3:\"svg\";b:1;s:3:\"trm\";b:1;s:3:\"ttf\";b:1;s:3:\"w6w\";b:1;s:3:\"wmf\";b:1;s:4:\"woff\";b:1;s:4:\"word\";b:1;s:3:\"xlc\";b:1;s:3:\"xlm\";b:1;s:3:\"xml\";b:1;s:3:\"xsl\";b:1;s:4:\"xslt\";b:1;}s:11:\"description\";a:0:{}s:9:\"icon_type\";a:82:{s:2:\"ai\";s:10:\"postscript\";s:4:\"aifc\";s:5:\"audio\";s:3:\"asx\";s:5:\"video\";s:2:\"au\";s:5:\"audio\";s:3:\"bin\";s:6:\"binary\";s:1:\"c\";s:8:\"source_c\";s:2:\"cc\";s:10:\"source_cpp\";s:3:\"cgm\";s:5:\"image\";s:5:\"class\";s:11:\"source_java\";s:3:\"clp\";s:6:\"knotes\";s:3:\"crd\";s:6:\"knotes\";s:3:\"css\";s:10:\"stylesheet\";s:3:\"dat\";s:6:\"binary\";s:3:\"dll\";s:8:\"exe_wine\";s:3:\"dot\";s:8:\"document\";s:4:\"dotx\";s:8:\"document\";s:3:\"dtd\";s:4:\"code\";s:3:\"eps\";s:10:\"postscript\";s:3:\"exe\";s:8:\"exe_wine\";s:4:\"gtar\";s:7:\"archive\";s:4:\"gzip\";s:7:\"archive\";s:1:\"h\";s:8:\"source_h\";s:3:\"ics\";s:8:\"calendar\";s:3:\"ief\";s:5:\"image\";s:3:\"ifb\";s:8:\"calendar\";s:2:\"js\";s:11:\"source_java\";s:3:\"mdb\";s:8:\"database\";s:3:\"mid\";s:5:\"audio\";s:4:\"midi\";s:5:\"audio\";s:3:\"mml\";s:8:\"kformula\";s:5:\"movie\";s:5:\"video\";s:3:\"mpa\";s:5:\"audio\";s:3:\"mpe\";s:5:\"video\";s:3:\"msg\";s:7:\"message\";s:3:\"odb\";s:8:\"database\";s:3:\"odc\";s:3:\"log\";s:3:\"odf\";s:8:\"kformula\";s:3:\"odg\";s:2:\"3d\";s:6:\"onepkg\";s:6:\"knotes\";s:6:\"onetmp\";s:6:\"knotes\";s:6:\"onetoc\";s:6:\"knotes\";s:7:\"onetoc2\";s:6:\"knotes\";s:3:\"otf\";s:4:\"font\";s:3:\"pdf\";s:3:\"pdf\";s:3:\"pic\";s:5:\"image\";s:4:\"pict\";s:5:\"image\";s:3:\"pot\";s:11:\"interactive\";s:4:\"potm\";s:11:\"interactive\";s:4:\"potx\";s:11:\"interactive\";s:4:\"ppam\";s:11:\"interactive\";s:2:\"ps\";s:10:\"postscript\";s:3:\"psd\";s:5:\"image\";s:3:\"pub\";s:8:\"document\";s:2:\"qt\";s:9:\"quicktime\";s:2:\"ra\";s:5:\"audio\";s:3:\"rgb\";s:5:\"image\";s:3:\"rtx\";s:4:\"text\";s:3:\"snd\";s:5:\"audio\";s:3:\"sql\";s:8:\"database\";s:3:\"svg\";s:9:\"vectorgfx\";s:3:\"trm\";s:11:\"interactive\";s:3:\"ttf\";s:13:\"font_truetype\";s:3:\"w6w\";s:8:\"document\";s:3:\"wax\";s:5:\"audio\";s:4:\"webm\";s:5:\"video\";s:2:\"wm\";s:5:\"video\";s:3:\"wmf\";s:9:\"vectorgfx\";s:3:\"wmx\";s:5:\"video\";s:4:\"woff\";s:4:\"font\";s:4:\"word\";s:8:\"document\";s:3:\"wri\";s:8:\"document\";s:3:\"xla\";s:11:\"spreadsheet\";s:4:\"xlam\";s:11:\"spreadsheet\";s:3:\"xlc\";s:11:\"spreadsheet\";s:3:\"xlm\";s:11:\"spreadsheet\";s:3:\"xlt\";s:11:\"spreadsheet\";s:4:\"xltm\";s:11:\"spreadsheet\";s:4:\"xltx\";s:11:\"spreadsheet\";s:3:\"xlw\";s:11:\"spreadsheet\";s:3:\"xml\";s:4:\"code\";s:3:\"xsl\";s:5:\"style\";s:4:\"xslt\";s:4:\"code\";}}', 'yes'),
(964853, 'mla_current_version', '2.75', 'yes'),
(964855, 'mla_post_mime_types', 'a:0:{}', 'yes'),
(964896, 'custom-bulkquick-edit-settings', 'a:8:{s:7:\"general\";s:0:\"\";s:6:\"export\";s:40:\"a:1:{s:14:\"donate_version\";s:5:\"1.6.7\";}\";s:6:\"import\";s:0:\"\";s:11:\"delete_data\";s:0:\"\";s:14:\"reset_defaults\";s:0:\"\";s:14:\"donate_version\";s:5:\"1.6.7\";s:13:\"admin_notices\";N;s:7:\"version\";s:5:\"1.6.7\";}', 'yes'),
(1015507, 'antispam_dismiss_notice', 'true', 'yes'),
(1015566, 'github_updater', 'a:4:{s:10:\"db_version\";i:8312;s:5:\"eikra\";s:20:\"BFZxfrkCyPctq7Mf8qSQ\";s:10:\"eikra-core\";s:20:\"BFZxfrkCyPctq7Mf8qSQ\";s:19:\"gitlab_access_token\";s:20:\"BFZxfrkCyPctq7Mf8qSQ\";}', 'no'),
(1015572, 'github_updater_api_key', 'f2f718f4f1afdfa07eb54d2b70bfd7b3', 'no'),
(1015584, 'ghu-5b2e6874427df91f36e2d9336b70b05a', 'a:7:{s:7:\"timeout\";i:1554397430;s:10:\"project_id\";i:3090165;s:7:\"project\";O:8:\"stdClass\":46:{s:2:\"id\";i:3090165;s:11:\"description\";s:21:\"Eikra WordPress Theme\";s:4:\"name\";s:5:\"eikra\";s:19:\"name_with_namespace\";s:19:\"wp-products / eikra\";s:4:\"path\";s:5:\"eikra\";s:19:\"path_with_namespace\";s:17:\"wp-products/eikra\";s:10:\"created_at\";s:24:\"2017-04-11T05:34:18.142Z\";s:14:\"default_branch\";s:6:\"master\";s:8:\"tag_list\";a:0:{}s:15:\"ssh_url_to_repo\";s:36:\"git@gitlab.com:wp-products/eikra.git\";s:16:\"http_url_to_repo\";s:40:\"https://gitlab.com/wp-products/eikra.git\";s:7:\"web_url\";s:36:\"https://gitlab.com/wp-products/eikra\";s:10:\"readme_url\";N;s:10:\"avatar_url\";N;s:10:\"star_count\";i:0;s:11:\"forks_count\";i:0;s:16:\"last_activity_at\";s:24:\"2019-03-07T10:24:38.949Z\";s:9:\"namespace\";O:8:\"stdClass\":6:{s:2:\"id\";i:1300372;s:4:\"name\";s:11:\"wp-products\";s:4:\"path\";s:11:\"wp-products\";s:4:\"kind\";s:5:\"group\";s:9:\"full_path\";s:11:\"wp-products\";s:9:\"parent_id\";N;}s:6:\"_links\";O:8:\"stdClass\":7:{s:4:\"self\";s:42:\"https://gitlab.com/api/v4/projects/3090165\";s:6:\"issues\";s:49:\"https://gitlab.com/api/v4/projects/3090165/issues\";s:14:\"merge_requests\";s:57:\"https://gitlab.com/api/v4/projects/3090165/merge_requests\";s:13:\"repo_branches\";s:62:\"https://gitlab.com/api/v4/projects/3090165/repository/branches\";s:6:\"labels\";s:49:\"https://gitlab.com/api/v4/projects/3090165/labels\";s:6:\"events\";s:49:\"https://gitlab.com/api/v4/projects/3090165/events\";s:7:\"members\";s:50:\"https://gitlab.com/api/v4/projects/3090165/members\";}s:8:\"archived\";b:0;s:10:\"visibility\";s:7:\"private\";s:33:\"resolve_outdated_diff_discussions\";N;s:26:\"container_registry_enabled\";b:1;s:14:\"issues_enabled\";b:1;s:22:\"merge_requests_enabled\";b:1;s:12:\"wiki_enabled\";b:1;s:12:\"jobs_enabled\";b:1;s:16:\"snippets_enabled\";b:0;s:22:\"shared_runners_enabled\";b:1;s:11:\"lfs_enabled\";b:1;s:10:\"creator_id\";i:669399;s:13:\"import_status\";s:4:\"none\";s:12:\"import_error\";N;s:17:\"open_issues_count\";i:2;s:13:\"runners_token\";s:20:\"sX5CtHt4zE2rs6PdYkZZ\";s:11:\"public_jobs\";b:1;s:14:\"ci_config_path\";N;s:18:\"shared_with_groups\";a:0:{}s:37:\"only_allow_merge_if_pipeline_succeeds\";b:0;s:22:\"request_access_enabled\";b:0;s:48:\"only_allow_merge_if_all_discussions_are_resolved\";b:0;s:35:\"printing_merge_request_link_enabled\";b:1;s:12:\"merge_method\";s:5:\"merge\";s:11:\"permissions\";O:8:\"stdClass\":2:{s:14:\"project_access\";N;s:12:\"group_access\";O:8:\"stdClass\":2:{s:12:\"access_level\";i:40;s:18:\"notification_level\";i:3;}}s:6:\"mirror\";b:0;s:43:\"external_authorization_classification_label\";s:0:\"\";}s:9:\"style.css\";a:8:{s:4:\"Name\";s:5:\"Eikra\";s:8:\"ThemeURI\";s:69:\"https://themeforest.net/item/eikra-education-wordpress-theme/20950897\";s:11:\"Description\";s:84:\"Eikra is a clean and modern theme for all kinds of Education and Learning Institute.\";s:6:\"Author\";s:11:\"RadiusTheme\";s:9:\"AuthorURI\";s:22:\"http://radiustheme.com\";s:7:\"Version\";s:3:\"3.4\";s:4:\"Tags\";s:108:\"left-sidebar, right-sidebar, custom-background, custom-colors, custom-header, custom-menu, translation-ready\";s:10:\"TextDomain\";s:5:\"eikra\";}s:4:\"repo\";s:5:\"eikra\";s:7:\"dot_org\";s:14:\"not in dot org\";s:4:\"tags\";a:2:{i:0;s:3:\"2.4\";i:1;s:5:\"1.3.1\";}}', 'no'),
(1017316, 'transl_lastvers', '2.3', 'no'),
(1063381, 'antispam_stats', 'a:1:{s:13:\"blocked_total\";i:8;}', 'yes'),
(1153434, 'ghu-bb0865ac1546a2957f36c54c6131f191', 'a:7:{s:7:\"timeout\";i:1554397427;s:10:\"project_id\";i:3090203;s:7:\"project\";O:8:\"stdClass\":46:{s:2:\"id\";i:3090203;s:11:\"description\";s:27:\"Core Plugin for Eikra Theme\";s:4:\"name\";s:10:\"eikra-core\";s:19:\"name_with_namespace\";s:24:\"wp-products / eikra-core\";s:4:\"path\";s:10:\"eikra-core\";s:19:\"path_with_namespace\";s:22:\"wp-products/eikra-core\";s:10:\"created_at\";s:24:\"2017-04-11T05:44:31.776Z\";s:14:\"default_branch\";s:6:\"master\";s:8:\"tag_list\";a:0:{}s:15:\"ssh_url_to_repo\";s:41:\"git@gitlab.com:wp-products/eikra-core.git\";s:16:\"http_url_to_repo\";s:45:\"https://gitlab.com/wp-products/eikra-core.git\";s:7:\"web_url\";s:41:\"https://gitlab.com/wp-products/eikra-core\";s:10:\"readme_url\";N;s:10:\"avatar_url\";N;s:10:\"star_count\";i:0;s:11:\"forks_count\";i:0;s:16:\"last_activity_at\";s:24:\"2019-03-21T05:26:08.281Z\";s:9:\"namespace\";O:8:\"stdClass\":6:{s:2:\"id\";i:1300372;s:4:\"name\";s:11:\"wp-products\";s:4:\"path\";s:11:\"wp-products\";s:4:\"kind\";s:5:\"group\";s:9:\"full_path\";s:11:\"wp-products\";s:9:\"parent_id\";N;}s:6:\"_links\";O:8:\"stdClass\":7:{s:4:\"self\";s:42:\"https://gitlab.com/api/v4/projects/3090203\";s:6:\"issues\";s:49:\"https://gitlab.com/api/v4/projects/3090203/issues\";s:14:\"merge_requests\";s:57:\"https://gitlab.com/api/v4/projects/3090203/merge_requests\";s:13:\"repo_branches\";s:62:\"https://gitlab.com/api/v4/projects/3090203/repository/branches\";s:6:\"labels\";s:49:\"https://gitlab.com/api/v4/projects/3090203/labels\";s:6:\"events\";s:49:\"https://gitlab.com/api/v4/projects/3090203/events\";s:7:\"members\";s:50:\"https://gitlab.com/api/v4/projects/3090203/members\";}s:8:\"archived\";b:0;s:10:\"visibility\";s:7:\"private\";s:33:\"resolve_outdated_diff_discussions\";N;s:26:\"container_registry_enabled\";b:1;s:14:\"issues_enabled\";b:1;s:22:\"merge_requests_enabled\";b:1;s:12:\"wiki_enabled\";b:1;s:12:\"jobs_enabled\";b:1;s:16:\"snippets_enabled\";b:0;s:22:\"shared_runners_enabled\";b:1;s:11:\"lfs_enabled\";b:1;s:10:\"creator_id\";i:669399;s:13:\"import_status\";s:4:\"none\";s:12:\"import_error\";N;s:17:\"open_issues_count\";i:0;s:13:\"runners_token\";s:20:\"_SWRQJTZDvY4yYbLXoJs\";s:11:\"public_jobs\";b:1;s:14:\"ci_config_path\";N;s:18:\"shared_with_groups\";a:0:{}s:37:\"only_allow_merge_if_pipeline_succeeds\";b:0;s:22:\"request_access_enabled\";b:0;s:48:\"only_allow_merge_if_all_discussions_are_resolved\";b:0;s:35:\"printing_merge_request_link_enabled\";b:1;s:12:\"merge_method\";s:5:\"merge\";s:11:\"permissions\";O:8:\"stdClass\":2:{s:14:\"project_access\";N;s:12:\"group_access\";O:8:\"stdClass\":2:{s:12:\"access_level\";i:40;s:18:\"notification_level\";i:3;}}s:6:\"mirror\";b:0;s:43:\"external_authorization_classification_label\";s:0:\"\";}s:14:\"eikra-core.php\";a:6:{s:4:\"Name\";s:10:\"Eikra Core\";s:9:\"PluginURI\";s:22:\"http://radiustheme.com\";s:7:\"Version\";s:8:\"2.2-beta\";s:11:\"Description\";s:33:\"Eikra Core Plugin for Eikra Theme\";s:6:\"Author\";s:12:\"Radius Theme\";s:9:\"AuthorURI\";s:22:\"http://radiustheme.com\";}s:4:\"repo\";s:10:\"eikra-core\";s:7:\"dot_org\";s:14:\"not in dot org\";s:4:\"tags\";a:1:{i:0;s:5:\"1.3.3\";}}', 'no'),
(1153435, 'ghu-ad78493953948f77a685116f7e9e605f', 'a:6:{s:7:\"timeout\";i:1554397428;s:18:\"github-updater.php\";a:12:{s:10:\"RequiresWP\";s:3:\"4.6\";s:11:\"RequiresPHP\";s:3:\"5.6\";s:15:\"GitHubPluginURI\";s:41:\"https://github.com/afragen/github-updater\";s:15:\"GitHubLanguages\";s:54:\"https://github.com/afragen/github-updater-translations\";s:4:\"Name\";s:14:\"GitHub Updater\";s:9:\"PluginURI\";s:41:\"https://github.com/afragen/github-updater\";s:7:\"Version\";s:5:\"8.7.2\";s:11:\"Description\";s:188:\"A plugin to automatically update GitHub, Bitbucket, GitLab, or Gitea hosted plugins, themes, and language packs. It also allows for remote installation of plugins or themes into WordPress.\";s:6:\"Author\";s:11:\"Andy Fragen\";s:10:\"TextDomain\";s:14:\"github-updater\";s:10:\"DomainPath\";s:10:\"/languages\";s:7:\"Network\";s:4:\"true\";}s:4:\"repo\";s:14:\"github-updater\";s:7:\"dot_org\";s:14:\"not in dot org\";s:4:\"tags\";a:30:{i:0;s:5:\"8.7.2\";i:1;s:5:\"8.7.1\";i:2;s:5:\"8.7.0\";i:3;s:5:\"8.6.3\";i:4;s:5:\"8.6.2\";i:5;s:5:\"8.6.1\";i:6;s:5:\"8.6.0\";i:7;s:5:\"8.5.2\";i:8;s:5:\"8.5.1\";i:9;s:5:\"8.5.0\";i:10;s:5:\"8.4.2\";i:11;s:5:\"8.4.1\";i:12;s:5:\"8.4.0\";i:13;s:5:\"8.3.1\";i:14;s:5:\"8.3.0\";i:15;s:5:\"8.2.1\";i:16;s:5:\"8.2.0\";i:17;s:5:\"8.1.2\";i:18;s:5:\"8.1.1\";i:19;s:5:\"8.1.0\";i:20;s:5:\"8.0.0\";i:21;s:5:\"7.6.2\";i:22;s:5:\"7.6.1\";i:23;s:5:\"7.6.0\";i:24;s:5:\"7.5.0\";i:25;s:5:\"7.4.4\";i:26;s:5:\"7.4.3\";i:27;s:5:\"7.4.2\";i:28;s:5:\"7.4.1\";i:29;s:5:\"7.4.0\";}s:9:\"languages\";O:8:\"stdClass\":18:{s:2:\"ar\";O:8:\"stdClass\":7:{s:4:\"slug\";s:14:\"github-updater\";s:8:\"language\";s:2:\"ar\";s:7:\"updated\";s:21:\"2018-12-01 09:14-0800\";s:7:\"package\";s:106:\"https://github.com/afragen/github-updater-translations/blob/master/packages/github-updater-ar.zip?raw=true\";s:10:\"autoupdate\";s:1:\"1\";s:4:\"type\";s:6:\"plugin\";s:7:\"version\";s:5:\"8.6.2\";}s:5:\"bg_BG\";O:8:\"stdClass\":7:{s:4:\"slug\";s:14:\"github-updater\";s:8:\"language\";s:5:\"bg_BG\";s:7:\"updated\";s:21:\"2018-12-01 09:18-0800\";s:7:\"package\";s:109:\"https://github.com/afragen/github-updater-translations/blob/master/packages/github-updater-bg_BG.zip?raw=true\";s:10:\"autoupdate\";s:1:\"1\";s:4:\"type\";s:6:\"plugin\";s:7:\"version\";s:5:\"8.6.2\";}s:5:\"de_AT\";O:8:\"stdClass\":7:{s:4:\"slug\";s:14:\"github-updater\";s:8:\"language\";s:5:\"de_AT\";s:7:\"updated\";s:21:\"2018-12-01 09:18-0800\";s:7:\"package\";s:109:\"https://github.com/afragen/github-updater-translations/blob/master/packages/github-updater-de_AT.zip?raw=true\";s:10:\"autoupdate\";s:1:\"1\";s:4:\"type\";s:6:\"plugin\";s:7:\"version\";s:5:\"8.6.2\";}s:5:\"de_CH\";O:8:\"stdClass\":7:{s:4:\"slug\";s:14:\"github-updater\";s:8:\"language\";s:5:\"de_CH\";s:7:\"updated\";s:21:\"2018-12-01 09:17-0800\";s:7:\"package\";s:109:\"https://github.com/afragen/github-updater-translations/blob/master/packages/github-updater-de_CH.zip?raw=true\";s:10:\"autoupdate\";s:1:\"1\";s:4:\"type\";s:6:\"plugin\";s:7:\"version\";s:5:\"8.6.2\";}s:5:\"de_DE\";O:8:\"stdClass\":7:{s:4:\"slug\";s:14:\"github-updater\";s:8:\"language\";s:5:\"de_DE\";s:7:\"updated\";s:21:\"2018-12-01 09:17-0800\";s:7:\"package\";s:109:\"https://github.com/afragen/github-updater-translations/blob/master/packages/github-updater-de_DE.zip?raw=true\";s:10:\"autoupdate\";s:1:\"1\";s:4:\"type\";s:6:\"plugin\";s:7:\"version\";s:5:\"8.6.2\";}s:5:\"en_CA\";O:8:\"stdClass\":7:{s:4:\"slug\";s:14:\"github-updater\";s:8:\"language\";s:5:\"en_CA\";s:7:\"updated\";s:21:\"2018-09-06 15:41-0700\";s:7:\"package\";s:109:\"https://github.com/afragen/github-updater-translations/blob/master/packages/github-updater-en_CA.zip?raw=true\";s:10:\"autoupdate\";s:1:\"1\";s:4:\"type\";s:6:\"plugin\";s:7:\"version\";s:5:\"8.6.2\";}s:5:\"en_GB\";O:8:\"stdClass\":7:{s:4:\"slug\";s:14:\"github-updater\";s:8:\"language\";s:5:\"en_GB\";s:7:\"updated\";s:21:\"2018-12-01 09:16-0800\";s:7:\"package\";s:109:\"https://github.com/afragen/github-updater-translations/blob/master/packages/github-updater-en_GB.zip?raw=true\";s:10:\"autoupdate\";s:1:\"1\";s:4:\"type\";s:6:\"plugin\";s:7:\"version\";s:5:\"8.6.2\";}s:5:\"es_ES\";O:8:\"stdClass\":7:{s:4:\"slug\";s:14:\"github-updater\";s:8:\"language\";s:5:\"es_ES\";s:7:\"updated\";s:21:\"2018-12-01 09:16-0800\";s:7:\"package\";s:109:\"https://github.com/afragen/github-updater-translations/blob/master/packages/github-updater-es_ES.zip?raw=true\";s:10:\"autoupdate\";s:1:\"1\";s:4:\"type\";s:6:\"plugin\";s:7:\"version\";s:5:\"8.6.2\";}s:5:\"fr_FR\";O:8:\"stdClass\":7:{s:4:\"slug\";s:14:\"github-updater\";s:8:\"language\";s:5:\"fr_FR\";s:7:\"updated\";s:21:\"2018-12-01 09:16-0800\";s:7:\"package\";s:109:\"https://github.com/afragen/github-updater-translations/blob/master/packages/github-updater-fr_FR.zip?raw=true\";s:10:\"autoupdate\";s:1:\"1\";s:4:\"type\";s:6:\"plugin\";s:7:\"version\";s:5:\"8.6.2\";}s:2:\"it\";O:8:\"stdClass\":7:{s:4:\"slug\";s:14:\"github-updater\";s:8:\"language\";s:2:\"it\";s:7:\"updated\";s:21:\"2018-12-01 09:16-0800\";s:7:\"package\";s:106:\"https://github.com/afragen/github-updater-translations/blob/master/packages/github-updater-it.zip?raw=true\";s:10:\"autoupdate\";s:1:\"1\";s:4:\"type\";s:6:\"plugin\";s:7:\"version\";s:5:\"8.6.2\";}s:2:\"ja\";O:8:\"stdClass\":7:{s:4:\"slug\";s:14:\"github-updater\";s:8:\"language\";s:2:\"ja\";s:7:\"updated\";s:21:\"2018-12-01 09:15-0800\";s:7:\"package\";s:106:\"https://github.com/afragen/github-updater-translations/blob/master/packages/github-updater-ja.zip?raw=true\";s:10:\"autoupdate\";s:1:\"1\";s:4:\"type\";s:6:\"plugin\";s:7:\"version\";s:5:\"8.6.2\";}s:5:\"pt_BR\";O:8:\"stdClass\":7:{s:4:\"slug\";s:14:\"github-updater\";s:8:\"language\";s:5:\"pt_BR\";s:7:\"updated\";s:21:\"2018-12-01 09:15-0800\";s:7:\"package\";s:109:\"https://github.com/afragen/github-updater-translations/blob/master/packages/github-updater-pt_BR.zip?raw=true\";s:10:\"autoupdate\";s:1:\"1\";s:4:\"type\";s:6:\"plugin\";s:7:\"version\";s:5:\"8.6.2\";}s:5:\"pt_PT\";O:8:\"stdClass\":7:{s:4:\"slug\";s:14:\"github-updater\";s:8:\"language\";s:5:\"pt_PT\";s:7:\"updated\";s:21:\"2018-12-01 09:15-0800\";s:7:\"package\";s:109:\"https://github.com/afragen/github-updater-translations/blob/master/packages/github-updater-pt_PT.zip?raw=true\";s:10:\"autoupdate\";s:1:\"1\";s:4:\"type\";s:6:\"plugin\";s:7:\"version\";s:5:\"8.6.2\";}s:5:\"ro_RO\";O:8:\"stdClass\":7:{s:4:\"slug\";s:14:\"github-updater\";s:8:\"language\";s:5:\"ro_RO\";s:7:\"updated\";s:21:\"2018-12-01 09:15-0800\";s:7:\"package\";s:109:\"https://github.com/afragen/github-updater-translations/blob/master/packages/github-updater-ro_RO.zip?raw=true\";s:10:\"autoupdate\";s:1:\"1\";s:4:\"type\";s:6:\"plugin\";s:7:\"version\";s:5:\"8.6.2\";}s:5:\"ru_RU\";O:8:\"stdClass\":7:{s:4:\"slug\";s:14:\"github-updater\";s:8:\"language\";s:5:\"ru_RU\";s:7:\"updated\";s:21:\"2018-12-01 11:31+0500\";s:7:\"package\";s:109:\"https://github.com/afragen/github-updater-translations/blob/master/packages/github-updater-ru_RU.zip?raw=true\";s:10:\"autoupdate\";s:1:\"1\";s:4:\"type\";s:6:\"plugin\";s:7:\"version\";s:5:\"8.6.2\";}s:5:\"sv_SE\";O:8:\"stdClass\":7:{s:4:\"slug\";s:14:\"github-updater\";s:8:\"language\";s:5:\"sv_SE\";s:7:\"updated\";s:21:\"2018-12-01 09:14-0800\";s:7:\"package\";s:109:\"https://github.com/afragen/github-updater-translations/blob/master/packages/github-updater-sv_SE.zip?raw=true\";s:10:\"autoupdate\";s:1:\"1\";s:4:\"type\";s:6:\"plugin\";s:7:\"version\";s:5:\"8.6.2\";}s:2:\"uk\";O:8:\"stdClass\":7:{s:4:\"slug\";s:14:\"github-updater\";s:8:\"language\";s:2:\"uk\";s:7:\"updated\";s:21:\"2018-12-01 09:14-0800\";s:7:\"package\";s:106:\"https://github.com/afragen/github-updater-translations/blob/master/packages/github-updater-uk.zip?raw=true\";s:10:\"autoupdate\";s:1:\"1\";s:4:\"type\";s:6:\"plugin\";s:7:\"version\";s:5:\"8.6.2\";}s:5:\"zh_TW\";O:8:\"stdClass\":7:{s:4:\"slug\";s:14:\"github-updater\";s:8:\"language\";s:5:\"zh_TW\";s:7:\"updated\";s:21:\"2019-02-06 21:20+0800\";s:7:\"package\";s:109:\"https://github.com/afragen/github-updater-translations/blob/master/packages/github-updater-zh_TW.zip?raw=true\";s:10:\"autoupdate\";s:1:\"1\";s:4:\"type\";s:6:\"plugin\";s:7:\"version\";s:5:\"8.6.2\";}}}', 'no'),
(1153436, 'ghu-6b25c613a7f2f816cb37c03c5514e0a3', 'a:5:{s:7:\"timeout\";i:1554397428;s:28:\"github-updater-additions.php\";a:9:{s:10:\"RequiresWP\";s:3:\"4.4\";s:11:\"RequiresPHP\";s:3:\"5.6\";s:15:\"GitHubPluginURI\";s:51:\"https://github.com/afragen/github-updater-additions\";s:4:\"Name\";s:24:\"GitHub Updater Additions\";s:9:\"PluginURI\";s:51:\"https://github.com/afragen/github-updater-additions\";s:7:\"Version\";s:5:\"2.0.1\";s:11:\"Description\";s:97:\"Add installed repositories lacking required headers to the GitHub Updater plugin via a JSON file.\";s:6:\"Author\";s:11:\"Andy Fragen\";s:7:\"Network\";s:4:\"true\";}s:4:\"repo\";s:24:\"github-updater-additions\";s:7:\"dot_org\";s:14:\"not in dot org\";s:4:\"tags\";O:8:\"stdClass\":1:{s:7:\"message\";s:13:\"No tags found\";}}', 'no'),
(1236287, 'woocommerce_allow_bulk_remove_personal_data', 'no', 'no'),
(1236288, 'woocommerce_show_marketplace_suggestions', 'yes', 'no'),
(1301445, 'widget_mks_flickr_widget', 'a:1:{s:12:\"_multiwidget\";i:1;}', 'yes'),
(1301813, 'zerospam_db_version', '2.0', 'yes'),
(1301816, 'zerospam_general_settings', 'a:7:{s:15:\"comment_support\";s:1:\"1\";s:20:\"registration_support\";s:1:\"1\";s:11:\"cf7_support\";s:1:\"1\";s:14:\"blocked_ip_msg\";s:208:\"<br /><b>Notice</b>:  Undefined index: blocked_ip_msg in <b>/home/customer/www/demo.radiustheme.com/public_html/wordpress/eikra/wp-content/plugins/zero-spam/lib/ZeroSpam/Admin.php</b> on line <b>373</b><br />\";s:19:\"spammer_msg_comment\";s:213:\"<br /><b>Notice</b>:  Undefined index: spammer_msg_comment in <b>/home/customer/www/demo.radiustheme.com/public_html/wordpress/eikra/wp-content/plugins/zero-spam/lib/ZeroSpam/Admin.php</b> on line <b>342</b><br />\";s:24:\"spammer_msg_registration\";s:218:\"<br /><b>Notice</b>:  Undefined index: spammer_msg_registration in <b>/home/customer/www/demo.radiustheme.com/public_html/wordpress/eikra/wp-content/plugins/zero-spam/lib/ZeroSpam/Admin.php</b> on line <b>311</b><br />\";s:26:\"spammer_msg_contact_form_7\";s:220:\"<br /><b>Notice</b>:  Undefined index: spammer_msg_contact_form_7 in <b>/home/customer/www/demo.radiustheme.com/public_html/wordpress/eikra/wp-content/plugins/zero-spam/lib/ZeroSpam/Admin.php</b> on line <b>280</b><br />\";}', 'yes'),
(1301915, 'zerospam_key', 'tRgJP0rro)xd%dx283m2Kg0Nvw3OrsOgWfLs%yVfO4c#RUvwQcwRSzOf(VVN8@eh', 'yes'),
(1367341, 'siteground_optimizer_default_enable_cache', '0', 'no'),
(1367342, 'siteground_optimizer_default_autoflush_cache', '0', 'no'),
(1367343, 'siteground_optimizer_supercacher_permissions', '1', 'no'),
(1367344, 'siteground_optimizer_enable_cache', '0', 'yes'),
(1367345, 'siteground_optimizer_autoflush_cache', '1', 'yes'),
(1367346, 'siteground_optimizer_enable_memcached', '0', 'yes'),
(1367347, 'siteground_optimizer_show_notice', '0', 'yes'),
(1367348, 'siteground_optimizer_is_nginx', '0', 'yes'),
(1367349, 'siteground_optimizer_checked_nginx', '0', 'yes'),
(1367350, 'siteground_optimizer_first_run', '0', 'yes'),
(1367351, 'siteground_optimizer_last_fail', '0', 'yes'),
(1367352, 'siteground_optimizer_ssl_enabled', '0', 'yes'),
(1367353, 'siteground_optimizer_optimize_html', '0', 'yes'),
(1367354, 'siteground_optimizer_optimize_javascript', '0', 'yes'),
(1367355, 'siteground_optimizer_optimize_javascript_async', '0', 'yes'),
(1367356, 'siteground_optimizer_optimize_css', '0', 'yes'),
(1367357, 'siteground_optimizer_combine_css', '0', 'yes'),
(1367358, 'siteground_optimizer_remove_query_strings', '0', 'yes'),
(1367359, 'siteground_optimizer_disable_emojis', '0', 'yes'),
(1367360, 'siteground_optimizer_optimize_images', '0', 'yes'),
(1367362, 'siteground_optimizer_version', '5.0.13', 'yes'),
(1367364, 'siteground_optimizer_phpcompat_status', '1', 'yes'),
(1367365, 'siteground_optimizer_phpcompat_progress', '0', 'yes'),
(1367366, 'siteground_optimizer_phpcompat_is_compatible', '0', 'yes'),
(1367367, 'siteground_optimizer_phpcompat_result', 'a:0:{}', 'yes'),
(1367368, 'siteground_optimizer_image_optimization_completed', '1', 'no'),
(1545744, 'yith_system_info', 'a:2:{s:11:\"system_info\";a:13:{s:14:\"min_wp_version\";a:1:{s:5:\"value\";s:5:\"5.2.2\";}s:14:\"min_wc_version\";a:1:{s:5:\"value\";s:5:\"3.7.0\";}s:15:\"wp_memory_limit\";a:1:{s:5:\"value\";i:805306368;}s:15:\"min_php_version\";a:1:{s:5:\"value\";s:5:\"7.3.7\";}s:15:\"min_tls_version\";a:1:{s:5:\"value\";s:3:\"1.2\";}s:15:\"imagick_version\";a:1:{s:5:\"value\";s:5:\"0.0.0\";}s:15:\"wp_cron_enabled\";a:1:{s:5:\"value\";b:1;}s:16:\"mbstring_enabled\";a:1:{s:5:\"value\";b:1;}s:17:\"simplexml_enabled\";a:1:{s:5:\"value\";b:1;}s:10:\"gd_enabled\";a:1:{s:5:\"value\";b:1;}s:13:\"iconv_enabled\";a:1:{s:5:\"value\";b:1;}s:15:\"opcache_enabled\";a:1:{s:5:\"value\";s:1:\"1\";}s:17:\"url_fopen_enabled\";a:1:{s:5:\"value\";s:1:\"1\";}}s:6:\"errors\";b:0;}', 'yes'),
(1947999, 'learn_press_check_tables', 'yes', 'yes'),
(1948001, 'ls-p-url', 'https://layerslider.com/pricing/', 'yes');
INSERT INTO `wp_options` (`option_id`, `option_name`, `option_value`, `autoload`) VALUES
(1948037, 'woocommerce_marketplace_suggestions', 'a:2:{s:11:\"suggestions\";a:28:{i:0;a:4:{s:4:\"slug\";s:28:\"product-edit-meta-tab-header\";s:7:\"context\";s:28:\"product-edit-meta-tab-header\";s:5:\"title\";s:22:\"Recommended extensions\";s:13:\"allow-dismiss\";b:0;}i:1;a:6:{s:4:\"slug\";s:39:\"product-edit-meta-tab-footer-browse-all\";s:7:\"context\";s:28:\"product-edit-meta-tab-footer\";s:9:\"link-text\";s:21:\"Browse all extensions\";s:3:\"url\";s:64:\"https://woocommerce.com/product-category/woocommerce-extensions/\";s:8:\"promoted\";s:31:\"category-woocommerce-extensions\";s:13:\"allow-dismiss\";b:0;}i:2;a:9:{s:4:\"slug\";s:46:\"product-edit-mailchimp-woocommerce-memberships\";s:7:\"product\";s:33:\"woocommerce-memberships-mailchimp\";s:14:\"show-if-active\";a:1:{i:0;s:23:\"woocommerce-memberships\";}s:7:\"context\";a:1:{i:0;s:26:\"product-edit-meta-tab-body\";}s:4:\"icon\";s:117:\"https://woocommerce.com/wp-content/plugins/wccom-plugins//marketplace-suggestions/icons/mailchimp-for-memberships.svg\";s:5:\"title\";s:25:\"Mailchimp for Memberships\";s:4:\"copy\";s:79:\"Completely automate your email lists by syncing membership changes to Mailchimp\";s:11:\"button-text\";s:10:\"Learn More\";s:3:\"url\";s:67:\"https://woocommerce.com/products/mailchimp-woocommerce-memberships/\";}i:3;a:9:{s:4:\"slug\";s:19:\"product-edit-addons\";s:7:\"product\";s:26:\"woocommerce-product-addons\";s:14:\"show-if-active\";a:2:{i:0;s:25:\"woocommerce-subscriptions\";i:1;s:20:\"woocommerce-bookings\";}s:7:\"context\";a:1:{i:0;s:26:\"product-edit-meta-tab-body\";}s:4:\"icon\";s:107:\"https://woocommerce.com/wp-content/plugins/wccom-plugins//marketplace-suggestions/icons/product-add-ons.svg\";s:5:\"title\";s:15:\"Product Add-Ons\";s:4:\"copy\";s:93:\"Offer add-ons like gift wrapping, special messages or other special options for your products\";s:11:\"button-text\";s:10:\"Learn More\";s:3:\"url\";s:49:\"https://woocommerce.com/products/product-add-ons/\";}i:4;a:9:{s:4:\"slug\";s:46:\"product-edit-woocommerce-subscriptions-gifting\";s:7:\"product\";s:33:\"woocommerce-subscriptions-gifting\";s:14:\"show-if-active\";a:1:{i:0;s:25:\"woocommerce-subscriptions\";}s:7:\"context\";a:1:{i:0;s:26:\"product-edit-meta-tab-body\";}s:4:\"icon\";s:117:\"https://woocommerce.com/wp-content/plugins/wccom-plugins//marketplace-suggestions/icons/gifting-for-subscriptions.svg\";s:5:\"title\";s:25:\"Gifting for Subscriptions\";s:4:\"copy\";s:70:\"Let customers buy subscriptions for others - they\'re the ultimate gift\";s:11:\"button-text\";s:10:\"Learn More\";s:3:\"url\";s:67:\"https://woocommerce.com/products/woocommerce-subscriptions-gifting/\";}i:5;a:9:{s:4:\"slug\";s:42:\"product-edit-teams-woocommerce-memberships\";s:7:\"product\";s:33:\"woocommerce-memberships-for-teams\";s:14:\"show-if-active\";a:1:{i:0;s:23:\"woocommerce-memberships\";}s:7:\"context\";a:1:{i:0;s:26:\"product-edit-meta-tab-body\";}s:4:\"icon\";s:113:\"https://woocommerce.com/wp-content/plugins/wccom-plugins//marketplace-suggestions/icons/teams-for-memberships.svg\";s:5:\"title\";s:21:\"Teams for Memberships\";s:4:\"copy\";s:123:\"Adds B2B functionality to WooCommerce Memberships, allowing sites to sell team, group, corporate, or family member accounts\";s:11:\"button-text\";s:10:\"Learn More\";s:3:\"url\";s:63:\"https://woocommerce.com/products/teams-woocommerce-memberships/\";}i:6;a:8:{s:4:\"slug\";s:29:\"product-edit-variation-images\";s:7:\"product\";s:39:\"woocommerce-additional-variation-images\";s:7:\"context\";a:1:{i:0;s:26:\"product-edit-meta-tab-body\";}s:4:\"icon\";s:119:\"https://woocommerce.com/wp-content/plugins/wccom-plugins//marketplace-suggestions/icons/additional-variation-images.svg\";s:5:\"title\";s:27:\"Additional Variation Images\";s:4:\"copy\";s:72:\"Showcase your products in the best light with a image for each variation\";s:11:\"button-text\";s:10:\"Learn More\";s:3:\"url\";s:73:\"https://woocommerce.com/products/woocommerce-additional-variation-images/\";}i:7;a:9:{s:4:\"slug\";s:47:\"product-edit-woocommerce-subscription-downloads\";s:7:\"product\";s:34:\"woocommerce-subscription-downloads\";s:14:\"show-if-active\";a:1:{i:0;s:25:\"woocommerce-subscriptions\";}s:7:\"context\";a:1:{i:0;s:26:\"product-edit-meta-tab-body\";}s:4:\"icon\";s:114:\"https://woocommerce.com/wp-content/plugins/wccom-plugins//marketplace-suggestions/icons/subscription-downloads.svg\";s:5:\"title\";s:22:\"Subscription Downloads\";s:4:\"copy\";s:57:\"Give customers special downloads with their subscriptions\";s:11:\"button-text\";s:10:\"Learn More\";s:3:\"url\";s:68:\"https://woocommerce.com/products/woocommerce-subscription-downloads/\";}i:8;a:8:{s:4:\"slug\";s:31:\"product-edit-min-max-quantities\";s:7:\"product\";s:30:\"woocommerce-min-max-quantities\";s:7:\"context\";a:1:{i:0;s:26:\"product-edit-meta-tab-body\";}s:4:\"icon\";s:110:\"https://woocommerce.com/wp-content/plugins/wccom-plugins//marketplace-suggestions/icons/min-max-quantities.svg\";s:5:\"title\";s:18:\"Min/Max Quantities\";s:4:\"copy\";s:81:\"Specify minimum and maximum allowed product quantities for orders to be completed\";s:11:\"button-text\";s:10:\"Learn More\";s:3:\"url\";s:52:\"https://woocommerce.com/products/min-max-quantities/\";}i:9;a:8:{s:4:\"slug\";s:28:\"product-edit-name-your-price\";s:7:\"product\";s:27:\"woocommerce-name-your-price\";s:7:\"context\";a:1:{i:0;s:26:\"product-edit-meta-tab-body\";}s:4:\"icon\";s:107:\"https://woocommerce.com/wp-content/plugins/wccom-plugins//marketplace-suggestions/icons/name-your-price.svg\";s:5:\"title\";s:15:\"Name Your Price\";s:4:\"copy\";s:70:\"Let customers pay what they want - useful for donations, tips and more\";s:11:\"button-text\";s:10:\"Learn More\";s:3:\"url\";s:49:\"https://woocommerce.com/products/name-your-price/\";}i:10;a:8:{s:4:\"slug\";s:42:\"product-edit-woocommerce-one-page-checkout\";s:7:\"product\";s:29:\"woocommerce-one-page-checkout\";s:7:\"context\";a:1:{i:0;s:26:\"product-edit-meta-tab-body\";}s:4:\"icon\";s:109:\"https://woocommerce.com/wp-content/plugins/wccom-plugins//marketplace-suggestions/icons/one-page-checkout.svg\";s:5:\"title\";s:17:\"One Page Checkout\";s:4:\"copy\";s:92:\"Don\'t make customers click around - let them choose products, checkout & pay all on one page\";s:11:\"button-text\";s:10:\"Learn More\";s:3:\"url\";s:63:\"https://woocommerce.com/products/woocommerce-one-page-checkout/\";}i:11;a:4:{s:4:\"slug\";s:19:\"orders-empty-header\";s:7:\"context\";s:24:\"orders-list-empty-header\";s:5:\"title\";s:20:\"Tools for your store\";s:13:\"allow-dismiss\";b:0;}i:12;a:6:{s:4:\"slug\";s:30:\"orders-empty-footer-browse-all\";s:7:\"context\";s:24:\"orders-list-empty-footer\";s:9:\"link-text\";s:21:\"Browse all extensions\";s:3:\"url\";s:64:\"https://woocommerce.com/product-category/woocommerce-extensions/\";s:8:\"promoted\";s:31:\"category-woocommerce-extensions\";s:13:\"allow-dismiss\";b:0;}i:13;a:8:{s:4:\"slug\";s:19:\"orders-empty-zapier\";s:7:\"context\";s:22:\"orders-list-empty-body\";s:7:\"product\";s:18:\"woocommerce-zapier\";s:4:\"icon\";s:98:\"https://woocommerce.com/wp-content/plugins/wccom-plugins//marketplace-suggestions/icons/zapier.svg\";s:5:\"title\";s:6:\"Zapier\";s:4:\"copy\";s:88:\"Save time and increase productivity by connecting your store to more than 1000+ services\";s:11:\"button-text\";s:10:\"Learn More\";s:3:\"url\";s:52:\"https://woocommerce.com/products/woocommerce-zapier/\";}i:14;a:8:{s:4:\"slug\";s:30:\"orders-empty-shipment-tracking\";s:7:\"context\";s:22:\"orders-list-empty-body\";s:7:\"product\";s:29:\"woocommerce-shipment-tracking\";s:4:\"icon\";s:109:\"https://woocommerce.com/wp-content/plugins/wccom-plugins//marketplace-suggestions/icons/shipment-tracking.svg\";s:5:\"title\";s:17:\"Shipment Tracking\";s:4:\"copy\";s:86:\"Let customers know when their orders will arrive by adding shipment tracking to emails\";s:11:\"button-text\";s:10:\"Learn More\";s:3:\"url\";s:51:\"https://woocommerce.com/products/shipment-tracking/\";}i:15;a:8:{s:4:\"slug\";s:32:\"orders-empty-table-rate-shipping\";s:7:\"context\";s:22:\"orders-list-empty-body\";s:7:\"product\";s:31:\"woocommerce-table-rate-shipping\";s:4:\"icon\";s:111:\"https://woocommerce.com/wp-content/plugins/wccom-plugins//marketplace-suggestions/icons/table-rate-shipping.svg\";s:5:\"title\";s:19:\"Table Rate Shipping\";s:4:\"copy\";s:122:\"Advanced, flexible shipping. Define multiple shipping rates based on location, price, weight, shipping class or item count\";s:11:\"button-text\";s:10:\"Learn More\";s:3:\"url\";s:53:\"https://woocommerce.com/products/table-rate-shipping/\";}i:16;a:8:{s:4:\"slug\";s:40:\"orders-empty-shipping-carrier-extensions\";s:7:\"context\";s:22:\"orders-list-empty-body\";s:4:\"icon\";s:119:\"https://woocommerce.com/wp-content/plugins/wccom-plugins//marketplace-suggestions/icons/shipping-carrier-extensions.svg\";s:5:\"title\";s:27:\"Shipping Carrier Extensions\";s:4:\"copy\";s:116:\"Show live rates from FedEx, UPS, USPS and more directly on your store - never under or overcharge for shipping again\";s:11:\"button-text\";s:13:\"Find Carriers\";s:8:\"promoted\";s:26:\"category-shipping-carriers\";s:3:\"url\";s:99:\"https://woocommerce.com/product-category/woocommerce-extensions/shipping-methods/shipping-carriers/\";}i:17;a:8:{s:4:\"slug\";s:32:\"orders-empty-google-product-feed\";s:7:\"context\";s:22:\"orders-list-empty-body\";s:7:\"product\";s:25:\"woocommerce-product-feeds\";s:4:\"icon\";s:111:\"https://woocommerce.com/wp-content/plugins/wccom-plugins//marketplace-suggestions/icons/google-product-feed.svg\";s:5:\"title\";s:19:\"Google Product Feed\";s:4:\"copy\";s:76:\"Increase sales by letting customers find you when they\'re shopping on Google\";s:11:\"button-text\";s:10:\"Learn More\";s:3:\"url\";s:53:\"https://woocommerce.com/products/google-product-feed/\";}i:18;a:8:{s:4:\"slug\";s:27:\"orders-empty-stripe-payment\";s:7:\"context\";s:22:\"orders-list-empty-body\";s:7:\"product\";s:26:\"woocommerce-gateway-stripe\";s:4:\"icon\";s:106:\"https://woocommerce.com/wp-content/plugins/wccom-plugins//marketplace-suggestions/icons/stripe-payment.svg\";s:5:\"title\";s:6:\"Stripe\";s:4:\"copy\";s:132:\"The complete payments platform engineered for growth. Millions around the globe use Stripe to start, run and scale their businesses.\";s:11:\"button-text\";s:10:\"Learn More\";s:3:\"url\";s:40:\"https://woocommerce.com/products/stripe/\";}i:19;a:4:{s:4:\"slug\";s:35:\"products-empty-header-product-types\";s:7:\"context\";s:26:\"products-list-empty-header\";s:5:\"title\";s:23:\"Other types of products\";s:13:\"allow-dismiss\";b:0;}i:20;a:6:{s:4:\"slug\";s:32:\"products-empty-footer-browse-all\";s:7:\"context\";s:26:\"products-list-empty-footer\";s:9:\"link-text\";s:21:\"Browse all extensions\";s:3:\"url\";s:64:\"https://woocommerce.com/product-category/woocommerce-extensions/\";s:8:\"promoted\";s:31:\"category-woocommerce-extensions\";s:13:\"allow-dismiss\";b:0;}i:21;a:8:{s:4:\"slug\";s:30:\"products-empty-product-vendors\";s:7:\"context\";s:24:\"products-list-empty-body\";s:7:\"product\";s:27:\"woocommerce-product-vendors\";s:4:\"icon\";s:107:\"https://woocommerce.com/wp-content/plugins/wccom-plugins//marketplace-suggestions/icons/product-vendors.svg\";s:5:\"title\";s:15:\"Product Vendors\";s:4:\"copy\";s:47:\"Turn your store into a multi-vendor marketplace\";s:11:\"button-text\";s:10:\"Learn More\";s:3:\"url\";s:49:\"https://woocommerce.com/products/product-vendors/\";}i:22;a:8:{s:4:\"slug\";s:26:\"products-empty-memberships\";s:7:\"context\";s:24:\"products-list-empty-body\";s:7:\"product\";s:23:\"woocommerce-memberships\";s:4:\"icon\";s:103:\"https://woocommerce.com/wp-content/plugins/wccom-plugins//marketplace-suggestions/icons/memberships.svg\";s:5:\"title\";s:11:\"Memberships\";s:4:\"copy\";s:76:\"Give members access to restricted content or products, for a fee or for free\";s:11:\"button-text\";s:10:\"Learn More\";s:3:\"url\";s:57:\"https://woocommerce.com/products/woocommerce-memberships/\";}i:23;a:9:{s:4:\"slug\";s:35:\"products-empty-woocommerce-deposits\";s:7:\"context\";s:24:\"products-list-empty-body\";s:7:\"product\";s:20:\"woocommerce-deposits\";s:14:\"show-if-active\";a:1:{i:0;s:20:\"woocommerce-bookings\";}s:4:\"icon\";s:100:\"https://woocommerce.com/wp-content/plugins/wccom-plugins//marketplace-suggestions/icons/deposits.svg\";s:5:\"title\";s:8:\"Deposits\";s:4:\"copy\";s:75:\"Make it easier for customers to pay by offering a deposit or a payment plan\";s:11:\"button-text\";s:10:\"Learn More\";s:3:\"url\";s:54:\"https://woocommerce.com/products/woocommerce-deposits/\";}i:24;a:8:{s:4:\"slug\";s:40:\"products-empty-woocommerce-subscriptions\";s:7:\"context\";s:24:\"products-list-empty-body\";s:7:\"product\";s:25:\"woocommerce-subscriptions\";s:4:\"icon\";s:105:\"https://woocommerce.com/wp-content/plugins/wccom-plugins//marketplace-suggestions/icons/subscriptions.svg\";s:5:\"title\";s:13:\"Subscriptions\";s:4:\"copy\";s:97:\"Let customers subscribe to your products or services and pay on a weekly, monthly or annual basis\";s:11:\"button-text\";s:10:\"Learn More\";s:3:\"url\";s:59:\"https://woocommerce.com/products/woocommerce-subscriptions/\";}i:25;a:8:{s:4:\"slug\";s:35:\"products-empty-woocommerce-bookings\";s:7:\"context\";s:24:\"products-list-empty-body\";s:7:\"product\";s:20:\"woocommerce-bookings\";s:4:\"icon\";s:100:\"https://woocommerce.com/wp-content/plugins/wccom-plugins//marketplace-suggestions/icons/bookings.svg\";s:5:\"title\";s:8:\"Bookings\";s:4:\"copy\";s:99:\"Allow customers to book appointments, make reservations or rent equipment without leaving your site\";s:11:\"button-text\";s:10:\"Learn More\";s:3:\"url\";s:54:\"https://woocommerce.com/products/woocommerce-bookings/\";}i:26;a:8:{s:4:\"slug\";s:30:\"products-empty-product-bundles\";s:7:\"context\";s:24:\"products-list-empty-body\";s:7:\"product\";s:27:\"woocommerce-product-bundles\";s:4:\"icon\";s:107:\"https://woocommerce.com/wp-content/plugins/wccom-plugins//marketplace-suggestions/icons/product-bundles.svg\";s:5:\"title\";s:15:\"Product Bundles\";s:4:\"copy\";s:49:\"Offer customizable bundles and assembled products\";s:11:\"button-text\";s:10:\"Learn More\";s:3:\"url\";s:49:\"https://woocommerce.com/products/product-bundles/\";}i:27;a:8:{s:4:\"slug\";s:29:\"products-empty-stripe-payment\";s:7:\"context\";s:24:\"products-list-empty-body\";s:7:\"product\";s:26:\"woocommerce-gateway-stripe\";s:4:\"icon\";s:106:\"https://woocommerce.com/wp-content/plugins/wccom-plugins//marketplace-suggestions/icons/stripe-payment.svg\";s:5:\"title\";s:6:\"Stripe\";s:4:\"copy\";s:132:\"The complete payments platform engineered for growth. Millions around the globe use Stripe to start, run and scale their businesses.\";s:11:\"button-text\";s:10:\"Learn More\";s:3:\"url\";s:40:\"https://woocommerce.com/products/stripe/\";}}s:7:\"updated\";i:1580379811;}', 'no'),
(1948041, 'recovery_keys', 'a:1:{s:22:\"iLreUzMGUFHFeE2atX6fpP\";a:2:{s:10:\"hashed_key\";s:34:\"$P$BhhNNtlwxjdA23.Ia.FReeCmRj.8IL1\";s:10:\"created_at\";i:1739169184;}}', 'off'),
(2009230, 'doing_query_free_addons', 'yes', 'no'),
(2009231, 'lp_query_items_batch_774e37ce480573a3bd41dc0d0312b4a5', 'a:1:{i:0;a:1:{s:8:\"callback\";s:17:\"query_free_addons\";}}', 'no'),
(2009232, 'doing_query_premium_addons', 'yes', 'no'),
(2009233, 'lp_query_items_batch_47f4fbf3714a095fbad2295931408e28', 'a:1:{i:0;a:1:{s:8:\"callback\";s:20:\"query_premium_addons\";}}', 'no'),
(2009234, 'doing_query_related_themes', 'yes', 'no'),
(2009235, 'lp_query_items_batch_3ac1e3c37ab9cea701ce69c4a5494bcd', 'a:1:{i:0;a:1:{s:8:\"callback\";s:20:\"query_related_themes\";}}', 'no'),
(2048422, '_zvc_user_lists', 'a:1:{i:0;O:8:\"stdClass\":16:{s:2:\"id\";s:22:\"OTNTYB3lQEqM1kXgbK-alg\";s:10:\"first_name\";s:0:\"\";s:9:\"last_name\";s:0:\"\";s:12:\"display_name\";s:21:\"radiustheme@gmail.com\";s:5:\"email\";s:21:\"radiustheme@gmail.com\";s:4:\"type\";i:1;s:3:\"pmi\";i:0;s:8:\"timezone\";s:0:\"\";s:8:\"verified\";i:1;s:10:\"created_at\";s:20:\"2020-06-02T05:33:17Z\";s:15:\"last_login_time\";s:20:\"2020-06-02T05:33:42Z\";s:8:\"language\";s:0:\"\";s:12:\"phone_number\";s:0:\"\";s:6:\"status\";s:6:\"active\";s:7:\"role_id\";s:1:\"0\";s:15:\"user_created_at\";s:20:\"2020-06-01T09:25:37Z\";}}', 'yes'),
(2048425, 'zoom_api_key', '0izVxKqpQwWwzu7SytsVww', 'yes'),
(2048426, 'zoom_api_secret', 'y4zSk3EXikBCACwZTNxLEjp1PFj50lwJlXXU', 'yes'),
(2048427, 'zoom_vanity_url', '', 'yes'),
(2048428, 'zoom_past_join_links', '', 'yes'),
(2048429, 'zoom_show_author', '', 'yes'),
(2048430, 'zoom_started_meeting_text', '', 'yes'),
(2048431, 'zoom_going_tostart_meeting_text', '', 'yes'),
(2048432, 'zoom_ended_meeting_text', '', 'yes'),
(2048433, 'zoom_api_date_time_format', 'LLLL', 'yes'),
(2048434, 'zoom_api_embed_pwd_join_link', '', 'yes'),
(2048435, 'zoom_api_hide_shortcode_join_links', '', 'yes'),
(2048436, '_zvc_user_lists_expiry_time', '1679656068', 'yes'),
(2048437, 'sync-user-course-results', 'a:351:{i:0;s:1:\"6\";i:1;s:1:\"4\";i:2;s:1:\"7\";i:3;s:2:\"10\";i:4;s:2:\"11\";i:5;i:1591011464;i:6;i:1591011465;i:7;i:1591011466;i:8;i:1591011467;i:9;i:1591011468;i:10;i:1591011469;i:11;i:1591011470;i:12;i:1591011471;i:13;i:1591011472;i:14;i:1591011473;i:15;i:1591011474;i:16;i:1591011475;i:17;i:1591011476;i:18;i:1591011477;i:19;i:1591011478;i:20;i:1591011479;i:21;i:1591011480;i:22;i:1591011481;i:23;i:1591011482;i:24;i:1591011483;i:25;i:1591011484;i:26;i:1591011485;i:27;i:1591011486;i:28;i:1591011487;i:29;i:1591011488;i:30;i:1591011489;i:31;i:1591011490;i:32;i:1591011491;i:33;i:1591011492;i:34;i:1591011493;i:35;i:1591011494;i:36;i:1591011495;i:37;i:1591011496;i:38;i:1591011497;i:39;i:1591011498;i:40;i:1591011499;i:41;i:1591011500;i:42;i:1591011501;i:43;i:1591011502;i:44;i:1591011503;i:45;i:1591011504;i:46;i:1591011505;i:47;i:1591011506;i:48;i:1591011507;i:49;i:1591011508;i:50;i:1591011509;i:51;i:1591011510;i:52;i:1591011511;i:53;i:1591011512;i:54;i:1591011513;i:55;i:1591011514;i:56;i:1591011515;i:57;i:1591011516;i:58;i:1591011517;i:59;i:1591011518;i:60;i:1591011519;i:61;i:1591011520;i:62;i:1591011521;i:63;i:1591011522;i:64;i:1591011523;i:65;i:1591011524;i:66;i:1591011525;i:67;i:1591011526;i:68;i:1591011527;i:69;i:1591011528;i:70;i:1591011529;i:71;i:1591011530;i:72;i:1591011531;i:73;i:1591011532;i:74;i:1591011533;i:75;i:1591011534;i:76;i:1591011535;i:77;i:1591011536;i:78;i:1591011537;i:79;i:1591011538;i:80;i:1591011539;i:81;i:1591011540;i:82;i:1591011541;i:83;i:1591011542;i:84;i:1591011543;i:85;i:1591011544;i:86;i:1591011545;i:87;i:1591011546;i:88;i:1591011547;i:89;i:1591011548;i:90;i:1591011549;i:91;i:1591011550;i:92;i:1591011551;i:93;i:1591011552;i:94;i:1591011553;i:95;i:1591011554;i:96;i:1591011555;i:97;i:1591011556;i:98;i:1591011557;i:99;i:1591011558;i:100;i:1591011559;i:101;i:1591011560;i:102;i:1591011561;i:103;i:1591011562;i:104;i:1591011563;i:105;i:1591011564;i:106;i:1591011565;i:107;i:1591011566;i:108;i:1591011567;i:109;i:1591011568;i:110;i:1591011569;i:111;i:1591011570;i:112;i:1591011571;i:113;i:1591011572;i:114;i:1591011573;i:115;i:1591011574;i:116;i:1591011575;i:117;i:1591011576;i:118;i:1591011577;i:119;i:1591011578;i:120;i:1591011579;i:121;i:1591011580;i:122;i:1591011581;i:123;i:1591011582;i:124;i:1591011583;i:125;i:1591011584;i:126;i:1591011585;i:127;i:1591011586;i:128;i:1591011587;i:129;i:1591011588;i:130;i:1591011589;i:131;i:1591011590;i:132;i:1591011591;i:133;i:1591011592;i:134;i:1591011593;i:135;i:1591011594;i:136;i:1591011595;i:137;i:1591011596;i:138;i:1591011597;i:139;i:1591011598;i:140;i:1591011599;i:141;i:1591011600;i:142;i:1591076949;i:143;i:1591076950;i:144;i:1591076951;i:145;i:1591076952;i:146;i:1591076953;i:147;i:1591076954;i:148;i:1591076955;i:149;i:1591076956;i:150;i:1591076957;i:151;i:1591076958;i:152;i:1591076959;i:153;i:1591076960;i:154;i:1591076961;i:155;i:1591076962;i:156;i:1591076963;i:157;i:1591076964;i:158;i:1591076965;i:159;i:1591076966;i:160;i:1591076967;i:161;i:1591076968;i:162;i:1591076969;i:163;i:1591076970;i:164;i:1591076971;i:165;i:1591076972;i:166;i:1591076973;i:167;i:1591076974;i:168;i:1591076975;i:169;i:1591076976;i:170;i:1591076977;i:171;i:1591076978;i:172;i:1591076979;i:173;i:1591076980;i:174;i:1591076981;i:175;i:1591076982;i:176;i:1591076983;i:177;i:1591076984;i:178;i:1591076985;i:179;i:1591076986;i:180;i:1591076987;i:181;i:1591076988;i:182;i:1591076989;i:183;i:1591076990;i:184;i:1591076991;i:185;i:1591076992;i:186;i:1591076993;i:187;i:1591076994;i:188;i:1591076995;i:189;i:1591076996;i:190;i:1591076997;i:191;i:1591076998;i:192;i:1591076999;i:193;i:1591077000;i:194;i:1591077001;i:195;i:1591077002;i:196;i:1591077003;i:197;i:1591077004;i:198;i:1591077005;i:199;i:1591077006;i:200;i:1591077007;i:201;i:1591077008;i:202;i:1591077009;i:203;i:1591077010;i:204;i:1591077011;i:205;i:1591077012;i:206;i:1591077013;i:207;i:1591077014;i:208;i:1591077015;i:209;i:1591077016;i:210;i:1591077017;i:211;i:1591077018;i:212;i:1591077019;i:213;i:1591077020;i:214;i:1591077021;i:215;i:1591077022;i:216;i:1591077023;i:217;i:1591077024;i:218;i:1591077025;i:219;i:1591077026;i:220;i:1591077027;i:221;i:1591077028;i:222;i:1591077029;i:223;i:1591077030;i:224;i:1591077031;i:225;i:1591077032;i:226;i:1591077033;i:227;i:1591077034;i:228;i:1591077035;i:229;i:1591077036;i:230;i:1591077037;i:231;i:1591077038;i:232;i:1591077039;i:233;i:1591077040;i:234;i:1591077041;i:235;i:1591077042;i:236;i:1591077043;i:237;i:1591077044;i:238;i:1591077045;i:239;i:1591077046;i:240;i:1591077047;i:241;i:1591077048;i:242;i:1591077049;i:243;i:1591077050;i:244;i:1591077051;i:245;i:1591077052;i:246;i:1591077053;i:247;i:1591077054;i:248;i:1591077055;i:249;i:1591077056;i:250;i:1591077057;i:251;i:1594028115;i:252;i:1594028116;i:253;i:1594028117;i:254;i:1594028118;i:255;i:1594028119;i:256;i:1594028120;i:257;i:1594028121;i:258;i:1594028122;i:259;i:1594028123;i:260;i:1594028124;i:261;i:1594028125;i:262;i:1594028126;i:263;i:1594028127;i:264;i:1594028128;i:265;i:1594028129;i:266;i:1594028130;i:267;i:1594028131;i:268;i:1594028132;i:269;i:1594028133;i:270;i:1594028134;i:271;i:1594028135;i:272;i:1594028136;i:273;i:1594028137;i:274;i:1594028138;i:275;i:1594028139;i:276;i:1594028140;i:277;i:1594028141;i:278;i:1594028142;i:279;i:1594028143;i:280;i:1594028144;i:281;i:1594028145;i:282;i:1594028146;i:283;i:1594028147;i:284;i:1594028148;i:285;i:1594028149;i:286;i:1594028150;i:287;i:1594028151;i:288;i:1594028152;i:289;i:1594028153;i:290;i:1594028154;i:291;i:1594028155;i:292;i:1594028156;i:293;i:1594028157;i:294;i:1594028158;i:295;i:1594028159;i:296;i:1594028160;i:297;i:1594028161;i:298;i:1594028162;i:299;i:1594028163;i:300;i:1594028164;i:301;i:1594028165;i:302;i:1594028166;i:303;i:1594028167;i:304;i:1594028168;i:305;i:1594028169;i:306;i:1594028170;i:307;i:1594028171;i:308;i:1594028172;i:309;i:1594028173;i:310;i:1594028174;i:311;i:1594028175;i:312;i:1594028176;i:313;i:1594028177;i:314;i:1594028178;i:315;i:1594028179;i:316;i:1594028180;i:317;i:1594028181;i:318;i:1594028182;i:319;i:1594028183;i:320;i:1594028184;i:321;i:1594028185;i:322;i:1594028186;i:323;i:1594028187;i:324;i:1594028188;i:325;i:1594028189;i:326;i:1594028190;i:327;i:1594028191;i:328;i:1594028192;i:329;i:1594028193;i:330;i:1594028194;i:331;i:1594028195;i:332;i:1594028196;i:333;i:1594028197;i:334;i:1594028198;i:335;i:1594028199;i:336;i:1594028200;i:337;i:1594028201;i:338;i:1594028202;i:339;i:1594028203;i:340;i:1594028204;i:341;i:1594028205;i:342;i:1594028206;i:343;i:1594028207;i:344;i:1594028208;i:345;i:1594028209;i:346;i:1594028210;i:347;i:1594028211;i:348;i:1594028212;i:349;i:1594028213;i:350;i:1594028214;}', 'no'),
(2048438, 'lp_lp_sync_data_batch_39b06f7a7e7294465c04da6de2d10a40', 'a:1:{i:0;a:3:{s:6:\"action\";s:24:\"sync-user-course-results\";s:9:\"course_id\";s:3:\"200\";s:10:\"option_key\";s:24:\"sync-user-course-results\";}}', 'no'),
(2048439, 'doing-sync-user-course-results', 'yes', 'yes'),
(2048446, 'zoom-meeting_children', 'a:0:{}', 'yes'),
(2048953, 'woocommerce_maxmind_geolocation_settings', 'a:1:{s:15:\"database_prefix\";s:32:\"UIh7rhe7SNdrScRerwCxNsFpT79pXpFJ\";}', 'yes'),
(2048954, 'action_scheduler_hybrid_store_demarkation', '1955', 'yes'),
(2048955, 'schema-ActionScheduler_StoreSchema', '7.0.1738927578', 'yes'),
(2048956, 'schema-ActionScheduler_LoggerSchema', '3.0.1637029105', 'yes'),
(2048959, 'woocommerce_downloads_add_hash_to_filename', 'yes', 'yes'),
(2048960, 'woocommerce_tax_classes', '', 'yes'),
(2048968, 'action_scheduler_lock_async-request-runner', '67a9f4fcd53b80.79489134|1739191608', 'yes'),
(2048972, 'yith_wcwl_color_add_to_wishlist', 'a:0:{}', 'yes'),
(2048973, 'yith_wcwl_color_add_to_cart', 'a:0:{}', 'yes'),
(2048974, 'yith_wcwl_color_button_style_1', 'a:0:{}', 'yes'),
(2048975, 'yith_wcwl_color_button_style_2', 'a:0:{}', 'yes'),
(2048976, 'yith_wcwl_color_wishlist_table', 'a:0:{}', 'yes'),
(2048977, 'yith_wcwl_add_to_wishlist_style', 'link', 'yes'),
(2048978, 'yith_wcwl_add_to_cart_style', 'link', 'yes'),
(2048979, 'yith_wcwl_ask_an_estimate_style', 'link', 'yes'),
(2048980, 'yith_wcwl_rounded_corners_radius', '16', 'yes'),
(2048981, 'yith_wcwl_add_to_cart_rounded_corners_radius', '16', 'yes'),
(2048982, 'yith_wcwl_ask_an_estimate_rounded_corners_radius', '16', 'yes'),
(2048983, 'yith_wcwl_version', '3.0.10', 'yes'),
(2048984, 'yith_wcwl_db_version', '3.0.0', 'yes'),
(2048985, 'yith_plugin_fw_promo_2019_bis', '1', 'yes'),
(2048993, 'woocommerce_onboarding_opt_in', 'no', 'yes'),
(2048997, 'woocommerce_admin_install_timestamp', '1591088802', 'yes'),
(2048998, 'admin_email_lifespan', '1606640846', 'yes'),
(2049004, 'theme_mods_twentynineteen', 'a:4:{i:0;b:0;s:18:\"nav_menu_locations\";a:1:{s:6:\"menu-1\";i:8;}s:18:\"custom_css_post_id\";i:-1;s:16:\"sidebars_widgets\";a:2:{s:4:\"time\";i:1591089188;s:4:\"data\";a:2:{s:19:\"wp_inactive_widgets\";a:4:{i:0;s:13:\"custom_html-2\";i:1;s:10:\"nav_menu-3\";i:2;s:10:\"nav_menu-2\";i:3;s:19:\"mks_flickr_widget-2\";}s:9:\"sidebar-1\";a:4:{i:0;s:8:\"search-2\";i:1;s:12:\"categories-2\";i:2;s:11:\"tag_cloud-2\";i:3;s:14:\"recent-posts-2\";}}}}', 'off'),
(2049005, 'woocommerce_maybe_regenerate_images_hash', '48ee8beafb0edc3dc7113ca1ade5eddf', 'yes'),
(2049159, 'woocommerce_onboarding_profile', 'a:1:{s:9:\"completed\";b:1;}', 'yes'),
(2049268, 'elementor_version', '3.5.3', 'yes'),
(2049270, '_elementor_installed_time', '1594094393', 'yes');
INSERT INTO `wp_options` (`option_id`, `option_name`, `option_value`, `autoload`) VALUES
(2049271, 'elementor_remote_info_library', 'a:3:{s:10:\"types_data\";a:4:{s:5:\"block\";a:2:{s:10:\"categories\";a:30:{i:0;s:8:\"404 page\";i:1;s:5:\"about\";i:2;s:7:\"archive\";i:3;s:8:\"Benefits\";i:4;s:14:\"call to action\";i:5;s:7:\"clients\";i:6;s:7:\"contact\";i:7;s:4:\"Data\";i:8;s:10:\"ehp-footer\";i:9;s:10:\"ehp-header\";i:10;s:3:\"faq\";i:11;s:8:\"features\";i:12;s:6:\"footer\";i:13;s:7:\"Gallery\";i:14;s:6:\"header\";i:15;s:4:\"hero\";i:16;s:11:\"Link in Bio\";i:17;s:9:\"portfolio\";i:18;s:7:\"pricing\";i:19;s:15:\"product archive\";i:20;s:5:\"Quote\";i:21;s:15:\"Service Details\";i:22;s:8:\"services\";i:23;s:11:\"single page\";i:24;s:11:\"single post\";i:25;s:14:\"single product\";i:26;s:5:\"stats\";i:27;s:9:\"subscribe\";i:28;s:4:\"team\";i:29;s:12:\"testimonials\";}s:4:\"sets\";a:5:{i:0;s:11:\"Boxing Club\";i:1;s:19:\"Business Consultant\";i:2;s:16:\"Marketing Agency\";i:3;s:9:\"Wireframe\";i:4;s:15:\"Workshop Center\";}}s:5:\"popup\";a:1:{s:10:\"categories\";a:6:{i:0;s:10:\"bottom bar\";i:1;s:7:\"classic\";i:2;s:6:\"fly-in\";i:3;s:11:\"full screen\";i:4;s:9:\"hello bar\";i:5;s:8:\"slide-in\";}}s:2:\"lp\";a:1:{s:10:\"categories\";a:15:{i:0;s:8:\"Business\";i:1;s:16:\"Coming Soon Page\";i:2;s:9:\"eCommerce\";i:3;s:9:\"Education\";i:4;s:6:\"Events\";i:5;s:18:\"Health and Fitness\";i:6;s:3:\"NFT\";i:7;s:14:\"Online Service\";i:8;s:7:\"Product\";i:9;s:11:\"Real Estate\";i:10;s:18:\"Social Involvement\";i:11;s:14:\"Thank You Page\";i:12;s:6:\"Travel\";i:13;s:18:\"Under Construction\";i:14;s:9:\"Wireframe\";}}s:2:\"lb\";a:1:{s:10:\"categories\";a:2:{i:0;s:4:\"post\";i:1;s:7:\"product\";}}}s:10:\"categories\";a:30:{i:0;s:8:\"404 page\";i:1;s:5:\"about\";i:2;s:7:\"archive\";i:3;s:8:\"Benefits\";i:4;s:14:\"call to action\";i:5;s:7:\"clients\";i:6;s:7:\"contact\";i:7;s:4:\"Data\";i:8;s:10:\"ehp-footer\";i:9;s:10:\"ehp-header\";i:10;s:3:\"faq\";i:11;s:8:\"features\";i:12;s:6:\"footer\";i:13;s:7:\"Gallery\";i:14;s:6:\"header\";i:15;s:4:\"hero\";i:16;s:11:\"Link in Bio\";i:17;s:9:\"portfolio\";i:18;s:7:\"pricing\";i:19;s:15:\"product archive\";i:20;s:5:\"Quote\";i:21;s:15:\"Service Details\";i:22;s:8:\"services\";i:23;s:11:\"single page\";i:24;s:11:\"single post\";i:25;s:14:\"single product\";i:26;s:5:\"stats\";i:27;s:9:\"subscribe\";i:28;s:4:\"team\";i:29;s:12:\"testimonials\";}s:9:\"templates\";a:823:{i:0;a:20:{s:4:\"tmpl\";i:1280;s:2:\"id\";i:22403;s:5:\"title\";s:40:\"Hello Bar | Subscribe | Aesthetic Clinic\";s:9:\"thumbnail\";s:80:\"https://library.elementor.com/wp-content/uploads/2022/03/aesthetic-clinic-19.jpg\";s:12:\"tmpl_created\";i:1647354307;s:6:\"author\";s:9:\"Elementor\";s:3:\"url\";s:142:\"https://library.elementor.com/popups/hello-bar-subscribe-aesthetic-clinic/?utm_source=template-library&utm_medium=wp-dash&utm_campaign=preview\";s:4:\"type\";s:5:\"popup\";s:11:\"access_tier\";s:9:\"essential\";s:7:\"subtype\";s:9:\"hello bar\";s:4:\"tags\";s:48:\"[\"Barbershop\",\"Business\",\"Discount\",\"Marketing\"]\";s:10:\"menu_order\";i:0;s:16:\"popularity_index\";i:-1;s:11:\"trend_index\";i:-1;s:18:\"editor_layout_type\";s:0:\"\";s:15:\"minimum_version\";s:5:\"0.0.0\";s:8:\"products\";s:7:\"regular\";s:17:\"has_page_settings\";s:1:\"1\";s:6:\"is_pro\";s:1:\"1\";s:12:\"access_level\";i:1;}i:1;a:20:{s:4:\"tmpl\";i:1281;s:2:\"id\";i:22410;s:5:\"title\";s:32:\"Fly-In | Discount | Hair Stylist\";s:9:\"thumbnail\";s:76:\"https://library.elementor.com/wp-content/uploads/2022/03/hair-stylist-20.jpg\";s:12:\"tmpl_created\";i:1647354614;s:6:\"author\";s:9:\"Elementor\";s:3:\"url\";s:134:\"https://library.elementor.com/popups/fly-in-discount-hair-stylist/?utm_source=template-library&utm_medium=wp-dash&utm_campaign=preview\";s:4:\"type\";s:5:\"popup\";s:11:\"access_tier\";s:9:\"essential\";s:7:\"subtype\";s:6:\"fly-in\";s:4:\"tags\";s:32:\"[\"Barbershop\",\"Discount\",\"Hair\"]\";s:10:\"menu_order\";i:0;s:16:\"popularity_index\";i:-1;s:11:\"trend_index\";i:-1;s:18:\"editor_layout_type\";s:0:\"\";s:15:\"minimum_version\";s:5:\"0.0.0\";s:8:\"products\";s:7:\"regular\";s:17:\"has_page_settings\";s:1:\"1\";s:6:\"is_pro\";s:1:\"1\";s:12:\"access_level\";i:1;}i:2;a:20:{s:4:\"tmpl\";i:1285;s:2:\"id\";i:22440;s:5:\"title\";s:32:\"Classic | Subscribe | Shoe Store\";s:9:\"thumbnail\";s:75:\"https://library.elementor.com/wp-content/uploads/2022/03/shoes-store-21.jpg\";s:12:\"tmpl_created\";i:1647418620;s:6:\"author\";s:9:\"Elementor\";s:3:\"url\";s:134:\"https://library.elementor.com/popups/classic-subscribe-shoe-store/?utm_source=template-library&utm_medium=wp-dash&utm_campaign=preview\";s:4:\"type\";s:5:\"popup\";s:11:\"access_tier\";s:9:\"essential\";s:7:\"subtype\";s:7:\"classic\";s:4:\"tags\";s:37:\"[\"Ecommerce\",\"Marketing\",\"Subscribe\"]\";s:10:\"menu_order\";i:0;s:16:\"popularity_index\";i:-1;s:11:\"trend_index\";i:-1;s:18:\"editor_layout_type\";s:0:\"\";s:15:\"minimum_version\";s:5:\"0.0.0\";s:8:\"products\";s:7:\"regular\";s:17:\"has_page_settings\";s:1:\"1\";s:6:\"is_pro\";s:1:\"1\";s:12:\"access_level\";i:1;}i:3;a:20:{s:4:\"tmpl\";i:1286;s:2:\"id\";i:22446;s:5:\"title\";s:37:\"Full Screen | Subscribe | Denim Store\";s:9:\"thumbnail\";s:75:\"https://library.elementor.com/wp-content/uploads/2022/03/denim-store-22.jpg\";s:12:\"tmpl_created\";i:1647419614;s:6:\"author\";s:9:\"Elementor\";s:3:\"url\";s:139:\"https://library.elementor.com/popups/full-screen-subscribe-denim-store/?utm_source=template-library&utm_medium=wp-dash&utm_campaign=preview\";s:4:\"type\";s:5:\"popup\";s:11:\"access_tier\";s:9:\"essential\";s:7:\"subtype\";s:11:\"full screen\";s:4:\"tags\";s:35:\"[\"Ecommerce\",\"Fashion\",\"Marketing\"]\";s:10:\"menu_order\";i:0;s:16:\"popularity_index\";i:-1;s:11:\"trend_index\";i:-1;s:18:\"editor_layout_type\";s:0:\"\";s:15:\"minimum_version\";s:5:\"0.0.0\";s:8:\"products\";s:7:\"regular\";s:17:\"has_page_settings\";s:1:\"1\";s:6:\"is_pro\";s:1:\"1\";s:12:\"access_level\";i:1;}i:4;a:20:{s:4:\"tmpl\";i:1287;s:2:\"id\";i:22452;s:5:\"title\";s:37:\"Fly-In | Subscribe | Pizza Restaurant\";s:9:\"thumbnail\";s:80:\"https://library.elementor.com/wp-content/uploads/2022/03/pizza-restaurant-23.jpg\";s:12:\"tmpl_created\";i:1647420733;s:6:\"author\";s:9:\"Elementor\";s:3:\"url\";s:139:\"https://library.elementor.com/popups/fly-in-subscribe-pizza-restaurant/?utm_source=template-library&utm_medium=wp-dash&utm_campaign=preview\";s:4:\"type\";s:5:\"popup\";s:11:\"access_tier\";s:9:\"essential\";s:7:\"subtype\";s:6:\"fly-in\";s:4:\"tags\";s:19:\"[\"Business\",\"Food\"]\";s:10:\"menu_order\";i:0;s:16:\"popularity_index\";i:-1;s:11:\"trend_index\";i:-1;s:18:\"editor_layout_type\";s:0:\"\";s:15:\"minimum_version\";s:5:\"0.0.0\";s:8:\"products\";s:7:\"regular\";s:17:\"has_page_settings\";s:1:\"1\";s:6:\"is_pro\";s:1:\"1\";s:12:\"access_level\";i:1;}i:5;a:20:{s:4:\"tmpl\";i:1288;s:2:\"id\";i:22458;s:5:\"title\";s:38:\"Full Screen | Subscribe | Fashion Shop\";s:9:\"thumbnail\";s:76:\"https://library.elementor.com/wp-content/uploads/2022/03/fashion-shop-24.jpg\";s:12:\"tmpl_created\";i:1647426379;s:6:\"author\";s:9:\"Elementor\";s:3:\"url\";s:140:\"https://library.elementor.com/popups/full-screen-subscribe-fashion-shop/?utm_source=template-library&utm_medium=wp-dash&utm_campaign=preview\";s:4:\"type\";s:5:\"popup\";s:11:\"access_tier\";s:9:\"essential\";s:7:\"subtype\";s:11:\"full screen\";s:4:\"tags\";s:31:\"[\"Ecommerce\",\"Fashion\",\"Sales\"]\";s:10:\"menu_order\";i:0;s:16:\"popularity_index\";i:-1;s:11:\"trend_index\";i:-1;s:18:\"editor_layout_type\";s:0:\"\";s:15:\"minimum_version\";s:5:\"0.0.0\";s:8:\"products\";s:7:\"regular\";s:17:\"has_page_settings\";s:1:\"1\";s:6:\"is_pro\";s:1:\"1\";s:12:\"access_level\";i:1;}i:6;a:20:{s:4:\"tmpl\";i:1289;s:2:\"id\";i:22464;s:5:\"title\";s:32:\"Fly-In | Contact | Makeup Studio\";s:9:\"thumbnail\";s:77:\"https://library.elementor.com/wp-content/uploads/2022/03/makeup-studio-25.jpg\";s:12:\"tmpl_created\";i:1647427026;s:6:\"author\";s:9:\"Elementor\";s:3:\"url\";s:134:\"https://library.elementor.com/popups/fly-in-contact-makeup-studio/?utm_source=template-library&utm_medium=wp-dash&utm_campaign=preview\";s:4:\"type\";s:5:\"popup\";s:11:\"access_tier\";s:9:\"essential\";s:7:\"subtype\";s:6:\"fly-in\";s:4:\"tags\";s:22:\"[\"Business\",\"Contact\"]\";s:10:\"menu_order\";i:0;s:16:\"popularity_index\";i:-1;s:11:\"trend_index\";i:-1;s:18:\"editor_layout_type\";s:0:\"\";s:15:\"minimum_version\";s:5:\"0.0.0\";s:8:\"products\";s:7:\"regular\";s:17:\"has_page_settings\";s:1:\"1\";s:6:\"is_pro\";s:1:\"1\";s:12:\"access_level\";i:1;}i:7;a:20:{s:4:\"tmpl\";i:1290;s:2:\"id\";i:22470;s:5:\"title\";s:32:\"Fly-In | Contact | Design Studio\";s:9:\"thumbnail\";s:77:\"https://library.elementor.com/wp-content/uploads/2022/03/design-studio-26.jpg\";s:12:\"tmpl_created\";i:1647428250;s:6:\"author\";s:9:\"Elementor\";s:3:\"url\";s:134:\"https://library.elementor.com/popups/fly-in-contact-design-studio/?utm_source=template-library&utm_medium=wp-dash&utm_campaign=preview\";s:4:\"type\";s:5:\"popup\";s:11:\"access_tier\";s:9:\"essential\";s:7:\"subtype\";s:6:\"fly-in\";s:4:\"tags\";s:39:\"[\"Business\",\"Contact\",\"Digital Agency\"]\";s:10:\"menu_order\";i:0;s:16:\"popularity_index\";i:-1;s:11:\"trend_index\";i:-1;s:18:\"editor_layout_type\";s:0:\"\";s:15:\"minimum_version\";s:5:\"0.0.0\";s:8:\"products\";s:7:\"regular\";s:17:\"has_page_settings\";s:1:\"1\";s:6:\"is_pro\";s:1:\"1\";s:12:\"access_level\";i:1;}i:8;a:20:{s:4:\"tmpl\";i:1291;s:2:\"id\";i:22480;s:5:\"title\";s:27:\"Classic | CTA | MasterClass\";s:9:\"thumbnail\";s:76:\"https://library.elementor.com/wp-content/uploads/2022/03/master-class-27.jpg\";s:12:\"tmpl_created\";i:1647428474;s:6:\"author\";s:9:\"Elementor\";s:3:\"url\";s:129:\"https://library.elementor.com/popups/classic-cta-masterclass/?utm_source=template-library&utm_medium=wp-dash&utm_campaign=preview\";s:4:\"type\";s:5:\"popup\";s:11:\"access_tier\";s:9:\"essential\";s:7:\"subtype\";s:7:\"classic\";s:4:\"tags\";s:29:\"[\"cta\",\"Magazine\",\"Services\"]\";s:10:\"menu_order\";i:0;s:16:\"popularity_index\";i:-1;s:11:\"trend_index\";i:-1;s:18:\"editor_layout_type\";s:0:\"\";s:15:\"minimum_version\";s:5:\"0.0.0\";s:8:\"products\";s:7:\"regular\";s:17:\"has_page_settings\";s:1:\"1\";s:6:\"is_pro\";s:1:\"1\";s:12:\"access_level\";i:1;}i:9;a:20:{s:4:\"tmpl\";i:1292;s:2:\"id\";i:22489;s:5:\"title\";s:29:\"Classic | CTA | Music Concert\";s:9:\"thumbnail\";s:77:\"https://library.elementor.com/wp-content/uploads/2022/03/music-concert-29.jpg\";s:12:\"tmpl_created\";i:1647429738;s:6:\"author\";s:9:\"Elementor\";s:3:\"url\";s:131:\"https://library.elementor.com/popups/classic-cta-music-concert/?utm_source=template-library&utm_medium=wp-dash&utm_campaign=preview\";s:4:\"type\";s:5:\"popup\";s:11:\"access_tier\";s:9:\"essential\";s:7:\"subtype\";s:7:\"classic\";s:4:\"tags\";s:34:\"[\"cta\",\"Landing Pages\",\"Magazine\"]\";s:10:\"menu_order\";i:0;s:16:\"popularity_index\";i:-1;s:11:\"trend_index\";i:-1;s:18:\"editor_layout_type\";s:0:\"\";s:15:\"minimum_version\";s:5:\"0.0.0\";s:8:\"products\";s:7:\"regular\";s:17:\"has_page_settings\";s:1:\"1\";s:6:\"is_pro\";s:1:\"1\";s:12:\"access_level\";i:1;}i:10;a:20:{s:4:\"tmpl\";i:1293;s:2:\"id\";i:22495;s:5:\"title\";s:27:\"Classic | CTA | Music Album\";s:9:\"thumbnail\";s:75:\"https://library.elementor.com/wp-content/uploads/2022/03/music-album-30.jpg\";s:12:\"tmpl_created\";i:1647430056;s:6:\"author\";s:9:\"Elementor\";s:3:\"url\";s:129:\"https://library.elementor.com/popups/classic-cta-music-album/?utm_source=template-library&utm_medium=wp-dash&utm_campaign=preview\";s:4:\"type\";s:5:\"popup\";s:11:\"access_tier\";s:9:\"essential\";s:7:\"subtype\";s:7:\"classic\";s:4:\"tags\";s:34:\"[\"Ba\",\"Landing Pages\",\"Marketing\"]\";s:10:\"menu_order\";i:0;s:16:\"popularity_index\";i:-1;s:11:\"trend_index\";i:-1;s:18:\"editor_layout_type\";s:0:\"\";s:15:\"minimum_version\";s:5:\"0.0.0\";s:8:\"products\";s:7:\"regular\";s:17:\"has_page_settings\";s:1:\"1\";s:6:\"is_pro\";s:1:\"1\";s:12:\"access_level\";i:1;}i:11;a:20:{s:4:\"tmpl\";i:1294;s:2:\"id\";i:22501;s:5:\"title\";s:37:\"Fly-In | CTA | Photography Exhibition\";s:9:\"thumbnail\";s:86:\"https://library.elementor.com/wp-content/uploads/2022/03/photography-exhibition-31.jpg\";s:12:\"tmpl_created\";i:1647430512;s:6:\"author\";s:9:\"Elementor\";s:3:\"url\";s:139:\"https://library.elementor.com/popups/fly-in-cta-photography-exhibition/?utm_source=template-library&utm_medium=wp-dash&utm_campaign=preview\";s:4:\"type\";s:5:\"popup\";s:11:\"access_tier\";s:9:\"essential\";s:7:\"subtype\";s:6:\"fly-in\";s:4:\"tags\";s:33:\"[\"cta\",\"Photography\",\"Portfolio\"]\";s:10:\"menu_order\";i:0;s:16:\"popularity_index\";i:-1;s:11:\"trend_index\";i:-1;s:18:\"editor_layout_type\";s:0:\"\";s:15:\"minimum_version\";s:5:\"0.0.0\";s:8:\"products\";s:7:\"regular\";s:17:\"has_page_settings\";s:1:\"1\";s:6:\"is_pro\";s:1:\"1\";s:12:\"access_level\";i:1;}i:12;a:20:{s:4:\"tmpl\";i:1295;s:2:\"id\";i:22507;s:5:\"title\";s:34:\"Classic | CTA | Clothing Shop Sale\";s:9:\"thumbnail\";s:82:\"https://library.elementor.com/wp-content/uploads/2022/03/clothing-shop-sale-32.jpg\";s:12:\"tmpl_created\";i:1647430774;s:6:\"author\";s:9:\"Elementor\";s:3:\"url\";s:136:\"https://library.elementor.com/popups/classic-cta-clothing-shop-sale/?utm_source=template-library&utm_medium=wp-dash&utm_campaign=preview\";s:4:\"type\";s:5:\"popup\";s:11:\"access_tier\";s:9:\"essential\";s:7:\"subtype\";s:7:\"classic\";s:4:\"tags\";s:35:\"[\"Ecommerce\",\"Fashion\",\"Marketing\"]\";s:10:\"menu_order\";i:0;s:16:\"popularity_index\";i:-1;s:11:\"trend_index\";i:-1;s:18:\"editor_layout_type\";s:0:\"\";s:15:\"minimum_version\";s:5:\"0.0.0\";s:8:\"products\";s:7:\"regular\";s:17:\"has_page_settings\";s:1:\"1\";s:6:\"is_pro\";s:1:\"1\";s:12:\"access_level\";i:1;}i:13;a:20:{s:4:\"tmpl\";i:1296;s:2:\"id\";i:22486;s:5:\"title\";s:30:\"Classic | CTA | Shop Promotion\";s:9:\"thumbnail\";s:78:\"https://library.elementor.com/wp-content/uploads/2022/03/shop-promotion-28.jpg\";s:12:\"tmpl_created\";i:1647430951;s:6:\"author\";s:9:\"Elementor\";s:3:\"url\";s:132:\"https://library.elementor.com/popups/classic-cta-shop-promotion/?utm_source=template-library&utm_medium=wp-dash&utm_campaign=preview\";s:4:\"type\";s:5:\"popup\";s:11:\"access_tier\";s:9:\"essential\";s:7:\"subtype\";s:7:\"classic\";s:4:\"tags\";s:32:\"[\"cta\",\"Magazine\",\"Photography\"]\";s:10:\"menu_order\";i:0;s:16:\"popularity_index\";i:-1;s:11:\"trend_index\";i:-1;s:18:\"editor_layout_type\";s:0:\"\";s:15:\"minimum_version\";s:5:\"0.0.0\";s:8:\"products\";s:7:\"regular\";s:17:\"has_page_settings\";s:1:\"1\";s:6:\"is_pro\";s:1:\"1\";s:12:\"access_level\";i:1;}i:14;a:20:{s:4:\"tmpl\";i:1297;s:2:\"id\";i:22516;s:5:\"title\";s:32:\"Fly-In | CTA | Glasses Shop Sale\";s:9:\"thumbnail\";s:81:\"https://library.elementor.com/wp-content/uploads/2022/03/glasses-shop-sale-33.jpg\";s:12:\"tmpl_created\";i:1647431136;s:6:\"author\";s:9:\"Elementor\";s:3:\"url\";s:134:\"https://library.elementor.com/popups/fly-in-cta-glasses-shop-sale/?utm_source=template-library&utm_medium=wp-dash&utm_campaign=preview\";s:4:\"type\";s:5:\"popup\";s:11:\"access_tier\";s:9:\"essential\";s:7:\"subtype\";s:6:\"fly-in\";s:4:\"tags\";s:30:\"[\"Business\",\"cta\",\"Marketing\"]\";s:10:\"menu_order\";i:0;s:16:\"popularity_index\";i:-1;s:11:\"trend_index\";i:-1;s:18:\"editor_layout_type\";s:0:\"\";s:15:\"minimum_version\";s:5:\"0.0.0\";s:8:\"products\";s:7:\"regular\";s:17:\"has_page_settings\";s:1:\"1\";s:6:\"is_pro\";s:1:\"1\";s:12:\"access_level\";i:1;}i:15;a:20:{s:4:\"tmpl\";i:1298;s:2:\"id\";i:22522;s:5:\"title\";s:30:\"Fly-In | Discount | Skate Shop\";s:9:\"thumbnail\";s:83:\"https://library.elementor.com/wp-content/uploads/2022/03/50-skate-shop-Discount.jpg\";s:12:\"tmpl_created\";i:1647434058;s:6:\"author\";s:9:\"Elementor\";s:3:\"url\";s:132:\"https://library.elementor.com/popups/fly-in-discount-skate-shop/?utm_source=template-library&utm_medium=wp-dash&utm_campaign=preview\";s:4:\"type\";s:5:\"popup\";s:11:\"access_tier\";s:9:\"essential\";s:7:\"subtype\";s:6:\"fly-in\";s:4:\"tags\";s:32:\"[\"Discount\",\"Ecommerce\",\"Sales\"]\";s:10:\"menu_order\";i:0;s:16:\"popularity_index\";i:-1;s:11:\"trend_index\";i:-1;s:18:\"editor_layout_type\";s:0:\"\";s:15:\"minimum_version\";s:5:\"0.0.0\";s:8:\"products\";s:7:\"regular\";s:17:\"has_page_settings\";s:1:\"1\";s:6:\"is_pro\";s:1:\"1\";s:12:\"access_level\";i:1;}i:16;a:20:{s:4:\"tmpl\";i:1299;s:2:\"id\";i:22532;s:5:\"title\";s:43:\"Classic | Subscription | Basketball Academy\";s:9:\"thumbnail\";s:95:\"https://library.elementor.com/wp-content/uploads/2022/03/21-basketball-academy-Subscription.jpg\";s:12:\"tmpl_created\";i:1647434608;s:6:\"author\";s:9:\"Elementor\";s:3:\"url\";s:145:\"https://library.elementor.com/popups/classic-subscription-basketball-academy/?utm_source=template-library&utm_medium=wp-dash&utm_campaign=preview\";s:4:\"type\";s:5:\"popup\";s:11:\"access_tier\";s:9:\"essential\";s:7:\"subtype\";s:7:\"classic\";s:4:\"tags\";s:33:\"[\"Education\",\"Marketing\",\"Sport\"]\";s:10:\"menu_order\";i:0;s:16:\"popularity_index\";i:-1;s:11:\"trend_index\";i:-1;s:18:\"editor_layout_type\";s:0:\"\";s:15:\"minimum_version\";s:5:\"0.0.0\";s:8:\"products\";s:7:\"regular\";s:17:\"has_page_settings\";s:1:\"1\";s:6:\"is_pro\";s:1:\"1\";s:12:\"access_level\";i:1;}i:17;a:20:{s:4:\"tmpl\";i:1300;s:2:\"id\";i:22543;s:5:\"title\";s:38:\"Classic | Discount | Veterinary Clinic\";s:9:\"thumbnail\";s:84:\"https://library.elementor.com/wp-content/uploads/2022/03/veterinery-clinic-small.jpg\";s:12:\"tmpl_created\";i:1647435581;s:6:\"author\";s:9:\"Elementor\";s:3:\"url\";s:140:\"https://library.elementor.com/popups/classic-discount-veterinary-clinic/?utm_source=template-library&utm_medium=wp-dash&utm_campaign=preview\";s:4:\"type\";s:5:\"popup\";s:11:\"access_tier\";s:9:\"essential\";s:7:\"subtype\";s:7:\"classic\";s:4:\"tags\";s:19:\"[\"Discount\",\"Pets\"]\";s:10:\"menu_order\";i:0;s:16:\"popularity_index\";i:-1;s:11:\"trend_index\";i:-1;s:18:\"editor_layout_type\";s:0:\"\";s:15:\"minimum_version\";s:5:\"0.0.0\";s:8:\"products\";s:7:\"regular\";s:17:\"has_page_settings\";s:1:\"1\";s:6:\"is_pro\";s:1:\"1\";s:12:\"access_level\";i:1;}i:18;a:20:{s:4:\"tmpl\";i:1301;s:2:\"id\";i:22553;s:5:\"title\";s:39:\"Classic | Contact | Business Consulting\";s:9:\"thumbnail\";s:94:\"https://library.elementor.com/wp-content/uploads/2022/03/27-business-consulting-Contact-Us.jpg\";s:12:\"tmpl_created\";i:1647439935;s:6:\"author\";s:9:\"Elementor\";s:3:\"url\";s:141:\"https://library.elementor.com/popups/classic-contact-business-consulting/?utm_source=template-library&utm_medium=wp-dash&utm_campaign=preview\";s:4:\"type\";s:5:\"popup\";s:11:\"access_tier\";s:9:\"essential\";s:7:\"subtype\";s:7:\"classic\";s:4:\"tags\";s:22:\"[\"Business\",\"Contact\"]\";s:10:\"menu_order\";i:0;s:16:\"popularity_index\";i:-1;s:11:\"trend_index\";i:-1;s:18:\"editor_layout_type\";s:0:\"\";s:15:\"minimum_version\";s:5:\"0.0.0\";s:8:\"products\";s:7:\"regular\";s:17:\"has_page_settings\";s:1:\"1\";s:6:\"is_pro\";s:1:\"1\";s:12:\"access_level\";i:1;}i:19;a:20:{s:4:\"tmpl\";i:1302;s:2:\"id\";i:22562;s:5:\"title\";s:28:\"Classic | Contact | Handyman\";s:9:\"thumbnail\";s:75:\"https://library.elementor.com/wp-content/uploads/2022/03/handyman-small.jpg\";s:12:\"tmpl_created\";i:1647440333;s:6:\"author\";s:9:\"Elementor\";s:3:\"url\";s:130:\"https://library.elementor.com/popups/classic-contact-handyman/?utm_source=template-library&utm_medium=wp-dash&utm_campaign=preview\";s:4:\"type\";s:5:\"popup\";s:11:\"access_tier\";s:9:\"essential\";s:7:\"subtype\";s:7:\"classic\";s:4:\"tags\";s:33:\"[\"Business\",\"Contact\",\"Services\"]\";s:10:\"menu_order\";i:0;s:16:\"popularity_index\";i:-1;s:11:\"trend_index\";i:-1;s:18:\"editor_layout_type\";s:0:\"\";s:15:\"minimum_version\";s:5:\"0.0.0\";s:8:\"products\";s:7:\"regular\";s:17:\"has_page_settings\";s:1:\"1\";s:6:\"is_pro\";s:1:\"1\";s:12:\"access_level\";i:1;}i:20;a:20:{s:4:\"tmpl\";i:1303;s:2:\"id\";i:22573;s:5:\"title\";s:40:\"Classic | Discount | Online Fashion Shop\";s:9:\"thumbnail\";s:92:\"https://library.elementor.com/wp-content/uploads/2022/03/31-online-fashion-shop-Discount.jpg\";s:12:\"tmpl_created\";i:1647462549;s:6:\"author\";s:9:\"Elementor\";s:3:\"url\";s:142:\"https://library.elementor.com/popups/classic-discount-online-fashion-shop/?utm_source=template-library&utm_medium=wp-dash&utm_campaign=preview\";s:4:\"type\";s:5:\"popup\";s:11:\"access_tier\";s:9:\"essential\";s:7:\"subtype\";s:7:\"classic\";s:4:\"tags\";s:32:\"[\"Discount\",\"Ecommerce\",\"Sales\"]\";s:10:\"menu_order\";i:0;s:16:\"popularity_index\";i:-1;s:11:\"trend_index\";i:-1;s:18:\"editor_layout_type\";s:0:\"\";s:15:\"minimum_version\";s:5:\"0.0.0\";s:8:\"products\";s:7:\"regular\";s:17:\"has_page_settings\";s:1:\"1\";s:6:\"is_pro\";s:1:\"1\";s:12:\"access_level\";i:1;}i:21;a:20:{s:4:\"tmpl\";i:1304;s:2:\"id\";i:22583;s:5:\"title\";s:36:\"Fly-In | Discount | Personal Trainer\";s:9:\"thumbnail\";s:83:\"https://library.elementor.com/wp-content/uploads/2022/03/personal-trainer-small.jpg\";s:12:\"tmpl_created\";i:1647503781;s:6:\"author\";s:9:\"Elementor\";s:3:\"url\";s:138:\"https://library.elementor.com/popups/fly-in-discount-personal-trainer/?utm_source=template-library&utm_medium=wp-dash&utm_campaign=preview\";s:4:\"type\";s:5:\"popup\";s:11:\"access_tier\";s:9:\"essential\";s:7:\"subtype\";s:6:\"fly-in\";s:4:\"tags\";s:31:\"[\"Discount\",\"Sport\",\"Training\"]\";s:10:\"menu_order\";i:0;s:16:\"popularity_index\";i:-1;s:11:\"trend_index\";i:-1;s:18:\"editor_layout_type\";s:0:\"\";s:15:\"minimum_version\";s:5:\"0.0.0\";s:8:\"products\";s:7:\"regular\";s:17:\"has_page_settings\";s:1:\"1\";s:6:\"is_pro\";s:1:\"1\";s:12:\"access_level\";i:1;}i:22;a:20:{s:4:\"tmpl\";i:1305;s:2:\"id\";i:22592;s:5:\"title\";s:41:\"Classic | Contact | Illustrator Portfolio\";s:9:\"thumbnail\";s:88:\"https://library.elementor.com/wp-content/uploads/2022/03/illustrator-protfolio-small.jpg\";s:12:\"tmpl_created\";i:1647504218;s:6:\"author\";s:9:\"Elementor\";s:3:\"url\";s:143:\"https://library.elementor.com/popups/classic-contact-illustrator-portfolio/?utm_source=template-library&utm_medium=wp-dash&utm_campaign=preview\";s:4:\"type\";s:5:\"popup\";s:11:\"access_tier\";s:9:\"essential\";s:7:\"subtype\";s:7:\"classic\";s:4:\"tags\";s:49:\"[\"Contact\",\"Creative Portfolio\",\"Digital Agency\"]\";s:10:\"menu_order\";i:0;s:16:\"popularity_index\";i:-1;s:11:\"trend_index\";i:-1;s:18:\"editor_layout_type\";s:0:\"\";s:15:\"minimum_version\";s:5:\"0.0.0\";s:8:\"products\";s:7:\"regular\";s:17:\"has_page_settings\";s:1:\"1\";s:6:\"is_pro\";s:1:\"1\";s:12:\"access_level\";i:1;}i:23;a:20:{s:4:\"tmpl\";i:1306;s:2:\"id\";i:22602;s:5:\"title\";s:46:\"Bottom Bar | Discount | Handmade Ceramics Shop\";s:9:\"thumbnail\";s:91:\"https://library.elementor.com/wp-content/uploads/2022/03/handmade-ceramic-shop-36-small.jpg\";s:12:\"tmpl_created\";i:1647507007;s:6:\"author\";s:9:\"Elementor\";s:3:\"url\";s:148:\"https://library.elementor.com/popups/bottom-bar-discount-handmade-ceramics-shop/?utm_source=template-library&utm_medium=wp-dash&utm_campaign=preview\";s:4:\"type\";s:5:\"popup\";s:11:\"access_tier\";s:9:\"essential\";s:7:\"subtype\";s:10:\"bottom bar\";s:4:\"tags\";s:48:\"[\"Business\",\"cta\",\"Ecommerce\",\"Interior Design\"]\";s:10:\"menu_order\";i:0;s:16:\"popularity_index\";i:-1;s:11:\"trend_index\";i:-1;s:18:\"editor_layout_type\";s:0:\"\";s:15:\"minimum_version\";s:5:\"0.0.0\";s:8:\"products\";s:7:\"regular\";s:17:\"has_page_settings\";s:1:\"1\";s:6:\"is_pro\";s:1:\"1\";s:12:\"access_level\";i:1;}i:24;a:20:{s:4:\"tmpl\";i:1307;s:2:\"id\";i:22612;s:5:\"title\";s:51:\"Classic | Contact | Classic Car Restoration Company\";s:9:\"thumbnail\";s:90:\"https://library.elementor.com/wp-content/uploads/2022/03/restoration-car-shop-37-small.jpg\";s:12:\"tmpl_created\";i:1647507310;s:6:\"author\";s:9:\"Elementor\";s:3:\"url\";s:153:\"https://library.elementor.com/popups/classic-contact-classic-car-restoration-company/?utm_source=template-library&utm_medium=wp-dash&utm_campaign=preview\";s:4:\"type\";s:5:\"popup\";s:11:\"access_tier\";s:9:\"essential\";s:7:\"subtype\";s:7:\"classic\";s:4:\"tags\";s:32:\"[\"Booking\",\"Contact\",\"Services\"]\";s:10:\"menu_order\";i:0;s:16:\"popularity_index\";i:-1;s:11:\"trend_index\";i:-1;s:18:\"editor_layout_type\";s:0:\"\";s:15:\"minimum_version\";s:5:\"0.0.0\";s:8:\"products\";s:7:\"regular\";s:17:\"has_page_settings\";s:1:\"1\";s:6:\"is_pro\";s:1:\"1\";s:12:\"access_level\";i:1;}i:25;a:20:{s:4:\"tmpl\";i:1308;s:2:\"id\";i:22621;s:5:\"title\";s:30:\"Classic | Booking | Life Coach\";s:9:\"thumbnail\";s:82:\"https://library.elementor.com/wp-content/uploads/2022/03/38-life-coach-Booking.jpg\";s:12:\"tmpl_created\";i:1647508596;s:6:\"author\";s:9:\"Elementor\";s:3:\"url\";s:132:\"https://library.elementor.com/popups/classic-booking-life-coach/?utm_source=template-library&utm_medium=wp-dash&utm_campaign=preview\";s:4:\"type\";s:5:\"popup\";s:11:\"access_tier\";s:9:\"essential\";s:7:\"subtype\";s:7:\"classic\";s:4:\"tags\";s:33:\"[\"Booking\",\"Business\",\"Services\"]\";s:10:\"menu_order\";i:0;s:16:\"popularity_index\";i:-1;s:11:\"trend_index\";i:-1;s:18:\"editor_layout_type\";s:0:\"\";s:15:\"minimum_version\";s:5:\"0.0.0\";s:8:\"products\";s:7:\"regular\";s:17:\"has_page_settings\";s:1:\"1\";s:6:\"is_pro\";s:1:\"1\";s:12:\"access_level\";i:1;}i:26;a:20:{s:4:\"tmpl\";i:1309;s:2:\"id\";i:22632;s:5:\"title\";s:42:\"Classic |  Subscription | Merchandise Shop\";s:9:\"thumbnail\";s:86:\"https://library.elementor.com/wp-content/uploads/2022/03/Merchandise-Shop-39-small.jpg\";s:12:\"tmpl_created\";i:1647509196;s:6:\"author\";s:9:\"Elementor\";s:3:\"url\";s:143:\"https://library.elementor.com/popups/classic-subscription-merchandise-shop/?utm_source=template-library&utm_medium=wp-dash&utm_campaign=preview\";s:4:\"type\";s:5:\"popup\";s:11:\"access_tier\";s:9:\"essential\";s:7:\"subtype\";s:7:\"classic\";s:4:\"tags\";s:32:\"[\"Ecommerce\",\"Marketing\",\"Shop\"]\";s:10:\"menu_order\";i:0;s:16:\"popularity_index\";i:-1;s:11:\"trend_index\";i:-1;s:18:\"editor_layout_type\";s:0:\"\";s:15:\"minimum_version\";s:5:\"0.0.0\";s:8:\"products\";s:7:\"regular\";s:17:\"has_page_settings\";s:1:\"1\";s:6:\"is_pro\";s:1:\"1\";s:12:\"access_level\";i:1;}i:27;a:20:{s:4:\"tmpl\";i:1310;s:2:\"id\";i:22643;s:5:\"title\";s:48:\"Fly-In | Contact | Non-Governmental Organization\";s:9:\"thumbnail\";s:73:\"https://library.elementor.com/wp-content/uploads/2022/03/NGO-41-small.jpg\";s:12:\"tmpl_created\";i:1647509528;s:6:\"author\";s:9:\"Elementor\";s:3:\"url\";s:150:\"https://library.elementor.com/popups/fly-in-contact-non-governmental-organization/?utm_source=template-library&utm_medium=wp-dash&utm_campaign=preview\";s:4:\"type\";s:5:\"popup\";s:11:\"access_tier\";s:9:\"essential\";s:7:\"subtype\";s:6:\"fly-in\";s:4:\"tags\";s:11:\"[\"Contact\"]\";s:10:\"menu_order\";i:0;s:16:\"popularity_index\";i:-1;s:11:\"trend_index\";i:-1;s:18:\"editor_layout_type\";s:0:\"\";s:15:\"minimum_version\";s:5:\"0.0.0\";s:8:\"products\";s:7:\"regular\";s:17:\"has_page_settings\";s:1:\"1\";s:6:\"is_pro\";s:1:\"1\";s:12:\"access_level\";i:1;}i:28;a:20:{s:4:\"tmpl\";i:1311;s:2:\"id\";i:22654;s:5:\"title\";s:35:\"Hello Bar | Contact | Family Doctor\";s:9:\"thumbnail\";s:83:\"https://library.elementor.com/wp-content/uploads/2022/03/family-doctor-44-small.jpg\";s:12:\"tmpl_created\";i:1647509732;s:6:\"author\";s:9:\"Elementor\";s:3:\"url\";s:137:\"https://library.elementor.com/popups/hello-bar-contact-family-doctor/?utm_source=template-library&utm_medium=wp-dash&utm_campaign=preview\";s:4:\"type\";s:5:\"popup\";s:11:\"access_tier\";s:9:\"essential\";s:7:\"subtype\";s:9:\"hello bar\";s:4:\"tags\";s:31:\"[\"Contact\",\"Health\",\"Services\"]\";s:10:\"menu_order\";i:0;s:16:\"popularity_index\";i:-1;s:11:\"trend_index\";i:-1;s:18:\"editor_layout_type\";s:0:\"\";s:15:\"minimum_version\";s:5:\"0.0.0\";s:8:\"products\";s:7:\"regular\";s:17:\"has_page_settings\";s:1:\"1\";s:6:\"is_pro\";s:1:\"1\";s:12:\"access_level\";i:1;}i:29;a:20:{s:4:\"tmpl\";i:1312;s:2:\"id\";i:22663;s:5:\"title\";s:36:\"Classic | Subscription | Sports Blog\";s:9:\"thumbnail\";s:87:\"https://library.elementor.com/wp-content/uploads/2022/03/45-sport-blog-Subscription.jpg\";s:12:\"tmpl_created\";i:1647509908;s:6:\"author\";s:9:\"Elementor\";s:3:\"url\";s:138:\"https://library.elementor.com/popups/classic-subscription-sports-blog/?utm_source=template-library&utm_medium=wp-dash&utm_campaign=preview\";s:4:\"type\";s:5:\"popup\";s:11:\"access_tier\";s:9:\"essential\";s:7:\"subtype\";s:7:\"classic\";s:4:\"tags\";s:16:\"[\"Blog\",\"Sport\"]\";s:10:\"menu_order\";i:0;s:16:\"popularity_index\";i:-1;s:11:\"trend_index\";i:-1;s:18:\"editor_layout_type\";s:0:\"\";s:15:\"minimum_version\";s:5:\"0.0.0\";s:8:\"products\";s:7:\"regular\";s:17:\"has_page_settings\";s:1:\"1\";s:6:\"is_pro\";s:1:\"1\";s:12:\"access_level\";i:1;}i:30;a:20:{s:4:\"tmpl\";i:1313;s:2:\"id\";i:22673;s:5:\"title\";s:30:\"Hello Bar | Booking | Event DJ\";s:9:\"thumbnail\";s:80:\"https://library.elementor.com/wp-content/uploads/2022/03/DJ-service-46-small.jpg\";s:12:\"tmpl_created\";i:1647510160;s:6:\"author\";s:9:\"Elementor\";s:3:\"url\";s:132:\"https://library.elementor.com/popups/hello-bar-booking-event-dj/?utm_source=template-library&utm_medium=wp-dash&utm_campaign=preview\";s:4:\"type\";s:5:\"popup\";s:11:\"access_tier\";s:9:\"essential\";s:7:\"subtype\";s:9:\"hello bar\";s:4:\"tags\";s:31:\"[\"Booking\",\"Events\",\"Services\"]\";s:10:\"menu_order\";i:0;s:16:\"popularity_index\";i:-1;s:11:\"trend_index\";i:-1;s:18:\"editor_layout_type\";s:0:\"\";s:15:\"minimum_version\";s:5:\"0.0.0\";s:8:\"products\";s:7:\"regular\";s:17:\"has_page_settings\";s:1:\"1\";s:6:\"is_pro\";s:1:\"1\";s:12:\"access_level\";i:1;}i:31;a:20:{s:4:\"tmpl\";i:1314;s:2:\"id\";i:22684;s:5:\"title\";s:36:\"Fly-In | Discount | Cleaning Company\";s:9:\"thumbnail\";s:89:\"https://library.elementor.com/wp-content/uploads/2022/03/51-cleaning-company-Discount.jpg\";s:12:\"tmpl_created\";i:1647510546;s:6:\"author\";s:9:\"Elementor\";s:3:\"url\";s:138:\"https://library.elementor.com/popups/fly-in-discount-cleaning-company/?utm_source=template-library&utm_medium=wp-dash&utm_campaign=preview\";s:4:\"type\";s:5:\"popup\";s:11:\"access_tier\";s:9:\"essential\";s:7:\"subtype\";s:6:\"fly-in\";s:4:\"tags\";s:31:\"[\"Discount\",\"Offer\",\"Services\"]\";s:10:\"menu_order\";i:0;s:16:\"popularity_index\";i:-1;s:11:\"trend_index\";i:-1;s:18:\"editor_layout_type\";s:0:\"\";s:15:\"minimum_version\";s:5:\"0.0.0\";s:8:\"products\";s:7:\"regular\";s:17:\"has_page_settings\";s:1:\"1\";s:6:\"is_pro\";s:1:\"1\";s:12:\"access_level\";i:1;}i:32;a:20:{s:4:\"tmpl\";i:1315;s:2:\"id\";i:22693;s:5:\"title\";s:28:\"Fly-In | Contact | Carpenter\";s:9:\"thumbnail\";s:79:\"https://library.elementor.com/wp-content/uploads/2022/03/carpenter-53-small.jpg\";s:12:\"tmpl_created\";i:1647511972;s:6:\"author\";s:9:\"Elementor\";s:3:\"url\";s:130:\"https://library.elementor.com/popups/fly-in-contact-carpenter/?utm_source=template-library&utm_medium=wp-dash&utm_campaign=preview\";s:4:\"type\";s:5:\"popup\";s:11:\"access_tier\";s:9:\"essential\";s:7:\"subtype\";s:6:\"fly-in\";s:4:\"tags\";s:22:\"[\"Contact\",\"Services\"]\";s:10:\"menu_order\";i:0;s:16:\"popularity_index\";i:-1;s:11:\"trend_index\";i:-1;s:18:\"editor_layout_type\";s:0:\"\";s:15:\"minimum_version\";s:5:\"0.0.0\";s:8:\"products\";s:7:\"regular\";s:17:\"has_page_settings\";s:1:\"1\";s:6:\"is_pro\";s:1:\"1\";s:12:\"access_level\";i:1;}i:33;a:20:{s:4:\"tmpl\";i:1316;s:2:\"id\";i:22703;s:5:\"title\";s:31:\"Classic | Booking | Yoga Studio\";s:9:\"thumbnail\";s:86:\"https://library.elementor.com/wp-content/uploads/2022/03/55-yoga-studio-Contact-Us.jpg\";s:12:\"tmpl_created\";i:1647512209;s:6:\"author\";s:9:\"Elementor\";s:3:\"url\";s:133:\"https://library.elementor.com/popups/classic-booking-yoga-studio/?utm_source=template-library&utm_medium=wp-dash&utm_campaign=preview\";s:4:\"type\";s:5:\"popup\";s:11:\"access_tier\";s:9:\"essential\";s:7:\"subtype\";s:7:\"classic\";s:4:\"tags\";s:30:\"[\"Booking\",\"Contact\",\"Health\"]\";s:10:\"menu_order\";i:0;s:16:\"popularity_index\";i:-1;s:11:\"trend_index\";i:-1;s:18:\"editor_layout_type\";s:0:\"\";s:15:\"minimum_version\";s:5:\"0.0.0\";s:8:\"products\";s:7:\"regular\";s:17:\"has_page_settings\";s:1:\"1\";s:6:\"is_pro\";s:1:\"1\";s:12:\"access_level\";i:1;}i:34;a:20:{s:4:\"tmpl\";i:1317;s:2:\"id\";i:22714;s:5:\"title\";s:37:\"Classic | Discount | Pet Care Company\";s:9:\"thumbnail\";s:81:\"https://library.elementor.com/wp-content/uploads/2022/03/56-Pet-Care-Discount.jpg\";s:12:\"tmpl_created\";i:1647513031;s:6:\"author\";s:9:\"Elementor\";s:3:\"url\";s:139:\"https://library.elementor.com/popups/classic-discount-pet-care-company/?utm_source=template-library&utm_medium=wp-dash&utm_campaign=preview\";s:4:\"type\";s:5:\"popup\";s:11:\"access_tier\";s:9:\"essential\";s:7:\"subtype\";s:7:\"classic\";s:4:\"tags\";s:17:\"[\"Offer\",\"Sales\"]\";s:10:\"menu_order\";i:0;s:16:\"popularity_index\";i:-1;s:11:\"trend_index\";i:-1;s:18:\"editor_layout_type\";s:0:\"\";s:15:\"minimum_version\";s:5:\"0.0.0\";s:8:\"products\";s:7:\"regular\";s:17:\"has_page_settings\";s:1:\"1\";s:6:\"is_pro\";s:1:\"1\";s:12:\"access_level\";i:1;}i:35;a:20:{s:4:\"tmpl\";i:1318;s:2:\"id\";i:22725;s:5:\"title\";s:38:\"Fly-In | Discount | Online Coffee Shop\";s:9:\"thumbnail\";s:88:\"https://library.elementor.com/wp-content/uploads/2022/03/online-coffee-shop-57-small.jpg\";s:12:\"tmpl_created\";i:1647513325;s:6:\"author\";s:9:\"Elementor\";s:3:\"url\";s:140:\"https://library.elementor.com/popups/fly-in-discount-online-coffee-shop/?utm_source=template-library&utm_medium=wp-dash&utm_campaign=preview\";s:4:\"type\";s:5:\"popup\";s:11:\"access_tier\";s:9:\"essential\";s:7:\"subtype\";s:6:\"fly-in\";s:4:\"tags\";s:29:\"[\"Food\",\"Offer\",\"Restaurant\"]\";s:10:\"menu_order\";i:0;s:16:\"popularity_index\";i:-1;s:11:\"trend_index\";i:-1;s:18:\"editor_layout_type\";s:0:\"\";s:15:\"minimum_version\";s:5:\"0.0.0\";s:8:\"products\";s:7:\"regular\";s:17:\"has_page_settings\";s:1:\"1\";s:6:\"is_pro\";s:1:\"1\";s:12:\"access_level\";i:1;}i:36;a:20:{s:4:\"tmpl\";i:1319;s:2:\"id\";i:22737;s:5:\"title\";s:44:\"Fly-In | CTA | Moving &#038; Storage Company\";s:9:\"thumbnail\";s:84:\"https://library.elementor.com/wp-content/uploads/2022/03/moving-company-59-small.jpg\";s:12:\"tmpl_created\";i:1647520956;s:6:\"author\";s:9:\"Elementor\";s:3:\"url\";s:139:\"https://library.elementor.com/popups/fly-in-cta-moving-storage-company/?utm_source=template-library&utm_medium=wp-dash&utm_campaign=preview\";s:4:\"type\";s:5:\"popup\";s:11:\"access_tier\";s:9:\"essential\";s:7:\"subtype\";s:6:\"fly-in\";s:4:\"tags\";s:12:\"[\"Services\"]\";s:10:\"menu_order\";i:0;s:16:\"popularity_index\";i:-1;s:11:\"trend_index\";i:-1;s:18:\"editor_layout_type\";s:0:\"\";s:15:\"minimum_version\";s:5:\"0.0.0\";s:8:\"products\";s:7:\"regular\";s:17:\"has_page_settings\";s:1:\"1\";s:6:\"is_pro\";s:1:\"1\";s:12:\"access_level\";i:1;}i:37;a:20:{s:4:\"tmpl\";i:1320;s:2:\"id\";i:22749;s:5:\"title\";s:47:\"Classic | Contact | Industrial Design Portfolio\";s:9:\"thumbnail\";s:92:\"https://library.elementor.com/wp-content/uploads/2022/03/60-industrial-design-Contact-Us.jpg\";s:12:\"tmpl_created\";i:1647528116;s:6:\"author\";s:9:\"Elementor\";s:3:\"url\";s:149:\"https://library.elementor.com/popups/classic-contact-industrial-design-portfolio/?utm_source=template-library&utm_medium=wp-dash&utm_campaign=preview\";s:4:\"type\";s:5:\"popup\";s:11:\"access_tier\";s:9:\"essential\";s:7:\"subtype\";s:7:\"classic\";s:4:\"tags\";s:40:\"[\"Contact\",\"Interior Design\",\"Services\"]\";s:10:\"menu_order\";i:0;s:16:\"popularity_index\";i:-1;s:11:\"trend_index\";i:-1;s:18:\"editor_layout_type\";s:0:\"\";s:15:\"minimum_version\";s:5:\"0.0.0\";s:8:\"products\";s:7:\"regular\";s:17:\"has_page_settings\";s:1:\"1\";s:6:\"is_pro\";s:1:\"1\";s:12:\"access_level\";i:1;}i:38;a:20:{s:4:\"tmpl\";i:1321;s:2:\"id\";i:22759;s:5:\"title\";s:25:\"Classic | Contact | Drone\";s:9:\"thumbnail\";s:75:\"https://library.elementor.com/wp-content/uploads/2022/03/drone-61-small.jpg\";s:12:\"tmpl_created\";i:1647528899;s:6:\"author\";s:9:\"Elementor\";s:3:\"url\";s:127:\"https://library.elementor.com/popups/classic-contact-drone/?utm_source=template-library&utm_medium=wp-dash&utm_campaign=preview\";s:4:\"type\";s:5:\"popup\";s:11:\"access_tier\";s:9:\"essential\";s:7:\"subtype\";s:7:\"classic\";s:4:\"tags\";s:22:\"[\"Contact\",\"Services\"]\";s:10:\"menu_order\";i:0;s:16:\"popularity_index\";i:-1;s:11:\"trend_index\";i:-1;s:18:\"editor_layout_type\";s:0:\"\";s:15:\"minimum_version\";s:5:\"0.0.0\";s:8:\"products\";s:7:\"regular\";s:17:\"has_page_settings\";s:1:\"1\";s:6:\"is_pro\";s:1:\"1\";s:12:\"access_level\";i:1;}i:39;a:20:{s:4:\"tmpl\";i:1322;s:2:\"id\";i:22768;s:5:\"title\";s:46:\"Full Screen | Menu | Fashion Stylist Portfolio\";s:9:\"thumbnail\";s:84:\"https://library.elementor.com/wp-content/uploads/2022/03/62-Fashion-Stylist-Menu.jpg\";s:12:\"tmpl_created\";i:1647529434;s:6:\"author\";s:9:\"Elementor\";s:3:\"url\";s:148:\"https://library.elementor.com/popups/full-screen-menu-fashion-stylist-portfolio/?utm_source=template-library&utm_medium=wp-dash&utm_campaign=preview\";s:4:\"type\";s:5:\"popup\";s:11:\"access_tier\";s:9:\"essential\";s:7:\"subtype\";s:11:\"full screen\";s:4:\"tags\";s:31:\"[\"Fashion\",\"Fullscreen\",\"menu\"]\";s:10:\"menu_order\";i:0;s:16:\"popularity_index\";i:-1;s:11:\"trend_index\";i:-1;s:18:\"editor_layout_type\";s:0:\"\";s:15:\"minimum_version\";s:5:\"0.0.0\";s:8:\"products\";s:7:\"regular\";s:17:\"has_page_settings\";s:1:\"1\";s:6:\"is_pro\";s:1:\"1\";s:12:\"access_level\";i:1;}i:40;a:20:{s:4:\"tmpl\";i:1323;s:2:\"id\";i:22780;s:5:\"title\";s:31:\"Fly-In | CTA | Landscape Design\";s:9:\"thumbnail\";s:94:\"https://library.elementor.com/wp-content/uploads/2022/03/64-Landscape-Design-Click-Through.jpg\";s:12:\"tmpl_created\";i:1647530337;s:6:\"author\";s:9:\"Elementor\";s:3:\"url\";s:133:\"https://library.elementor.com/popups/fly-in-cta-landscape-design/?utm_source=template-library&utm_medium=wp-dash&utm_campaign=preview\";s:4:\"type\";s:5:\"popup\";s:11:\"access_tier\";s:9:\"essential\";s:7:\"subtype\";s:6:\"fly-in\";s:4:\"tags\";s:18:\"[\"cta\",\"Services\"]\";s:10:\"menu_order\";i:0;s:16:\"popularity_index\";i:-1;s:11:\"trend_index\";i:-1;s:18:\"editor_layout_type\";s:0:\"\";s:15:\"minimum_version\";s:5:\"0.0.0\";s:8:\"products\";s:7:\"regular\";s:17:\"has_page_settings\";s:1:\"1\";s:6:\"is_pro\";s:1:\"1\";s:12:\"access_level\";i:1;}i:41;a:20:{s:4:\"tmpl\";i:1324;s:2:\"id\";i:22790;s:5:\"title\";s:48:\"Bottom Bar  | Contact | Architecture Photography\";s:9:\"thumbnail\";s:94:\"https://library.elementor.com/wp-content/uploads/2022/03/architecture-photography-65-small.jpg\";s:12:\"tmpl_created\";i:1647532358;s:6:\"author\";s:9:\"Elementor\";s:3:\"url\";s:149:\"https://library.elementor.com/popups/bottom-bar-contact-architecture-photography/?utm_source=template-library&utm_medium=wp-dash&utm_campaign=preview\";s:4:\"type\";s:5:\"popup\";s:11:\"access_tier\";s:17:\"essential-oct2023\";s:7:\"subtype\";s:10:\"bottom bar\";s:4:\"tags\";s:26:\"[\"Architecture\",\"Contact\"]\";s:10:\"menu_order\";i:0;s:16:\"popularity_index\";i:-1;s:11:\"trend_index\";i:-1;s:18:\"editor_layout_type\";s:0:\"\";s:15:\"minimum_version\";s:5:\"0.0.0\";s:8:\"products\";s:7:\"regular\";s:17:\"has_page_settings\";s:1:\"1\";s:6:\"is_pro\";s:1:\"1\";s:12:\"access_level\";i:1;}i:42;a:20:{s:4:\"tmpl\";i:1325;s:2:\"id\";i:22800;s:5:\"title\";s:41:\"Fly-In  | CTA | Speech-Language Therapist\";s:9:\"thumbnail\";s:103:\"https://library.elementor.com/wp-content/uploads/2022/03/66-Speech-Language-Therapist-Click-Through.jpg\";s:12:\"tmpl_created\";i:1647532720;s:6:\"author\";s:9:\"Elementor\";s:3:\"url\";s:142:\"https://library.elementor.com/popups/fly-in-cta-speech-language-therapist/?utm_source=template-library&utm_medium=wp-dash&utm_campaign=preview\";s:4:\"type\";s:5:\"popup\";s:11:\"access_tier\";s:9:\"essential\";s:7:\"subtype\";s:6:\"fly-in\";s:4:\"tags\";s:25:\"[\"cta\",\"Psychotherapist\"]\";s:10:\"menu_order\";i:0;s:16:\"popularity_index\";i:-1;s:11:\"trend_index\";i:-1;s:18:\"editor_layout_type\";s:0:\"\";s:15:\"minimum_version\";s:5:\"0.0.0\";s:8:\"products\";s:7:\"regular\";s:17:\"has_page_settings\";s:1:\"1\";s:6:\"is_pro\";s:1:\"1\";s:12:\"access_level\";i:1;}i:43;a:20:{s:4:\"tmpl\";i:1326;s:2:\"id\";i:22812;s:5:\"title\";s:35:\"Full Screen | Verification | Winery\";s:9:\"thumbnail\";s:83:\"https://library.elementor.com/wp-content/uploads/2022/03/67-Winery-Verification.jpg\";s:12:\"tmpl_created\";i:1647761384;s:6:\"author\";s:9:\"Elementor\";s:3:\"url\";s:137:\"https://library.elementor.com/popups/full-screen-verification-winery/?utm_source=template-library&utm_medium=wp-dash&utm_campaign=preview\";s:4:\"type\";s:5:\"popup\";s:11:\"access_tier\";s:9:\"essential\";s:7:\"subtype\";s:11:\"full screen\";s:4:\"tags\";s:24:\"[\"Alert\",\"Verification\"]\";s:10:\"menu_order\";i:0;s:16:\"popularity_index\";i:-1;s:11:\"trend_index\";i:-1;s:18:\"editor_layout_type\";s:0:\"\";s:15:\"minimum_version\";s:5:\"0.0.0\";s:8:\"products\";s:7:\"regular\";s:17:\"has_page_settings\";s:1:\"1\";s:6:\"is_pro\";s:1:\"1\";s:12:\"access_level\";i:1;}i:44;a:20:{s:4:\"tmpl\";i:1327;s:2:\"id\";i:22822;s:5:\"title\";s:36:\"Fly-In | Subscription | Nutritionist\";s:9:\"thumbnail\";s:82:\"https://library.elementor.com/wp-content/uploads/2022/03/nutritionist-69-small.jpg\";s:12:\"tmpl_created\";i:1647762620;s:6:\"author\";s:9:\"Elementor\";s:3:\"url\";s:138:\"https://library.elementor.com/popups/fly-in-subscription-nutritionist/?utm_source=template-library&utm_medium=wp-dash&utm_campaign=preview\";s:4:\"type\";s:5:\"popup\";s:11:\"access_tier\";s:9:\"essential\";s:7:\"subtype\";s:6:\"fly-in\";s:4:\"tags\";s:28:\"[\"Food\",\"Health\",\"Services\"]\";s:10:\"menu_order\";i:0;s:16:\"popularity_index\";i:-1;s:11:\"trend_index\";i:-1;s:18:\"editor_layout_type\";s:0:\"\";s:15:\"minimum_version\";s:5:\"0.0.0\";s:8:\"products\";s:7:\"regular\";s:17:\"has_page_settings\";s:1:\"1\";s:6:\"is_pro\";s:1:\"1\";s:12:\"access_level\";i:1;}i:45;a:20:{s:4:\"tmpl\";i:1328;s:2:\"id\";i:22833;s:5:\"title\";s:40:\"Classic | Subscription | App &#038; SaaS\";s:9:\"thumbnail\";s:73:\"https://library.elementor.com/wp-content/uploads/2022/03/app-70-small.jpg\";s:12:\"tmpl_created\";i:1647762955;s:6:\"author\";s:9:\"Elementor\";s:3:\"url\";s:135:\"https://library.elementor.com/popups/classic-subscription-app-saas/?utm_source=template-library&utm_medium=wp-dash&utm_campaign=preview\";s:4:\"type\";s:5:\"popup\";s:11:\"access_tier\";s:9:\"essential\";s:7:\"subtype\";s:7:\"classic\";s:4:\"tags\";s:14:\"[\"App\",\"SaaS\"]\";s:10:\"menu_order\";i:0;s:16:\"popularity_index\";i:-1;s:11:\"trend_index\";i:-1;s:18:\"editor_layout_type\";s:0:\"\";s:15:\"minimum_version\";s:5:\"0.0.0\";s:8:\"products\";s:7:\"regular\";s:17:\"has_page_settings\";s:1:\"1\";s:6:\"is_pro\";s:1:\"1\";s:12:\"access_level\";i:1;}i:46;a:20:{s:4:\"tmpl\";i:1329;s:2:\"id\";i:22844;s:5:\"title\";s:41:\"Bottom Bar | Discount | Handmade Cupcakes\";s:9:\"thumbnail\";s:90:\"https://library.elementor.com/wp-content/uploads/2022/03/72-Handmade-Cupcakes-Discount.jpg\";s:12:\"tmpl_created\";i:1647763350;s:6:\"author\";s:9:\"Elementor\";s:3:\"url\";s:143:\"https://library.elementor.com/popups/bottom-bar-discount-handmade-cupcakes/?utm_source=template-library&utm_medium=wp-dash&utm_campaign=preview\";s:4:\"type\";s:5:\"popup\";s:11:\"access_tier\";s:9:\"essential\";s:7:\"subtype\";s:10:\"bottom bar\";s:4:\"tags\";s:21:\"[\"Food\",\"Restaurant\"]\";s:10:\"menu_order\";i:0;s:16:\"popularity_index\";i:-1;s:11:\"trend_index\";i:-1;s:18:\"editor_layout_type\";s:0:\"\";s:15:\"minimum_version\";s:5:\"0.0.0\";s:8:\"products\";s:7:\"regular\";s:17:\"has_page_settings\";s:1:\"1\";s:6:\"is_pro\";s:1:\"1\";s:12:\"access_level\";i:1;}i:47;a:20:{s:4:\"tmpl\";i:1330;s:2:\"id\";i:22855;s:5:\"title\";s:40:\"Bottom Bar | Subscription | Fashion Blog\";s:9:\"thumbnail\";s:82:\"https://library.elementor.com/wp-content/uploads/2022/03/fashion-blog-75-small.jpg\";s:12:\"tmpl_created\";i:1647763907;s:6:\"author\";s:9:\"Elementor\";s:3:\"url\";s:142:\"https://library.elementor.com/popups/bottom-bar-subscription-fashion-blog/?utm_source=template-library&utm_medium=wp-dash&utm_campaign=preview\";s:4:\"type\";s:5:\"popup\";s:11:\"access_tier\";s:9:\"essential\";s:7:\"subtype\";s:10:\"bottom bar\";s:4:\"tags\";s:30:\"[\"Blog\",\"Fashion\",\"Subscribe\"]\";s:10:\"menu_order\";i:0;s:16:\"popularity_index\";i:-1;s:11:\"trend_index\";i:-1;s:18:\"editor_layout_type\";s:0:\"\";s:15:\"minimum_version\";s:5:\"0.0.0\";s:8:\"products\";s:7:\"regular\";s:17:\"has_page_settings\";s:1:\"1\";s:6:\"is_pro\";s:1:\"1\";s:12:\"access_level\";i:1;}i:48;a:20:{s:4:\"tmpl\";i:1331;s:2:\"id\";i:22866;s:5:\"title\";s:28:\"Fly-In | CTA | Private Tutor\";s:9:\"thumbnail\";s:83:\"https://library.elementor.com/wp-content/uploads/2022/03/private-tutor-77-small.jpg\";s:12:\"tmpl_created\";i:1647764062;s:6:\"author\";s:9:\"Elementor\";s:3:\"url\";s:130:\"https://library.elementor.com/popups/fly-in-cta-private-tutor/?utm_source=template-library&utm_medium=wp-dash&utm_campaign=preview\";s:4:\"type\";s:5:\"popup\";s:11:\"access_tier\";s:9:\"essential\";s:7:\"subtype\";s:6:\"fly-in\";s:4:\"tags\";s:7:\"[\"cta\"]\";s:10:\"menu_order\";i:0;s:16:\"popularity_index\";i:-1;s:11:\"trend_index\";i:-1;s:18:\"editor_layout_type\";s:0:\"\";s:15:\"minimum_version\";s:5:\"0.0.0\";s:8:\"products\";s:7:\"regular\";s:17:\"has_page_settings\";s:1:\"1\";s:6:\"is_pro\";s:1:\"1\";s:12:\"access_level\";i:1;}i:49;a:20:{s:4:\"tmpl\";i:1332;s:2:\"id\";i:22876;s:5:\"title\";s:30:\"Classic | CTA | Tennis Academy\";s:9:\"thumbnail\";s:92:\"https://library.elementor.com/wp-content/uploads/2022/03/78-Tennis-Academy-Click-Through.jpg\";s:12:\"tmpl_created\";i:1647765192;s:6:\"author\";s:9:\"Elementor\";s:3:\"url\";s:132:\"https://library.elementor.com/popups/classic-cta-tennis-academy/?utm_source=template-library&utm_medium=wp-dash&utm_campaign=preview\";s:4:\"type\";s:5:\"popup\";s:11:\"access_tier\";s:9:\"essential\";s:7:\"subtype\";s:7:\"classic\";s:4:\"tags\";s:7:\"[\"cta\"]\";s:10:\"menu_order\";i:0;s:16:\"popularity_index\";i:-1;s:11:\"trend_index\";i:-1;s:18:\"editor_layout_type\";s:0:\"\";s:15:\"minimum_version\";s:5:\"0.0.0\";s:8:\"products\";s:7:\"regular\";s:17:\"has_page_settings\";s:1:\"1\";s:6:\"is_pro\";s:1:\"1\";s:12:\"access_level\";i:1;}i:50;a:20:{s:4:\"tmpl\";i:1333;s:2:\"id\";i:22887;s:5:\"title\";s:31:\"Fly-In | CTA | Shared Workspace\";s:9:\"thumbnail\";s:86:\"https://library.elementor.com/wp-content/uploads/2022/03/shared-workspace-79-small.jpg\";s:12:\"tmpl_created\";i:1647765419;s:6:\"author\";s:9:\"Elementor\";s:3:\"url\";s:133:\"https://library.elementor.com/popups/fly-in-cta-shared-workspace/?utm_source=template-library&utm_medium=wp-dash&utm_campaign=preview\";s:4:\"type\";s:5:\"popup\";s:11:\"access_tier\";s:9:\"essential\";s:7:\"subtype\";s:6:\"fly-in\";s:4:\"tags\";s:18:\"[\"Business\",\"cta\"]\";s:10:\"menu_order\";i:0;s:16:\"popularity_index\";i:-1;s:11:\"trend_index\";i:-1;s:18:\"editor_layout_type\";s:0:\"\";s:15:\"minimum_version\";s:5:\"0.0.0\";s:8:\"products\";s:7:\"regular\";s:17:\"has_page_settings\";s:1:\"1\";s:6:\"is_pro\";s:1:\"1\";s:12:\"access_level\";i:1;}i:51;a:20:{s:4:\"tmpl\";i:1334;s:2:\"id\";i:22899;s:5:\"title\";s:30:\"Bottom Bar | CTA | Art Gallery\";s:9:\"thumbnail\";s:89:\"https://library.elementor.com/wp-content/uploads/2022/03/80-Art-Gallery-Click-Through.jpg\";s:12:\"tmpl_created\";i:1647765652;s:6:\"author\";s:9:\"Elementor\";s:3:\"url\";s:132:\"https://library.elementor.com/popups/bottom-bar-cta-art-gallery/?utm_source=template-library&utm_medium=wp-dash&utm_campaign=preview\";s:4:\"type\";s:5:\"popup\";s:11:\"access_tier\";s:9:\"essential\";s:7:\"subtype\";s:10:\"bottom bar\";s:4:\"tags\";s:13:\"[\"Art\",\"cta\"]\";s:10:\"menu_order\";i:0;s:16:\"popularity_index\";i:-1;s:11:\"trend_index\";i:-1;s:18:\"editor_layout_type\";s:0:\"\";s:15:\"minimum_version\";s:5:\"0.0.0\";s:8:\"products\";s:7:\"regular\";s:17:\"has_page_settings\";s:1:\"1\";s:6:\"is_pro\";s:1:\"1\";s:12:\"access_level\";i:1;}i:52;a:20:{s:4:\"tmpl\";i:1335;s:2:\"id\";i:22910;s:5:\"title\";s:44:\"Fly-In | Subscription | Hiking Tours Company\";s:9:\"thumbnail\";s:90:\"https://library.elementor.com/wp-content/uploads/2022/03/hiking-tours-company-81-small.jpg\";s:12:\"tmpl_created\";i:1647765835;s:6:\"author\";s:9:\"Elementor\";s:3:\"url\";s:146:\"https://library.elementor.com/popups/fly-in-subscription-hiking-tours-company/?utm_source=template-library&utm_medium=wp-dash&utm_campaign=preview\";s:4:\"type\";s:5:\"popup\";s:11:\"access_tier\";s:9:\"essential\";s:7:\"subtype\";s:6:\"fly-in\";s:4:\"tags\";s:29:\"[\"Subscribe\",\"Travel\",\"Trip\"]\";s:10:\"menu_order\";i:0;s:16:\"popularity_index\";i:-1;s:11:\"trend_index\";i:-1;s:18:\"editor_layout_type\";s:0:\"\";s:15:\"minimum_version\";s:5:\"0.0.0\";s:8:\"products\";s:7:\"regular\";s:17:\"has_page_settings\";s:1:\"1\";s:6:\"is_pro\";s:1:\"1\";s:12:\"access_level\";i:1;}i:53;a:20:{s:4:\"tmpl\";i:1336;s:2:\"id\";i:22921;s:5:\"title\";s:26:\"Classic | CTA | Music Band\";s:9:\"thumbnail\";s:80:\"https://library.elementor.com/wp-content/uploads/2022/03/music-band-82-small.jpg\";s:12:\"tmpl_created\";i:1647769462;s:6:\"author\";s:9:\"Elementor\";s:3:\"url\";s:128:\"https://library.elementor.com/popups/classic-cta-music-band/?utm_source=template-library&utm_medium=wp-dash&utm_campaign=preview\";s:4:\"type\";s:5:\"popup\";s:11:\"access_tier\";s:9:\"essential\";s:7:\"subtype\";s:7:\"classic\";s:4:\"tags\";s:21:\"[\"Marketing\",\"Music\"]\";s:10:\"menu_order\";i:0;s:16:\"popularity_index\";i:-1;s:11:\"trend_index\";i:-1;s:18:\"editor_layout_type\";s:0:\"\";s:15:\"minimum_version\";s:5:\"0.0.0\";s:8:\"products\";s:7:\"regular\";s:17:\"has_page_settings\";s:1:\"1\";s:6:\"is_pro\";s:1:\"1\";s:12:\"access_level\";i:1;}i:54;a:20:{s:4:\"tmpl\";i:1337;s:2:\"id\";i:22935;s:5:\"title\";s:35:\"Classic | CTA | Computer Technician\";s:9:\"thumbnail\";s:88:\"https://library.elementor.com/wp-content/uploads/2022/03/comuter-technician-83-small.jpg\";s:12:\"tmpl_created\";i:1647769843;s:6:\"author\";s:9:\"Elementor\";s:3:\"url\";s:137:\"https://library.elementor.com/popups/classic-cta-computer-technician/?utm_source=template-library&utm_medium=wp-dash&utm_campaign=preview\";s:4:\"type\";s:5:\"popup\";s:11:\"access_tier\";s:9:\"essential\";s:7:\"subtype\";s:7:\"classic\";s:4:\"tags\";s:18:\"[\"cta\",\"Services\"]\";s:10:\"menu_order\";i:0;s:16:\"popularity_index\";i:-1;s:11:\"trend_index\";i:-1;s:18:\"editor_layout_type\";s:0:\"\";s:15:\"minimum_version\";s:5:\"0.0.0\";s:8:\"products\";s:7:\"regular\";s:17:\"has_page_settings\";s:1:\"1\";s:6:\"is_pro\";s:1:\"1\";s:12:\"access_level\";i:1;}i:55;a:20:{s:4:\"tmpl\";i:1338;s:2:\"id\";i:22945;s:5:\"title\";s:37:\"Classic | Discount | Delivery Company\";s:9:\"thumbnail\";s:86:\"https://library.elementor.com/wp-content/uploads/2022/03/delivery-company-88-small.jpg\";s:12:\"tmpl_created\";i:1647770834;s:6:\"author\";s:9:\"Elementor\";s:3:\"url\";s:139:\"https://library.elementor.com/popups/classic-discount-delivery-company/?utm_source=template-library&utm_medium=wp-dash&utm_campaign=preview\";s:4:\"type\";s:5:\"popup\";s:11:\"access_tier\";s:9:\"essential\";s:7:\"subtype\";s:7:\"classic\";s:4:\"tags\";s:23:\"[\"Discount\",\"Services\"]\";s:10:\"menu_order\";i:0;s:16:\"popularity_index\";i:-1;s:11:\"trend_index\";i:-1;s:18:\"editor_layout_type\";s:0:\"\";s:15:\"minimum_version\";s:5:\"0.0.0\";s:8:\"products\";s:7:\"regular\";s:17:\"has_page_settings\";s:1:\"1\";s:6:\"is_pro\";s:1:\"1\";s:12:\"access_level\";i:1;}i:56;a:20:{s:4:\"tmpl\";i:1339;s:2:\"id\";i:22959;s:5:\"title\";s:29:\"Classic | Discount | Eco Shop\";s:9:\"thumbnail\";s:79:\"https://library.elementor.com/wp-content/uploads/2022/03/echo-shop-89-small.jpg\";s:12:\"tmpl_created\";i:1647771211;s:6:\"author\";s:9:\"Elementor\";s:3:\"url\";s:131:\"https://library.elementor.com/popups/classic-discount-eco-shop/?utm_source=template-library&utm_medium=wp-dash&utm_campaign=preview\";s:4:\"type\";s:5:\"popup\";s:11:\"access_tier\";s:9:\"essential\";s:7:\"subtype\";s:7:\"classic\";s:4:\"tags\";s:24:\"[\"Discount\",\"Ecommerce\"]\";s:10:\"menu_order\";i:0;s:16:\"popularity_index\";i:-1;s:11:\"trend_index\";i:-1;s:18:\"editor_layout_type\";s:0:\"\";s:15:\"minimum_version\";s:5:\"0.0.0\";s:8:\"products\";s:7:\"regular\";s:17:\"has_page_settings\";s:1:\"1\";s:6:\"is_pro\";s:1:\"1\";s:12:\"access_level\";i:1;}i:57;a:20:{s:4:\"tmpl\";i:1340;s:2:\"id\";i:22972;s:5:\"title\";s:54:\"Fly-In | Subscription | Health &#038; Mindfulness Blog\";s:9:\"thumbnail\";s:81:\"https://library.elementor.com/wp-content/uploads/2022/03/health-blog-91-small.jpg\";s:12:\"tmpl_created\";i:1647771461;s:6:\"author\";s:9:\"Elementor\";s:3:\"url\";s:149:\"https://library.elementor.com/popups/fly-in-subscription-health-mindfulness-blog/?utm_source=template-library&utm_medium=wp-dash&utm_campaign=preview\";s:4:\"type\";s:5:\"popup\";s:11:\"access_tier\";s:9:\"essential\";s:7:\"subtype\";s:6:\"fly-in\";s:4:\"tags\";s:21:\"[\"Health\",\"Magazine\"]\";s:10:\"menu_order\";i:0;s:16:\"popularity_index\";i:-1;s:11:\"trend_index\";i:-1;s:18:\"editor_layout_type\";s:0:\"\";s:15:\"minimum_version\";s:5:\"0.0.0\";s:8:\"products\";s:7:\"regular\";s:17:\"has_page_settings\";s:1:\"1\";s:6:\"is_pro\";s:1:\"1\";s:12:\"access_level\";i:1;}i:58;a:20:{s:4:\"tmpl\";i:1341;s:2:\"id\";i:22982;s:5:\"title\";s:31:\"Full Screen | Menu | Art Museum\";s:9:\"thumbnail\";s:81:\"https://library.elementor.com/wp-content/uploads/2022/03/art-museum-112-small.jpg\";s:12:\"tmpl_created\";i:1647771938;s:6:\"author\";s:9:\"Elementor\";s:3:\"url\";s:133:\"https://library.elementor.com/popups/full-screen-menu-art-museum/?utm_source=template-library&utm_medium=wp-dash&utm_campaign=preview\";s:4:\"type\";s:5:\"popup\";s:11:\"access_tier\";s:9:\"essential\";s:7:\"subtype\";s:11:\"full screen\";s:4:\"tags\";s:21:\"[\"Fullscreen\",\"menu\"]\";s:10:\"menu_order\";i:0;s:16:\"popularity_index\";i:-1;s:11:\"trend_index\";i:-1;s:18:\"editor_layout_type\";s:0:\"\";s:15:\"minimum_version\";s:5:\"0.0.0\";s:8:\"products\";s:7:\"regular\";s:17:\"has_page_settings\";s:1:\"1\";s:6:\"is_pro\";s:1:\"1\";s:12:\"access_level\";i:1;}i:59;a:20:{s:4:\"tmpl\";i:1342;s:2:\"id\";i:22992;s:5:\"title\";s:40:\"Classic | Discount | Urban Clothing Shop\";s:9:\"thumbnail\";s:83:\"https://library.elementor.com/wp-content/uploads/2022/03/health-blog-91-small-1.jpg\";s:12:\"tmpl_created\";i:1647773067;s:6:\"author\";s:9:\"Elementor\";s:3:\"url\";s:142:\"https://library.elementor.com/popups/classic-discount-urban-clothing-shop/?utm_source=template-library&utm_medium=wp-dash&utm_campaign=preview\";s:4:\"type\";s:5:\"popup\";s:11:\"access_tier\";s:9:\"essential\";s:7:\"subtype\";s:7:\"classic\";s:4:\"tags\";s:34:\"[\"Discount\",\"Ecommerce\",\"Fashion\"]\";s:10:\"menu_order\";i:0;s:16:\"popularity_index\";i:-1;s:11:\"trend_index\";i:-1;s:18:\"editor_layout_type\";s:0:\"\";s:15:\"minimum_version\";s:5:\"0.0.0\";s:8:\"products\";s:7:\"regular\";s:17:\"has_page_settings\";s:1:\"1\";s:6:\"is_pro\";s:1:\"1\";s:12:\"access_level\";i:1;}i:60;a:20:{s:4:\"tmpl\";i:1343;s:2:\"id\";i:23004;s:5:\"title\";s:60:\"Full Screen | Menu | Digital &#038; Technology Design School\";s:9:\"thumbnail\";s:95:\"https://library.elementor.com/wp-content/uploads/2022/03/digital-design-tech-school-small-1.jpg\";s:12:\"tmpl_created\";i:1647773366;s:6:\"author\";s:9:\"Elementor\";s:3:\"url\";s:155:\"https://library.elementor.com/popups/full-screen-menu-digital-technology-design-school/?utm_source=template-library&utm_medium=wp-dash&utm_campaign=preview\";s:4:\"type\";s:5:\"popup\";s:11:\"access_tier\";s:9:\"essential\";s:7:\"subtype\";s:11:\"full screen\";s:4:\"tags\";s:8:\"[\"menu\"]\";s:10:\"menu_order\";i:0;s:16:\"popularity_index\";i:-1;s:11:\"trend_index\";i:-1;s:18:\"editor_layout_type\";s:0:\"\";s:15:\"minimum_version\";s:5:\"0.0.0\";s:8:\"products\";s:7:\"regular\";s:17:\"has_page_settings\";s:1:\"1\";s:6:\"is_pro\";s:1:\"1\";s:12:\"access_level\";i:1;}i:61;a:20:{s:4:\"tmpl\";i:1344;s:2:\"id\";i:23015;s:5:\"title\";s:62:\"Bottom Bar | Contact | Digital &#038; Technology Design School\";s:9:\"thumbnail\";s:93:\"https://library.elementor.com/wp-content/uploads/2022/03/digital-design-tech-school-small.jpg\";s:12:\"tmpl_created\";i:1647773492;s:6:\"author\";s:9:\"Elementor\";s:3:\"url\";s:157:\"https://library.elementor.com/popups/bottom-bar-contact-digital-technology-design-school/?utm_source=template-library&utm_medium=wp-dash&utm_campaign=preview\";s:4:\"type\";s:5:\"popup\";s:11:\"access_tier\";s:9:\"essential\";s:7:\"subtype\";s:10:\"bottom bar\";s:4:\"tags\";s:23:\"[\"Contact\",\"Portfolio\"]\";s:10:\"menu_order\";i:0;s:16:\"popularity_index\";i:-1;s:11:\"trend_index\";i:-1;s:18:\"editor_layout_type\";s:0:\"\";s:15:\"minimum_version\";s:5:\"0.0.0\";s:8:\"products\";s:7:\"regular\";s:17:\"has_page_settings\";s:1:\"1\";s:6:\"is_pro\";s:1:\"1\";s:12:\"access_level\";i:1;}i:62;a:20:{s:4:\"tmpl\";i:1345;s:2:\"id\";i:23025;s:5:\"title\";s:32:\"Full Screen | Menu | Flower Shop\";s:9:\"thumbnail\";s:78:\"https://library.elementor.com/wp-content/uploads/2022/03/flower-shop-small.jpg\";s:12:\"tmpl_created\";i:1647773820;s:6:\"author\";s:9:\"Elementor\";s:3:\"url\";s:134:\"https://library.elementor.com/popups/full-screen-menu-flower-shop/?utm_source=template-library&utm_medium=wp-dash&utm_campaign=preview\";s:4:\"type\";s:5:\"popup\";s:11:\"access_tier\";s:9:\"essential\";s:7:\"subtype\";s:11:\"full screen\";s:4:\"tags\";s:21:\"[\"Fullscreen\",\"menu\"]\";s:10:\"menu_order\";i:0;s:16:\"popularity_index\";i:-1;s:11:\"trend_index\";i:-1;s:18:\"editor_layout_type\";s:0:\"\";s:15:\"minimum_version\";s:5:\"0.0.0\";s:8:\"products\";s:7:\"regular\";s:17:\"has_page_settings\";s:1:\"1\";s:6:\"is_pro\";s:1:\"1\";s:12:\"access_level\";i:1;}i:63;a:20:{s:4:\"tmpl\";i:1346;s:2:\"id\";i:23037;s:5:\"title\";s:36:\"Classic | Subscription | Flower Shop\";s:9:\"thumbnail\";s:80:\"https://library.elementor.com/wp-content/uploads/2022/03/flower-shop-small-1.jpg\";s:12:\"tmpl_created\";i:1647773949;s:6:\"author\";s:9:\"Elementor\";s:3:\"url\";s:138:\"https://library.elementor.com/popups/classic-subscription-flower-shop/?utm_source=template-library&utm_medium=wp-dash&utm_campaign=preview\";s:4:\"type\";s:5:\"popup\";s:11:\"access_tier\";s:9:\"essential\";s:7:\"subtype\";s:7:\"classic\";s:4:\"tags\";s:24:\"[\"Discount\",\"Subscribe\"]\";s:10:\"menu_order\";i:0;s:16:\"popularity_index\";i:-1;s:11:\"trend_index\";i:-1;s:18:\"editor_layout_type\";s:0:\"\";s:15:\"minimum_version\";s:5:\"0.0.0\";s:8:\"products\";s:7:\"regular\";s:17:\"has_page_settings\";s:1:\"1\";s:6:\"is_pro\";s:1:\"1\";s:12:\"access_level\";i:1;}i:64;a:20:{s:4:\"tmpl\";i:1347;s:2:\"id\";i:23056;s:5:\"title\";s:48:\"Classic | Discount | Health &#038; Fitness eBook\";s:9:\"thumbnail\";s:82:\"https://library.elementor.com/wp-content/uploads/2022/03/fitness-ebook-small-1.jpg\";s:12:\"tmpl_created\";i:1647774468;s:6:\"author\";s:9:\"Elementor\";s:3:\"url\";s:143:\"https://library.elementor.com/popups/classic-discount-health-fitness-ebook/?utm_source=template-library&utm_medium=wp-dash&utm_campaign=preview\";s:4:\"type\";s:5:\"popup\";s:11:\"access_tier\";s:9:\"essential\";s:7:\"subtype\";s:7:\"classic\";s:4:\"tags\";s:23:\"[\"Contact\",\"Marketing\"]\";s:10:\"menu_order\";i:0;s:16:\"popularity_index\";i:-1;s:11:\"trend_index\";i:-1;s:18:\"editor_layout_type\";s:0:\"\";s:15:\"minimum_version\";s:5:\"0.0.0\";s:8:\"products\";s:7:\"regular\";s:17:\"has_page_settings\";s:1:\"1\";s:6:\"is_pro\";s:1:\"1\";s:12:\"access_level\";i:1;}i:65;a:20:{s:4:\"tmpl\";i:1348;s:2:\"id\";i:23067;s:5:\"title\";s:37:\"Fly-In | Menu | Baby Sleep Consultant\";s:9:\"thumbnail\";s:90:\"https://library.elementor.com/wp-content/uploads/2022/03/baby-sleep-consultant-small-1.jpg\";s:12:\"tmpl_created\";i:1647778954;s:6:\"author\";s:9:\"Elementor\";s:3:\"url\";s:127:\"https://library.elementor.com/popups/baby-sleep-consultant/?utm_source=template-library&utm_medium=wp-dash&utm_campaign=preview\";s:4:\"type\";s:5:\"popup\";s:11:\"access_tier\";s:9:\"essential\";s:7:\"subtype\";s:6:\"fly-in\";s:4:\"tags\";s:8:\"[\"menu\"]\";s:10:\"menu_order\";i:0;s:16:\"popularity_index\";i:-1;s:11:\"trend_index\";i:-1;s:18:\"editor_layout_type\";s:0:\"\";s:15:\"minimum_version\";s:5:\"0.0.0\";s:8:\"products\";s:7:\"regular\";s:17:\"has_page_settings\";s:1:\"1\";s:6:\"is_pro\";s:1:\"1\";s:12:\"access_level\";i:1;}i:66;a:20:{s:4:\"tmpl\";i:1349;s:2:\"id\";i:23077;s:5:\"title\";s:46:\"Classic | Subscription | Baby Sleep Consultant\";s:9:\"thumbnail\";s:88:\"https://library.elementor.com/wp-content/uploads/2022/03/baby-sleep-consultant-small.jpg\";s:12:\"tmpl_created\";i:1647779074;s:6:\"author\";s:9:\"Elementor\";s:3:\"url\";s:148:\"https://library.elementor.com/popups/classic-subscription-baby-sleep-consultant/?utm_source=template-library&utm_medium=wp-dash&utm_campaign=preview\";s:4:\"type\";s:5:\"popup\";s:11:\"access_tier\";s:9:\"essential\";s:7:\"subtype\";s:7:\"classic\";s:4:\"tags\";s:12:\"[\"Discount\"]\";s:10:\"menu_order\";i:0;s:16:\"popularity_index\";i:-1;s:11:\"trend_index\";i:-1;s:18:\"editor_layout_type\";s:0:\"\";s:15:\"minimum_version\";s:5:\"0.0.0\";s:8:\"products\";s:7:\"regular\";s:17:\"has_page_settings\";s:1:\"1\";s:6:\"is_pro\";s:1:\"1\";s:12:\"access_level\";i:1;}i:67;a:20:{s:4:\"tmpl\";i:1350;s:2:\"id\";i:23090;s:5:\"title\";s:33:\"Full Screen | Menu | Luxury Hotel\";s:9:\"thumbnail\";s:79:\"https://library.elementor.com/wp-content/uploads/2022/03/luxury-hotel-small.jpg\";s:12:\"tmpl_created\";i:1647779390;s:6:\"author\";s:9:\"Elementor\";s:3:\"url\";s:135:\"https://library.elementor.com/popups/full-screen-menu-luxury-hotel/?utm_source=template-library&utm_medium=wp-dash&utm_campaign=preview\";s:4:\"type\";s:5:\"popup\";s:11:\"access_tier\";s:9:\"essential\";s:7:\"subtype\";s:11:\"full screen\";s:4:\"tags\";s:21:\"[\"Fullscreen\",\"menu\"]\";s:10:\"menu_order\";i:0;s:16:\"popularity_index\";i:-1;s:11:\"trend_index\";i:-1;s:18:\"editor_layout_type\";s:0:\"\";s:15:\"minimum_version\";s:5:\"0.0.0\";s:8:\"products\";s:7:\"regular\";s:17:\"has_page_settings\";s:1:\"1\";s:6:\"is_pro\";s:1:\"1\";s:12:\"access_level\";i:1;}i:68;a:20:{s:4:\"tmpl\";i:1351;s:2:\"id\";i:23100;s:5:\"title\";s:31:\"Fly-In | Booking | Luxury Hotel\";s:9:\"thumbnail\";s:81:\"https://library.elementor.com/wp-content/uploads/2022/03/luxury-hotel-small-1.jpg\";s:12:\"tmpl_created\";i:1647779500;s:6:\"author\";s:9:\"Elementor\";s:3:\"url\";s:133:\"https://library.elementor.com/popups/fly-in-booking-luxury-hotel/?utm_source=template-library&utm_medium=wp-dash&utm_campaign=preview\";s:4:\"type\";s:5:\"popup\";s:11:\"access_tier\";s:9:\"essential\";s:7:\"subtype\";s:6:\"fly-in\";s:4:\"tags\";s:20:\"[\"Booking\",\"Travel\"]\";s:10:\"menu_order\";i:0;s:16:\"popularity_index\";i:-1;s:11:\"trend_index\";i:-1;s:18:\"editor_layout_type\";s:0:\"\";s:15:\"minimum_version\";s:5:\"0.0.0\";s:8:\"products\";s:7:\"regular\";s:17:\"has_page_settings\";s:1:\"1\";s:6:\"is_pro\";s:1:\"1\";s:12:\"access_level\";i:1;}i:69;a:20:{s:4:\"tmpl\";i:1352;s:2:\"id\";i:23109;s:5:\"title\";s:38:\"Full Screen | Menu | Design Conference\";s:9:\"thumbnail\";s:87:\"https://library.elementor.com/wp-content/uploads/2022/03/design-conference-35-small.jpg\";s:12:\"tmpl_created\";i:1647779675;s:6:\"author\";s:9:\"Elementor\";s:3:\"url\";s:140:\"https://library.elementor.com/popups/full-screen-menu-design-conference/?utm_source=template-library&utm_medium=wp-dash&utm_campaign=preview\";s:4:\"type\";s:5:\"popup\";s:11:\"access_tier\";s:9:\"essential\";s:7:\"subtype\";s:11:\"full screen\";s:4:\"tags\";s:21:\"[\"Fullscreen\",\"menu\"]\";s:10:\"menu_order\";i:0;s:16:\"popularity_index\";i:-1;s:11:\"trend_index\";i:-1;s:18:\"editor_layout_type\";s:0:\"\";s:15:\"minimum_version\";s:5:\"0.0.0\";s:8:\"products\";s:7:\"regular\";s:17:\"has_page_settings\";s:1:\"1\";s:6:\"is_pro\";s:1:\"1\";s:12:\"access_level\";i:1;}i:70;a:20:{s:4:\"tmpl\";i:1353;s:2:\"id\";i:23120;s:5:\"title\";s:41:\"Full Screen | Booking | Design Conference\";s:9:\"thumbnail\";s:89:\"https://library.elementor.com/wp-content/uploads/2022/03/design-conference-35-small-1.jpg\";s:12:\"tmpl_created\";i:1647779793;s:6:\"author\";s:9:\"Elementor\";s:3:\"url\";s:143:\"https://library.elementor.com/popups/full-screen-booking-design-conference/?utm_source=template-library&utm_medium=wp-dash&utm_campaign=preview\";s:4:\"type\";s:5:\"popup\";s:11:\"access_tier\";s:9:\"essential\";s:7:\"subtype\";s:11:\"full screen\";s:4:\"tags\";s:35:\"[\"Booking\",\"Conference\",\"Creative\"]\";s:10:\"menu_order\";i:0;s:16:\"popularity_index\";i:-1;s:11:\"trend_index\";i:-1;s:18:\"editor_layout_type\";s:0:\"\";s:15:\"minimum_version\";s:5:\"0.0.0\";s:8:\"products\";s:7:\"regular\";s:17:\"has_page_settings\";s:1:\"1\";s:6:\"is_pro\";s:1:\"1\";s:12:\"access_level\";i:1;}i:71;a:20:{s:4:\"tmpl\";i:1354;s:2:\"id\";i:23129;s:5:\"title\";s:29:\"Slide-In | Menu | VR Headsets\";s:9:\"thumbnail\";s:77:\"https://library.elementor.com/wp-content/uploads/2022/03/VR-headset-small.jpg\";s:12:\"tmpl_created\";i:1647781211;s:6:\"author\";s:9:\"Elementor\";s:3:\"url\";s:131:\"https://library.elementor.com/popups/slide-in-menu-vr-headsets/?utm_source=template-library&utm_medium=wp-dash&utm_campaign=preview\";s:4:\"type\";s:5:\"popup\";s:11:\"access_tier\";s:9:\"essential\";s:7:\"subtype\";s:8:\"slide-in\";s:4:\"tags\";s:8:\"[\"menu\"]\";s:10:\"menu_order\";i:0;s:16:\"popularity_index\";i:-1;s:11:\"trend_index\";i:-1;s:18:\"editor_layout_type\";s:0:\"\";s:15:\"minimum_version\";s:5:\"0.0.0\";s:8:\"products\";s:7:\"regular\";s:17:\"has_page_settings\";s:1:\"1\";s:6:\"is_pro\";s:1:\"1\";s:12:\"access_level\";i:1;}i:72;a:20:{s:4:\"tmpl\";i:1355;s:2:\"id\";i:23139;s:5:\"title\";s:31:\"Classic | Contact | VR Headsets\";s:9:\"thumbnail\";s:79:\"https://library.elementor.com/wp-content/uploads/2022/03/VR-headset-small-1.jpg\";s:12:\"tmpl_created\";i:1647781384;s:6:\"author\";s:9:\"Elementor\";s:3:\"url\";s:133:\"https://library.elementor.com/popups/classic-contact-vr-headsets/?utm_source=template-library&utm_medium=wp-dash&utm_campaign=preview\";s:4:\"type\";s:5:\"popup\";s:11:\"access_tier\";s:9:\"essential\";s:7:\"subtype\";s:7:\"classic\";s:4:\"tags\";s:11:\"[\"Contact\"]\";s:10:\"menu_order\";i:0;s:16:\"popularity_index\";i:-1;s:11:\"trend_index\";i:-1;s:18:\"editor_layout_type\";s:0:\"\";s:15:\"minimum_version\";s:5:\"0.0.0\";s:8:\"products\";s:7:\"regular\";s:17:\"has_page_settings\";s:1:\"1\";s:6:\"is_pro\";s:1:\"1\";s:12:\"access_level\";i:1;}i:73;a:20:{s:4:\"tmpl\";i:1356;s:2:\"id\";i:23149;s:5:\"title\";s:38:\"Slide-In | Menu | Portrait Photography\";s:9:\"thumbnail\";s:89:\"https://library.elementor.com/wp-content/uploads/2022/03/48-portrair-photography-Menu.jpg\";s:12:\"tmpl_created\";i:1647782336;s:6:\"author\";s:9:\"Elementor\";s:3:\"url\";s:140:\"https://library.elementor.com/popups/slide-in-menu-portrait-photography/?utm_source=template-library&utm_medium=wp-dash&utm_campaign=preview\";s:4:\"type\";s:5:\"popup\";s:11:\"access_tier\";s:9:\"essential\";s:7:\"subtype\";s:8:\"slide-in\";s:4:\"tags\";s:8:\"[\"menu\"]\";s:10:\"menu_order\";i:0;s:16:\"popularity_index\";i:-1;s:11:\"trend_index\";i:-1;s:18:\"editor_layout_type\";s:0:\"\";s:15:\"minimum_version\";s:5:\"0.0.0\";s:8:\"products\";s:7:\"regular\";s:17:\"has_page_settings\";s:1:\"1\";s:6:\"is_pro\";s:1:\"1\";s:12:\"access_level\";i:1;}i:74;a:20:{s:4:\"tmpl\";i:1357;s:2:\"id\";i:23159;s:5:\"title\";s:47:\"Hello Bar | Subscription | Portrait Photography\";s:9:\"thumbnail\";s:97:\"https://library.elementor.com/wp-content/uploads/2022/03/48-portrair-photography-Subscription.jpg\";s:12:\"tmpl_created\";i:1647782478;s:6:\"author\";s:9:\"Elementor\";s:3:\"url\";s:149:\"https://library.elementor.com/popups/hello-bar-subscription-portrait-photography/?utm_source=template-library&utm_medium=wp-dash&utm_campaign=preview\";s:4:\"type\";s:5:\"popup\";s:11:\"access_tier\";s:9:\"essential\";s:7:\"subtype\";s:9:\"hello bar\";s:4:\"tags\";s:34:\"[\"Blog\",\"Photography\",\"Subscribe\"]\";s:10:\"menu_order\";i:0;s:16:\"popularity_index\";i:-1;s:11:\"trend_index\";i:-1;s:18:\"editor_layout_type\";s:0:\"\";s:15:\"minimum_version\";s:5:\"0.0.0\";s:8:\"products\";s:7:\"regular\";s:17:\"has_page_settings\";s:1:\"1\";s:6:\"is_pro\";s:1:\"1\";s:12:\"access_level\";i:1;}i:75;a:20:{s:4:\"tmpl\";i:1358;s:2:\"id\";i:23169;s:5:\"title\";s:32:\"Full Screen | Menu | English Pub\";s:9:\"thumbnail\";s:80:\"https://library.elementor.com/wp-content/uploads/2022/03/49-englisg-pub-Menu.jpg\";s:12:\"tmpl_created\";i:1647782664;s:6:\"author\";s:9:\"Elementor\";s:3:\"url\";s:134:\"https://library.elementor.com/popups/full-screen-menu-english-pub/?utm_source=template-library&utm_medium=wp-dash&utm_campaign=preview\";s:4:\"type\";s:5:\"popup\";s:11:\"access_tier\";s:9:\"essential\";s:7:\"subtype\";s:11:\"full screen\";s:4:\"tags\";s:21:\"[\"Fullscreen\",\"menu\"]\";s:10:\"menu_order\";i:0;s:16:\"popularity_index\";i:-1;s:11:\"trend_index\";i:-1;s:18:\"editor_layout_type\";s:0:\"\";s:15:\"minimum_version\";s:5:\"0.0.0\";s:8:\"products\";s:7:\"regular\";s:17:\"has_page_settings\";s:1:\"1\";s:6:\"is_pro\";s:1:\"1\";s:12:\"access_level\";i:1;}i:76;a:20:{s:4:\"tmpl\";i:1359;s:2:\"id\";i:23179;s:5:\"title\";s:32:\"Classic | Discount | English Pub\";s:9:\"thumbnail\";s:84:\"https://library.elementor.com/wp-content/uploads/2022/03/49-englisg-pub-Discount.jpg\";s:12:\"tmpl_created\";i:1647782796;s:6:\"author\";s:9:\"Elementor\";s:3:\"url\";s:134:\"https://library.elementor.com/popups/classic-discount-english-pub/?utm_source=template-library&utm_medium=wp-dash&utm_campaign=preview\";s:4:\"type\";s:5:\"popup\";s:11:\"access_tier\";s:9:\"essential\";s:7:\"subtype\";s:7:\"classic\";s:4:\"tags\";s:20:\"[\"Discount\",\"Offer\"]\";s:10:\"menu_order\";i:0;s:16:\"popularity_index\";i:-1;s:11:\"trend_index\";i:-1;s:18:\"editor_layout_type\";s:0:\"\";s:15:\"minimum_version\";s:5:\"0.0.0\";s:8:\"products\";s:7:\"regular\";s:17:\"has_page_settings\";s:1:\"1\";s:6:\"is_pro\";s:1:\"1\";s:12:\"access_level\";i:1;}i:77;a:20:{s:4:\"tmpl\";i:1360;s:2:\"id\";i:23189;s:5:\"title\";s:27:\"Full Screen | Menu | Singer\";s:9:\"thumbnail\";s:81:\"https://library.elementor.com/wp-content/uploads/2022/03/58-Music-Artist-Menu.jpg\";s:12:\"tmpl_created\";i:1647783070;s:6:\"author\";s:9:\"Elementor\";s:3:\"url\";s:129:\"https://library.elementor.com/popups/full-screen-menu-singer/?utm_source=template-library&utm_medium=wp-dash&utm_campaign=preview\";s:4:\"type\";s:5:\"popup\";s:11:\"access_tier\";s:9:\"essential\";s:7:\"subtype\";s:11:\"full screen\";s:4:\"tags\";s:29:\"[\"Fullscreen\",\"menu\",\"Music\"]\";s:10:\"menu_order\";i:0;s:16:\"popularity_index\";i:-1;s:11:\"trend_index\";i:-1;s:18:\"editor_layout_type\";s:0:\"\";s:15:\"minimum_version\";s:5:\"0.0.0\";s:8:\"products\";s:7:\"regular\";s:17:\"has_page_settings\";s:1:\"1\";s:6:\"is_pro\";s:1:\"1\";s:12:\"access_level\";i:1;}i:78;a:20:{s:4:\"tmpl\";i:1361;s:2:\"id\";i:23200;s:5:\"title\";s:31:\"Classic | Subscription | Singer\";s:9:\"thumbnail\";s:89:\"https://library.elementor.com/wp-content/uploads/2022/03/58-Music-Artist-Subscription.jpg\";s:12:\"tmpl_created\";i:1647783249;s:6:\"author\";s:9:\"Elementor\";s:3:\"url\";s:133:\"https://library.elementor.com/popups/classic-subscription-singer/?utm_source=template-library&utm_medium=wp-dash&utm_campaign=preview\";s:4:\"type\";s:5:\"popup\";s:11:\"access_tier\";s:9:\"essential\";s:7:\"subtype\";s:7:\"classic\";s:4:\"tags\";s:21:\"[\"Music\",\"Subscribe\"]\";s:10:\"menu_order\";i:0;s:16:\"popularity_index\";i:-1;s:11:\"trend_index\";i:-1;s:18:\"editor_layout_type\";s:0:\"\";s:15:\"minimum_version\";s:5:\"0.0.0\";s:8:\"products\";s:7:\"regular\";s:17:\"has_page_settings\";s:1:\"1\";s:6:\"is_pro\";s:1:\"1\";s:12:\"access_level\";i:1;}i:79;a:20:{s:4:\"tmpl\";i:1362;s:2:\"id\";i:23210;s:5:\"title\";s:38:\"Full Screen | Menu | Virtual Assistant\";s:9:\"thumbnail\";s:86:\"https://library.elementor.com/wp-content/uploads/2022/03/virtual-assistnt-73-small.jpg\";s:12:\"tmpl_created\";i:1647784292;s:6:\"author\";s:9:\"Elementor\";s:3:\"url\";s:140:\"https://library.elementor.com/popups/full-screen-menu-virtual-assistant/?utm_source=template-library&utm_medium=wp-dash&utm_campaign=preview\";s:4:\"type\";s:5:\"popup\";s:11:\"access_tier\";s:9:\"essential\";s:7:\"subtype\";s:11:\"full screen\";s:4:\"tags\";s:21:\"[\"Fullscreen\",\"menu\"]\";s:10:\"menu_order\";i:0;s:16:\"popularity_index\";i:-1;s:11:\"trend_index\";i:-1;s:18:\"editor_layout_type\";s:0:\"\";s:15:\"minimum_version\";s:5:\"0.0.0\";s:8:\"products\";s:7:\"regular\";s:17:\"has_page_settings\";s:1:\"1\";s:6:\"is_pro\";s:1:\"1\";s:12:\"access_level\";i:1;}i:80;a:20:{s:4:\"tmpl\";i:1363;s:2:\"id\";i:23223;s:5:\"title\";s:39:\"Hello Bar | Contact | Virtual Assistant\";s:9:\"thumbnail\";s:92:\"https://library.elementor.com/wp-content/uploads/2022/03/73-Virtual-Assistant-Contact-Us.jpg\";s:12:\"tmpl_created\";i:1647784616;s:6:\"author\";s:9:\"Elementor\";s:3:\"url\";s:141:\"https://library.elementor.com/popups/hello-bar-contact-virtual-assistant/?utm_source=template-library&utm_medium=wp-dash&utm_campaign=preview\";s:4:\"type\";s:5:\"popup\";s:11:\"access_tier\";s:9:\"essential\";s:7:\"subtype\";s:9:\"hello bar\";s:4:\"tags\";s:37:\"[\"Contact\",\"Psychologist\",\"Services\"]\";s:10:\"menu_order\";i:0;s:16:\"popularity_index\";i:-1;s:11:\"trend_index\";i:-1;s:18:\"editor_layout_type\";s:0:\"\";s:15:\"minimum_version\";s:5:\"0.0.0\";s:8:\"products\";s:7:\"regular\";s:17:\"has_page_settings\";s:1:\"1\";s:6:\"is_pro\";s:1:\"1\";s:12:\"access_level\";i:1;}i:81;a:20:{s:4:\"tmpl\";i:1364;s:2:\"id\";i:23234;s:5:\"title\";s:32:\"Slide-In  | Menu | Personal Chef\";s:9:\"thumbnail\";s:82:\"https://library.elementor.com/wp-content/uploads/2022/03/74-Personal-Chef-Menu.jpg\";s:12:\"tmpl_created\";i:1647798194;s:6:\"author\";s:9:\"Elementor\";s:3:\"url\";s:133:\"https://library.elementor.com/popups/slide-in-menu-personal-chef/?utm_source=template-library&utm_medium=wp-dash&utm_campaign=preview\";s:4:\"type\";s:5:\"popup\";s:11:\"access_tier\";s:9:\"essential\";s:7:\"subtype\";s:8:\"slide-in\";s:4:\"tags\";s:8:\"[\"menu\"]\";s:10:\"menu_order\";i:0;s:16:\"popularity_index\";i:-1;s:11:\"trend_index\";i:-1;s:18:\"editor_layout_type\";s:0:\"\";s:15:\"minimum_version\";s:5:\"0.0.0\";s:8:\"products\";s:7:\"regular\";s:17:\"has_page_settings\";s:1:\"1\";s:6:\"is_pro\";s:1:\"1\";s:12:\"access_level\";i:1;}i:82;a:20:{s:4:\"tmpl\";i:1365;s:2:\"id\";i:23244;s:5:\"title\";s:29:\"Classic | CTA | Personal Chef\";s:9:\"thumbnail\";s:88:\"https://library.elementor.com/wp-content/uploads/2022/03/74-Personal-Chef-Contact-Us.jpg\";s:12:\"tmpl_created\";i:1647798297;s:6:\"author\";s:9:\"Elementor\";s:3:\"url\";s:131:\"https://library.elementor.com/popups/classic-cta-personal-chef/?utm_source=template-library&utm_medium=wp-dash&utm_campaign=preview\";s:4:\"type\";s:5:\"popup\";s:11:\"access_tier\";s:9:\"essential\";s:7:\"subtype\";s:7:\"classic\";s:4:\"tags\";s:24:\"[\"Booking\",\"Chef\",\"cta\"]\";s:10:\"menu_order\";i:0;s:16:\"popularity_index\";i:-1;s:11:\"trend_index\";i:-1;s:18:\"editor_layout_type\";s:0:\"\";s:15:\"minimum_version\";s:5:\"0.0.0\";s:8:\"products\";s:7:\"regular\";s:17:\"has_page_settings\";s:1:\"1\";s:6:\"is_pro\";s:1:\"1\";s:12:\"access_level\";i:1;}i:83;a:20:{s:4:\"tmpl\";i:1366;s:2:\"id\";i:23254;s:5:\"title\";s:31:\"Full Screen | Menu | Food Truck\";s:9:\"thumbnail\";s:82:\"https://library.elementor.com/wp-content/uploads/2022/03/food-truck-76-small-1.jpg\";s:12:\"tmpl_created\";i:1647798447;s:6:\"author\";s:9:\"Elementor\";s:3:\"url\";s:133:\"https://library.elementor.com/popups/full-screen-menu-food-truck/?utm_source=template-library&utm_medium=wp-dash&utm_campaign=preview\";s:4:\"type\";s:5:\"popup\";s:11:\"access_tier\";s:9:\"essential\";s:7:\"subtype\";s:11:\"full screen\";s:4:\"tags\";s:21:\"[\"Fullscreen\",\"menu\"]\";s:10:\"menu_order\";i:0;s:16:\"popularity_index\";i:-1;s:11:\"trend_index\";i:-1;s:18:\"editor_layout_type\";s:0:\"\";s:15:\"minimum_version\";s:5:\"0.0.0\";s:8:\"products\";s:7:\"regular\";s:17:\"has_page_settings\";s:1:\"1\";s:6:\"is_pro\";s:1:\"1\";s:12:\"access_level\";i:1;}i:84;a:20:{s:4:\"tmpl\";i:1367;s:2:\"id\";i:23265;s:5:\"title\";s:30:\"Fly-In | Discount | Food Truck\";s:9:\"thumbnail\";s:80:\"https://library.elementor.com/wp-content/uploads/2022/03/food-truck-76-small.jpg\";s:12:\"tmpl_created\";i:1647798657;s:6:\"author\";s:9:\"Elementor\";s:3:\"url\";s:132:\"https://library.elementor.com/popups/fly-in-discount-food-truck/?utm_source=template-library&utm_medium=wp-dash&utm_campaign=preview\";s:4:\"type\";s:5:\"popup\";s:11:\"access_tier\";s:9:\"essential\";s:7:\"subtype\";s:6:\"fly-in\";s:4:\"tags\";s:20:\"[\"Discount\",\"Offer\"]\";s:10:\"menu_order\";i:0;s:16:\"popularity_index\";i:-1;s:11:\"trend_index\";i:-1;s:18:\"editor_layout_type\";s:0:\"\";s:15:\"minimum_version\";s:5:\"0.0.0\";s:8:\"products\";s:7:\"regular\";s:17:\"has_page_settings\";s:1:\"1\";s:6:\"is_pro\";s:1:\"1\";s:12:\"access_level\";i:1;}i:85;a:20:{s:4:\"tmpl\";i:1369;s:2:\"id\";i:23323;s:5:\"title\";s:28:\"Classic | CTA | Black Friday\";s:9:\"thumbnail\";s:81:\"https://library.elementor.com/wp-content/uploads/2022/03/Black-Friday-6-Small.jpg\";s:12:\"tmpl_created\";i:1647855505;s:6:\"author\";s:9:\"Elementor\";s:3:\"url\";s:130:\"https://library.elementor.com/popups/classic-cta-black-friday/?utm_source=template-library&utm_medium=wp-dash&utm_campaign=preview\";s:4:\"type\";s:5:\"popup\";s:11:\"access_tier\";s:9:\"essential\";s:7:\"subtype\";s:7:\"classic\";s:4:\"tags\";s:34:\"[\"Black Friday\",\"cta\",\"Ecommerce\"]\";s:10:\"menu_order\";i:0;s:16:\"popularity_index\";i:-1;s:11:\"trend_index\";i:-1;s:18:\"editor_layout_type\";s:0:\"\";s:15:\"minimum_version\";s:5:\"0.0.0\";s:8:\"products\";s:7:\"regular\";s:17:\"has_page_settings\";s:1:\"1\";s:6:\"is_pro\";s:1:\"1\";s:12:\"access_level\";i:1;}i:86;a:20:{s:4:\"tmpl\";i:1370;s:2:\"id\";i:23329;s:5:\"title\";s:29:\"Slide-In | CTA | Black Friday\";s:9:\"thumbnail\";s:81:\"https://library.elementor.com/wp-content/uploads/2022/03/Black-Friday-5-Small.jpg\";s:12:\"tmpl_created\";i:1647855865;s:6:\"author\";s:9:\"Elementor\";s:3:\"url\";s:131:\"https://library.elementor.com/popups/slide-in-cta-black-friday/?utm_source=template-library&utm_medium=wp-dash&utm_campaign=preview\";s:4:\"type\";s:5:\"popup\";s:11:\"access_tier\";s:9:\"essential\";s:7:\"subtype\";s:8:\"slide-in\";s:4:\"tags\";s:34:\"[\"Black Friday\",\"cta\",\"Ecommerce\"]\";s:10:\"menu_order\";i:0;s:16:\"popularity_index\";i:-1;s:11:\"trend_index\";i:-1;s:18:\"editor_layout_type\";s:0:\"\";s:15:\"minimum_version\";s:5:\"0.0.0\";s:8:\"products\";s:7:\"regular\";s:17:\"has_page_settings\";s:1:\"1\";s:6:\"is_pro\";s:1:\"1\";s:12:\"access_level\";i:1;}i:87;a:20:{s:4:\"tmpl\";i:1371;s:2:\"id\";i:23335;s:5:\"title\";s:31:\"Slide-In | CTA | Black Friday 1\";s:9:\"thumbnail\";s:81:\"https://library.elementor.com/wp-content/uploads/2022/03/Black-Friday-1-Small.jpg\";s:12:\"tmpl_created\";i:1647856357;s:6:\"author\";s:9:\"Elementor\";s:3:\"url\";s:133:\"https://library.elementor.com/popups/slide-in-cta-black-friday-1/?utm_source=template-library&utm_medium=wp-dash&utm_campaign=preview\";s:4:\"type\";s:5:\"popup\";s:11:\"access_tier\";s:9:\"essential\";s:7:\"subtype\";s:8:\"slide-in\";s:4:\"tags\";s:34:\"[\"Black Friday\",\"cta\",\"Ecommerce\"]\";s:10:\"menu_order\";i:0;s:16:\"popularity_index\";i:-1;s:11:\"trend_index\";i:-1;s:18:\"editor_layout_type\";s:0:\"\";s:15:\"minimum_version\";s:5:\"0.0.0\";s:8:\"products\";s:7:\"regular\";s:17:\"has_page_settings\";s:1:\"1\";s:6:\"is_pro\";s:1:\"1\";s:12:\"access_level\";i:1;}i:88;a:20:{s:4:\"tmpl\";i:1372;s:2:\"id\";i:23341;s:5:\"title\";s:30:\"Classic | CTA | Black Friday 2\";s:9:\"thumbnail\";s:81:\"https://library.elementor.com/wp-content/uploads/2022/03/Black-Friday-3-Small.jpg\";s:12:\"tmpl_created\";i:1647856493;s:6:\"author\";s:9:\"Elementor\";s:3:\"url\";s:132:\"https://library.elementor.com/popups/classic-cta-black-friday-2/?utm_source=template-library&utm_medium=wp-dash&utm_campaign=preview\";s:4:\"type\";s:5:\"popup\";s:11:\"access_tier\";s:9:\"essential\";s:7:\"subtype\";s:7:\"classic\";s:4:\"tags\";s:34:\"[\"Black Friday\",\"cta\",\"Ecommerce\"]\";s:10:\"menu_order\";i:0;s:16:\"popularity_index\";i:-1;s:11:\"trend_index\";i:-1;s:18:\"editor_layout_type\";s:0:\"\";s:15:\"minimum_version\";s:5:\"0.0.0\";s:8:\"products\";s:7:\"regular\";s:17:\"has_page_settings\";s:1:\"1\";s:6:\"is_pro\";s:1:\"1\";s:12:\"access_level\";i:1;}i:89;a:20:{s:4:\"tmpl\";i:1373;s:2:\"id\";i:23347;s:5:\"title\";s:30:\"Classic | CTA | Black Friday 3\";s:9:\"thumbnail\";s:81:\"https://library.elementor.com/wp-content/uploads/2022/03/Black-Friday-2-Small.jpg\";s:12:\"tmpl_created\";i:1647856891;s:6:\"author\";s:9:\"Elementor\";s:3:\"url\";s:132:\"https://library.elementor.com/popups/classic-cta-black-friday-3/?utm_source=template-library&utm_medium=wp-dash&utm_campaign=preview\";s:4:\"type\";s:5:\"popup\";s:11:\"access_tier\";s:9:\"essential\";s:7:\"subtype\";s:7:\"classic\";s:4:\"tags\";s:34:\"[\"Black Friday\",\"cta\",\"Ecommerce\"]\";s:10:\"menu_order\";i:0;s:16:\"popularity_index\";i:-1;s:11:\"trend_index\";i:-1;s:18:\"editor_layout_type\";s:0:\"\";s:15:\"minimum_version\";s:5:\"0.0.0\";s:8:\"products\";s:7:\"regular\";s:17:\"has_page_settings\";s:1:\"1\";s:6:\"is_pro\";s:1:\"1\";s:12:\"access_level\";i:1;}i:90;a:20:{s:4:\"tmpl\";i:1374;s:2:\"id\";i:23354;s:5:\"title\";s:30:\"Classic | CTA | Black Friday 4\";s:9:\"thumbnail\";s:81:\"https://library.elementor.com/wp-content/uploads/2022/03/Black-Friday-4-Small.jpg\";s:12:\"tmpl_created\";i:1647856996;s:6:\"author\";s:9:\"Elementor\";s:3:\"url\";s:132:\"https://library.elementor.com/popups/classic-cta-black-friday-4/?utm_source=template-library&utm_medium=wp-dash&utm_campaign=preview\";s:4:\"type\";s:5:\"popup\";s:11:\"access_tier\";s:9:\"essential\";s:7:\"subtype\";s:7:\"classic\";s:4:\"tags\";s:34:\"[\"Black Friday\",\"cta\",\"Ecommerce\"]\";s:10:\"menu_order\";i:0;s:16:\"popularity_index\";i:-1;s:11:\"trend_index\";i:-1;s:18:\"editor_layout_type\";s:0:\"\";s:15:\"minimum_version\";s:5:\"0.0.0\";s:8:\"products\";s:7:\"regular\";s:17:\"has_page_settings\";s:1:\"1\";s:6:\"is_pro\";s:1:\"1\";s:12:\"access_level\";i:1;}i:91;a:20:{s:4:\"tmpl\";i:1375;s:2:\"id\";i:23394;s:5:\"title\";s:27:\"Classic | CTA | Halloween 1\";s:9:\"thumbnail\";s:78:\"https://library.elementor.com/wp-content/uploads/2022/03/Halloween-3-Small.jpg\";s:12:\"tmpl_created\";i:1647857351;s:6:\"author\";s:9:\"Elementor\";s:3:\"url\";s:129:\"https://library.elementor.com/popups/classic-cta-halloween-1/?utm_source=template-library&utm_medium=wp-dash&utm_campaign=preview\";s:4:\"type\";s:5:\"popup\";s:11:\"access_tier\";s:9:\"essential\";s:7:\"subtype\";s:7:\"classic\";s:4:\"tags\";s:31:\"[\"cta\",\"Ecommerce\",\"Halloween\"]\";s:10:\"menu_order\";i:0;s:16:\"popularity_index\";i:-1;s:11:\"trend_index\";i:-1;s:18:\"editor_layout_type\";s:0:\"\";s:15:\"minimum_version\";s:5:\"0.0.0\";s:8:\"products\";s:7:\"regular\";s:17:\"has_page_settings\";s:1:\"1\";s:6:\"is_pro\";s:1:\"1\";s:12:\"access_level\";i:1;}i:92;a:20:{s:4:\"tmpl\";i:1376;s:2:\"id\";i:23401;s:5:\"title\";s:33:\"Slide-In | Discount | Halloween 2\";s:9:\"thumbnail\";s:78:\"https://library.elementor.com/wp-content/uploads/2022/03/Halloween-2-Small.jpg\";s:12:\"tmpl_created\";i:1647857567;s:6:\"author\";s:9:\"Elementor\";s:3:\"url\";s:135:\"https://library.elementor.com/popups/slide-in-discount-halloween-2/?utm_source=template-library&utm_medium=wp-dash&utm_campaign=preview\";s:4:\"type\";s:5:\"popup\";s:11:\"access_tier\";s:9:\"essential\";s:7:\"subtype\";s:8:\"slide-in\";s:4:\"tags\";s:36:\"[\"Discount\",\"Ecommerce\",\"Halloween\"]\";s:10:\"menu_order\";i:0;s:16:\"popularity_index\";i:-1;s:11:\"trend_index\";i:-1;s:18:\"editor_layout_type\";s:0:\"\";s:15:\"minimum_version\";s:5:\"0.0.0\";s:8:\"products\";s:7:\"regular\";s:17:\"has_page_settings\";s:1:\"1\";s:6:\"is_pro\";s:1:\"1\";s:12:\"access_level\";i:1;}i:93;a:20:{s:4:\"tmpl\";i:1377;s:2:\"id\";i:23407;s:5:\"title\";s:33:\"Slide-In | Discount | Halloween 3\";s:9:\"thumbnail\";s:78:\"https://library.elementor.com/wp-content/uploads/2022/03/Halloween-1-Small.jpg\";s:12:\"tmpl_created\";i:1647857814;s:6:\"author\";s:9:\"Elementor\";s:3:\"url\";s:135:\"https://library.elementor.com/popups/slide-in-discount-halloween-3/?utm_source=template-library&utm_medium=wp-dash&utm_campaign=preview\";s:4:\"type\";s:5:\"popup\";s:11:\"access_tier\";s:9:\"essential\";s:7:\"subtype\";s:8:\"slide-in\";s:4:\"tags\";s:36:\"[\"Discount\",\"Ecommerce\",\"Halloween\"]\";s:10:\"menu_order\";i:0;s:16:\"popularity_index\";i:-1;s:11:\"trend_index\";i:-1;s:18:\"editor_layout_type\";s:0:\"\";s:15:\"minimum_version\";s:5:\"0.0.0\";s:8:\"products\";s:7:\"regular\";s:17:\"has_page_settings\";s:1:\"1\";s:6:\"is_pro\";s:1:\"1\";s:12:\"access_level\";i:1;}i:94;a:20:{s:4:\"tmpl\";i:1378;s:2:\"id\";i:23416;s:5:\"title\";s:31:\"Fly-In | Discount | Halloween 4\";s:9:\"thumbnail\";s:78:\"https://library.elementor.com/wp-content/uploads/2022/03/Halloween-5-Small.jpg\";s:12:\"tmpl_created\";i:1647858024;s:6:\"author\";s:9:\"Elementor\";s:3:\"url\";s:133:\"https://library.elementor.com/popups/fly-in-discount-halloween-4/?utm_source=template-library&utm_medium=wp-dash&utm_campaign=preview\";s:4:\"type\";s:5:\"popup\";s:11:\"access_tier\";s:9:\"essential\";s:7:\"subtype\";s:6:\"fly-in\";s:4:\"tags\";s:44:\"[\"Discount\",\"Ecommerce\",\"Halloween\",\"Offer\"]\";s:10:\"menu_order\";i:0;s:16:\"popularity_index\";i:-1;s:11:\"trend_index\";i:-1;s:18:\"editor_layout_type\";s:0:\"\";s:15:\"minimum_version\";s:5:\"0.0.0\";s:8:\"products\";s:7:\"regular\";s:17:\"has_page_settings\";s:1:\"1\";s:6:\"is_pro\";s:1:\"1\";s:12:\"access_level\";i:1;}i:95;a:20:{s:4:\"tmpl\";i:1379;s:2:\"id\";i:23422;s:5:\"title\";s:36:\"Classic | Subscription | Halloween 5\";s:9:\"thumbnail\";s:78:\"https://library.elementor.com/wp-content/uploads/2022/03/Halloween-4-Small.jpg\";s:12:\"tmpl_created\";i:1647858246;s:6:\"author\";s:9:\"Elementor\";s:3:\"url\";s:138:\"https://library.elementor.com/popups/classic-subscription-halloween-5/?utm_source=template-library&utm_medium=wp-dash&utm_campaign=preview\";s:4:\"type\";s:5:\"popup\";s:11:\"access_tier\";s:9:\"essential\";s:7:\"subtype\";s:7:\"classic\";s:4:\"tags\";s:48:\"[\"Discount\",\"Ecommerce\",\"Halloween\",\"Subscribe\"]\";s:10:\"menu_order\";i:0;s:16:\"popularity_index\";i:-1;s:11:\"trend_index\";i:-1;s:18:\"editor_layout_type\";s:0:\"\";s:15:\"minimum_version\";s:5:\"0.0.0\";s:8:\"products\";s:7:\"regular\";s:17:\"has_page_settings\";s:1:\"1\";s:6:\"is_pro\";s:1:\"1\";s:12:\"access_level\";i:1;}i:96;a:20:{s:4:\"tmpl\";i:1380;s:2:\"id\";i:23471;s:5:\"title\";s:28:\"Slide-In | CTA | Christmas 1\";s:9:\"thumbnail\";s:78:\"https://library.elementor.com/wp-content/uploads/2022/03/Christmas-2-Small.jpg\";s:12:\"tmpl_created\";i:1647859193;s:6:\"author\";s:9:\"Elementor\";s:3:\"url\";s:130:\"https://library.elementor.com/popups/slide-in-cta-christmas-1/?utm_source=template-library&utm_medium=wp-dash&utm_campaign=preview\";s:4:\"type\";s:5:\"popup\";s:11:\"access_tier\";s:9:\"essential\";s:7:\"subtype\";s:8:\"slide-in\";s:4:\"tags\";s:19:\"[\"Christmas\",\"cta\"]\";s:10:\"menu_order\";i:0;s:16:\"popularity_index\";i:-1;s:11:\"trend_index\";i:-1;s:18:\"editor_layout_type\";s:0:\"\";s:15:\"minimum_version\";s:5:\"0.0.0\";s:8:\"products\";s:7:\"regular\";s:17:\"has_page_settings\";s:1:\"1\";s:6:\"is_pro\";s:1:\"1\";s:12:\"access_level\";i:1;}i:97;a:20:{s:4:\"tmpl\";i:1381;s:2:\"id\";i:23477;s:5:\"title\";s:28:\"Slide-In | CTA | Christmas 2\";s:9:\"thumbnail\";s:78:\"https://library.elementor.com/wp-content/uploads/2022/03/Christmas-4-Small.jpg\";s:12:\"tmpl_created\";i:1647859838;s:6:\"author\";s:9:\"Elementor\";s:3:\"url\";s:130:\"https://library.elementor.com/popups/slide-in-cta-christmas-2/?utm_source=template-library&utm_medium=wp-dash&utm_campaign=preview\";s:4:\"type\";s:5:\"popup\";s:11:\"access_tier\";s:9:\"essential\";s:7:\"subtype\";s:8:\"slide-in\";s:4:\"tags\";s:19:\"[\"Christmas\",\"cta\"]\";s:10:\"menu_order\";i:0;s:16:\"popularity_index\";i:-1;s:11:\"trend_index\";i:-1;s:18:\"editor_layout_type\";s:0:\"\";s:15:\"minimum_version\";s:5:\"0.0.0\";s:8:\"products\";s:7:\"regular\";s:17:\"has_page_settings\";s:1:\"1\";s:6:\"is_pro\";s:1:\"1\";s:12:\"access_level\";i:1;}i:98;a:20:{s:4:\"tmpl\";i:1382;s:2:\"id\";i:23483;s:5:\"title\";s:26:\"Fly-In | CTA | Christmas 3\";s:9:\"thumbnail\";s:78:\"https://library.elementor.com/wp-content/uploads/2022/03/Christmas-1-Small.jpg\";s:12:\"tmpl_created\";i:1647860157;s:6:\"author\";s:9:\"Elementor\";s:3:\"url\";s:128:\"https://library.elementor.com/popups/fly-in-cta-christmas-3/?utm_source=template-library&utm_medium=wp-dash&utm_campaign=preview\";s:4:\"type\";s:5:\"popup\";s:11:\"access_tier\";s:9:\"essential\";s:7:\"subtype\";s:6:\"fly-in\";s:4:\"tags\";s:31:\"[\"Christmas\",\"cta\",\"Ecommerce\"]\";s:10:\"menu_order\";i:0;s:16:\"popularity_index\";i:-1;s:11:\"trend_index\";i:-1;s:18:\"editor_layout_type\";s:0:\"\";s:15:\"minimum_version\";s:5:\"0.0.0\";s:8:\"products\";s:7:\"regular\";s:17:\"has_page_settings\";s:1:\"1\";s:6:\"is_pro\";s:1:\"1\";s:12:\"access_level\";i:1;}i:99;a:20:{s:4:\"tmpl\";i:1383;s:2:\"id\";i:23489;s:5:\"title\";s:33:\"Slide-In | Discount | Christmas 4\";s:9:\"thumbnail\";s:78:\"https://library.elementor.com/wp-content/uploads/2022/03/Christmas-5-Small.jpg\";s:12:\"tmpl_created\";i:1647860302;s:6:\"author\";s:9:\"Elementor\";s:3:\"url\";s:135:\"https://library.elementor.com/popups/slide-in-discount-christmas-4/?utm_source=template-library&utm_medium=wp-dash&utm_campaign=preview\";s:4:\"type\";s:5:\"popup\";s:11:\"access_tier\";s:9:\"essential\";s:7:\"subtype\";s:8:\"slide-in\";s:4:\"tags\";s:31:\"[\"Christmas\",\"cta\",\"Ecommerce\"]\";s:10:\"menu_order\";i:0;s:16:\"popularity_index\";i:-1;s:11:\"trend_index\";i:-1;s:18:\"editor_layout_type\";s:0:\"\";s:15:\"minimum_version\";s:5:\"0.0.0\";s:8:\"products\";s:7:\"regular\";s:17:\"has_page_settings\";s:1:\"1\";s:6:\"is_pro\";s:1:\"1\";s:12:\"access_level\";i:1;}i:100;a:20:{s:4:\"tmpl\";i:1384;s:2:\"id\";i:23496;s:5:\"title\";s:32:\"Classic | Discount | Christmas 5\";s:9:\"thumbnail\";s:78:\"https://library.elementor.com/wp-content/uploads/2022/03/Christmas-3-Small.jpg\";s:12:\"tmpl_created\";i:1647860454;s:6:\"author\";s:9:\"Elementor\";s:3:\"url\";s:134:\"https://library.elementor.com/popups/classic-discount-christmas-5/?utm_source=template-library&utm_medium=wp-dash&utm_campaign=preview\";s:4:\"type\";s:5:\"popup\";s:11:\"access_tier\";s:9:\"essential\";s:7:\"subtype\";s:7:\"classic\";s:4:\"tags\";s:29:\"[\"Christmas\",\"Offer\",\"Sales\"]\";s:10:\"menu_order\";i:0;s:16:\"popularity_index\";i:-1;s:11:\"trend_index\";i:-1;s:18:\"editor_layout_type\";s:0:\"\";s:15:\"minimum_version\";s:5:\"0.0.0\";s:8:\"products\";s:7:\"regular\";s:17:\"has_page_settings\";s:1:\"1\";s:6:\"is_pro\";s:1:\"1\";s:12:\"access_level\";i:1;}i:101;a:20:{s:4:\"tmpl\";i:1385;s:2:\"id\";i:23523;s:5:\"title\";s:30:\"Classic | CTA | Valentines Day\";s:9:\"thumbnail\";s:83:\"https://library.elementor.com/wp-content/uploads/2022/03/Valentines-Day-2-Small.jpg\";s:12:\"tmpl_created\";i:1647860912;s:6:\"author\";s:9:\"Elementor\";s:3:\"url\";s:132:\"https://library.elementor.com/popups/classic-cta-valentines-day/?utm_source=template-library&utm_medium=wp-dash&utm_campaign=preview\";s:4:\"type\";s:5:\"popup\";s:11:\"access_tier\";s:9:\"essential\";s:7:\"subtype\";s:7:\"classic\";s:4:\"tags\";s:25:\"[\"cta\",\"Valentine\'s Day\"]\";s:10:\"menu_order\";i:0;s:16:\"popularity_index\";i:-1;s:11:\"trend_index\";i:-1;s:18:\"editor_layout_type\";s:0:\"\";s:15:\"minimum_version\";s:5:\"0.0.0\";s:8:\"products\";s:7:\"regular\";s:17:\"has_page_settings\";s:1:\"1\";s:6:\"is_pro\";s:1:\"1\";s:12:\"access_level\";i:1;}i:102;a:20:{s:4:\"tmpl\";i:1386;s:2:\"id\";i:23529;s:5:\"title\";s:39:\"Hello Bar | Discount | Valentines Day 2\";s:9:\"thumbnail\";s:83:\"https://library.elementor.com/wp-content/uploads/2022/03/Valentines-Day-1-Small.jpg\";s:12:\"tmpl_created\";i:1647861064;s:6:\"author\";s:9:\"Elementor\";s:3:\"url\";s:141:\"https://library.elementor.com/popups/hello-bar-discount-valentines-day-2/?utm_source=template-library&utm_medium=wp-dash&utm_campaign=preview\";s:4:\"type\";s:5:\"popup\";s:11:\"access_tier\";s:9:\"essential\";s:7:\"subtype\";s:9:\"hello bar\";s:4:\"tags\";s:30:\"[\"Discount\",\"Valentine\'s Day\"]\";s:10:\"menu_order\";i:0;s:16:\"popularity_index\";i:-1;s:11:\"trend_index\";i:-1;s:18:\"editor_layout_type\";s:0:\"\";s:15:\"minimum_version\";s:5:\"0.0.0\";s:8:\"products\";s:7:\"regular\";s:17:\"has_page_settings\";s:1:\"1\";s:6:\"is_pro\";s:1:\"1\";s:12:\"access_level\";i:1;}i:103;a:20:{s:4:\"tmpl\";i:1387;s:2:\"id\";i:23536;s:5:\"title\";s:32:\"Classic | CTA | Valentines Day 3\";s:9:\"thumbnail\";s:83:\"https://library.elementor.com/wp-content/uploads/2022/03/Valentines-Day-3-Small.jpg\";s:12:\"tmpl_created\";i:1647861536;s:6:\"author\";s:9:\"Elementor\";s:3:\"url\";s:134:\"https://library.elementor.com/popups/classic-cta-valentines-day-3/?utm_source=template-library&utm_medium=wp-dash&utm_campaign=preview\";s:4:\"type\";s:5:\"popup\";s:11:\"access_tier\";s:9:\"essential\";s:7:\"subtype\";s:7:\"classic\";s:4:\"tags\";s:25:\"[\"cta\",\"Valentine\'s Day\"]\";s:10:\"menu_order\";i:0;s:16:\"popularity_index\";i:-1;s:11:\"trend_index\";i:-1;s:18:\"editor_layout_type\";s:0:\"\";s:15:\"minimum_version\";s:5:\"0.0.0\";s:8:\"products\";s:7:\"regular\";s:17:\"has_page_settings\";s:1:\"1\";s:6:\"is_pro\";s:1:\"1\";s:12:\"access_level\";i:1;}i:104;a:20:{s:4:\"tmpl\";i:1388;s:2:\"id\";i:23586;s:5:\"title\";s:51:\"Fly-In | Subscribe | Health &#038; Wellness Company\";s:9:\"thumbnail\";s:103:\"https://library.elementor.com/wp-content/uploads/2022/03/35-Subscribe-Health-Wellness-Company-Small.jpg\";s:12:\"tmpl_created\";i:1647862008;s:6:\"author\";s:9:\"Elementor\";s:3:\"url\";s:146:\"https://library.elementor.com/popups/fly-in-subscribe-health-wellness-company/?utm_source=template-library&utm_medium=wp-dash&utm_campaign=preview\";s:4:\"type\";s:5:\"popup\";s:11:\"access_tier\";s:9:\"essential\";s:7:\"subtype\";s:4:\"page\";s:4:\"tags\";s:24:\"[\"Business\",\"Subscribe\"]\";s:10:\"menu_order\";i:0;s:16:\"popularity_index\";i:-1;s:11:\"trend_index\";i:-1;s:18:\"editor_layout_type\";s:0:\"\";s:15:\"minimum_version\";s:5:\"0.0.0\";s:8:\"products\";s:7:\"regular\";s:17:\"has_page_settings\";s:1:\"1\";s:6:\"is_pro\";s:1:\"1\";s:12:\"access_level\";i:1;}i:105;a:20:{s:4:\"tmpl\";i:1389;s:2:\"id\";i:23592;s:5:\"title\";s:34:\"Classic | Subscribe | Tech Company\";s:9:\"thumbnail\";s:92:\"https://library.elementor.com/wp-content/uploads/2022/03/36-Subscribe-Tech-Company-Small.jpg\";s:12:\"tmpl_created\";i:1647866706;s:6:\"author\";s:9:\"Elementor\";s:3:\"url\";s:136:\"https://library.elementor.com/popups/classic-subscribe-tech-company/?utm_source=template-library&utm_medium=wp-dash&utm_campaign=preview\";s:4:\"type\";s:5:\"popup\";s:11:\"access_tier\";s:9:\"essential\";s:7:\"subtype\";s:7:\"classic\";s:4:\"tags\";s:25:\"[\"Marketing\",\"Subscribe\"]\";s:10:\"menu_order\";i:0;s:16:\"popularity_index\";i:-1;s:11:\"trend_index\";i:-1;s:18:\"editor_layout_type\";s:0:\"\";s:15:\"minimum_version\";s:5:\"0.0.0\";s:8:\"products\";s:7:\"regular\";s:17:\"has_page_settings\";s:1:\"1\";s:6:\"is_pro\";s:1:\"1\";s:12:\"access_level\";i:1;}i:106;a:20:{s:4:\"tmpl\";i:1390;s:2:\"id\";i:23598;s:5:\"title\";s:36:\"Classic | Contact Us | Fight Classes\";s:9:\"thumbnail\";s:94:\"https://library.elementor.com/wp-content/uploads/2022/03/37-Contact-Us-Fight-Classes-Small.jpg\";s:12:\"tmpl_created\";i:1647866869;s:6:\"author\";s:9:\"Elementor\";s:3:\"url\";s:138:\"https://library.elementor.com/popups/classic-contact-us-fight-classes/?utm_source=template-library&utm_medium=wp-dash&utm_campaign=preview\";s:4:\"type\";s:5:\"popup\";s:11:\"access_tier\";s:9:\"essential\";s:7:\"subtype\";s:7:\"classic\";s:4:\"tags\";s:23:\"[\"Contact\",\"Marketing\"]\";s:10:\"menu_order\";i:0;s:16:\"popularity_index\";i:-1;s:11:\"trend_index\";i:-1;s:18:\"editor_layout_type\";s:0:\"\";s:15:\"minimum_version\";s:5:\"0.0.0\";s:8:\"products\";s:7:\"regular\";s:17:\"has_page_settings\";s:1:\"1\";s:6:\"is_pro\";s:1:\"1\";s:12:\"access_level\";i:1;}i:107;a:20:{s:4:\"tmpl\";i:1391;s:2:\"id\";i:23611;s:5:\"title\";s:31:\"Classic | CTA | Mochi Shop Sale\";s:9:\"thumbnail\";s:99:\"https://library.elementor.com/wp-content/uploads/2022/03/39-Click-Through-Mochi-Shop-Sale-Small.jpg\";s:12:\"tmpl_created\";i:1647867750;s:6:\"author\";s:9:\"Elementor\";s:3:\"url\";s:133:\"https://library.elementor.com/popups/classic-cta-mochi-shop-sale/?utm_source=template-library&utm_medium=wp-dash&utm_campaign=preview\";s:4:\"type\";s:5:\"popup\";s:11:\"access_tier\";s:9:\"essential\";s:7:\"subtype\";s:7:\"classic\";s:4:\"tags\";s:23:\"[\"cta\",\"Offer\",\"Sales\"]\";s:10:\"menu_order\";i:0;s:16:\"popularity_index\";i:-1;s:11:\"trend_index\";i:-1;s:18:\"editor_layout_type\";s:0:\"\";s:15:\"minimum_version\";s:5:\"0.0.0\";s:8:\"products\";s:7:\"regular\";s:17:\"has_page_settings\";s:1:\"1\";s:6:\"is_pro\";s:1:\"1\";s:12:\"access_level\";i:1;}i:108;a:20:{s:4:\"tmpl\";i:1392;s:2:\"id\";i:23618;s:5:\"title\";s:28:\"Classic | CTA | Fashion Shop\";s:9:\"thumbnail\";s:96:\"https://library.elementor.com/wp-content/uploads/2022/03/40-Click-Through-Fashion-Shop-Small.jpg\";s:12:\"tmpl_created\";i:1647868251;s:6:\"author\";s:9:\"Elementor\";s:3:\"url\";s:130:\"https://library.elementor.com/popups/classic-cta-fashion-shop/?utm_source=template-library&utm_medium=wp-dash&utm_campaign=preview\";s:4:\"type\";s:5:\"popup\";s:11:\"access_tier\";s:9:\"essential\";s:7:\"subtype\";s:7:\"classic\";s:4:\"tags\";s:19:\"[\"cta\",\"Ecommerce\"]\";s:10:\"menu_order\";i:0;s:16:\"popularity_index\";i:-1;s:11:\"trend_index\";i:-1;s:18:\"editor_layout_type\";s:0:\"\";s:15:\"minimum_version\";s:5:\"0.0.0\";s:8:\"products\";s:7:\"regular\";s:17:\"has_page_settings\";s:1:\"1\";s:6:\"is_pro\";s:1:\"1\";s:12:\"access_level\";i:1;}i:109;a:20:{s:4:\"tmpl\";i:1393;s:2:\"id\";i:23624;s:5:\"title\";s:29:\"Fly-In | Login | Tech Company\";s:9:\"thumbnail\";s:88:\"https://library.elementor.com/wp-content/uploads/2022/03/41-Login-Tech-Company-Small.jpg\";s:12:\"tmpl_created\";i:1647868704;s:6:\"author\";s:9:\"Elementor\";s:3:\"url\";s:131:\"https://library.elementor.com/popups/fly-in-login-tech-company/?utm_source=template-library&utm_medium=wp-dash&utm_campaign=preview\";s:4:\"type\";s:5:\"popup\";s:11:\"access_tier\";s:9:\"essential\";s:7:\"subtype\";s:6:\"fly-in\";s:4:\"tags\";s:9:\"[\"Login\"]\";s:10:\"menu_order\";i:0;s:16:\"popularity_index\";i:-1;s:11:\"trend_index\";i:-1;s:18:\"editor_layout_type\";s:0:\"\";s:15:\"minimum_version\";s:5:\"0.0.0\";s:8:\"products\";s:7:\"regular\";s:17:\"has_page_settings\";s:1:\"1\";s:6:\"is_pro\";s:1:\"1\";s:12:\"access_level\";i:1;}i:110;a:20:{s:4:\"tmpl\";i:1394;s:2:\"id\";i:23630;s:5:\"title\";s:36:\"Fly-In | Verification | Liquor Store\";s:9:\"thumbnail\";s:95:\"https://library.elementor.com/wp-content/uploads/2022/03/42-Verification-Liquor-Store-Small.jpg\";s:12:\"tmpl_created\";i:1647870308;s:6:\"author\";s:9:\"Elementor\";s:3:\"url\";s:138:\"https://library.elementor.com/popups/fly-in-verification-liquor-store/?utm_source=template-library&utm_medium=wp-dash&utm_campaign=preview\";s:4:\"type\";s:5:\"popup\";s:11:\"access_tier\";s:9:\"essential\";s:7:\"subtype\";s:6:\"fly-in\";s:4:\"tags\";s:16:\"[\"Verification\"]\";s:10:\"menu_order\";i:0;s:16:\"popularity_index\";i:-1;s:11:\"trend_index\";i:-1;s:18:\"editor_layout_type\";s:0:\"\";s:15:\"minimum_version\";s:5:\"0.0.0\";s:8:\"products\";s:7:\"regular\";s:17:\"has_page_settings\";s:1:\"1\";s:6:\"is_pro\";s:1:\"1\";s:12:\"access_level\";i:1;}i:111;a:20:{s:4:\"tmpl\";i:1395;s:2:\"id\";i:23636;s:5:\"title\";s:39:\"Hello Bar | Subscribe | Online Magazine\";s:9:\"thumbnail\";s:95:\"https://library.elementor.com/wp-content/uploads/2022/03/44-Subscribe-Online-Magazine-Small.jpg\";s:12:\"tmpl_created\";i:1647870465;s:6:\"author\";s:9:\"Elementor\";s:3:\"url\";s:141:\"https://library.elementor.com/popups/hello-bar-subscribe-online-magazine/?utm_source=template-library&utm_medium=wp-dash&utm_campaign=preview\";s:4:\"type\";s:5:\"popup\";s:11:\"access_tier\";s:9:\"essential\";s:7:\"subtype\";s:9:\"hello bar\";s:4:\"tags\";s:20:\"[\"Blog\",\"Subscribe\"]\";s:10:\"menu_order\";i:0;s:16:\"popularity_index\";i:-1;s:11:\"trend_index\";i:-1;s:18:\"editor_layout_type\";s:0:\"\";s:15:\"minimum_version\";s:5:\"0.0.0\";s:8:\"products\";s:7:\"regular\";s:17:\"has_page_settings\";s:1:\"1\";s:6:\"is_pro\";s:1:\"1\";s:12:\"access_level\";i:1;}i:112;a:20:{s:4:\"tmpl\";i:1396;s:2:\"id\";i:23642;s:5:\"title\";s:27:\"Fly-In | Login | Health Spa\";s:9:\"thumbnail\";s:86:\"https://library.elementor.com/wp-content/uploads/2022/03/43-Login-Health-Spa-Small.jpg\";s:12:\"tmpl_created\";i:1647872427;s:6:\"author\";s:9:\"Elementor\";s:3:\"url\";s:129:\"https://library.elementor.com/popups/fly-in-login-health-spa/?utm_source=template-library&utm_medium=wp-dash&utm_campaign=preview\";s:4:\"type\";s:5:\"popup\";s:11:\"access_tier\";s:9:\"essential\";s:7:\"subtype\";s:6:\"fly-in\";s:4:\"tags\";s:20:\"[\"Login\",\"Services\"]\";s:10:\"menu_order\";i:0;s:16:\"popularity_index\";i:-1;s:11:\"trend_index\";i:-1;s:18:\"editor_layout_type\";s:0:\"\";s:15:\"minimum_version\";s:5:\"0.0.0\";s:8:\"products\";s:7:\"regular\";s:17:\"has_page_settings\";s:1:\"1\";s:6:\"is_pro\";s:1:\"1\";s:12:\"access_level\";i:1;}i:113;a:20:{s:4:\"tmpl\";i:1397;s:2:\"id\";i:23648;s:5:\"title\";s:33:\"Fly-In | Verification | Wine Shop\";s:9:\"thumbnail\";s:92:\"https://library.elementor.com/wp-content/uploads/2022/03/45-Verification-Wine-Shop-Small.jpg\";s:12:\"tmpl_created\";i:1647872627;s:6:\"author\";s:9:\"Elementor\";s:3:\"url\";s:135:\"https://library.elementor.com/popups/fly-in-verification-wine-shop/?utm_source=template-library&utm_medium=wp-dash&utm_campaign=preview\";s:4:\"type\";s:5:\"popup\";s:11:\"access_tier\";s:9:\"essential\";s:7:\"subtype\";s:6:\"fly-in\";s:4:\"tags\";s:16:\"[\"Verification\"]\";s:10:\"menu_order\";i:0;s:16:\"popularity_index\";i:-1;s:11:\"trend_index\";i:-1;s:18:\"editor_layout_type\";s:0:\"\";s:15:\"minimum_version\";s:5:\"0.0.0\";s:8:\"products\";s:7:\"regular\";s:17:\"has_page_settings\";s:1:\"1\";s:6:\"is_pro\";s:1:\"1\";s:12:\"access_level\";i:1;}i:114;a:20:{s:4:\"tmpl\";i:1421;s:2:\"id\";i:24235;s:5:\"title\";s:24:\"Ladydog Club &#8211; NFT\";s:9:\"thumbnail\";s:73:\"https://library.elementor.com/wp-content/uploads/2022/05/Ladydog_Club.jpg\";s:12:\"tmpl_created\";i:1651525072;s:6:\"author\";s:9:\"Elementor\";s:3:\"url\";s:118:\"https://library.elementor.com/lp/ladydog-club-nft/?utm_source=template-library&utm_medium=wp-dash&utm_campaign=preview\";s:4:\"type\";s:2:\"lp\";s:11:\"access_tier\";s:9:\"essential\";s:7:\"subtype\";s:3:\"NFT\";s:4:\"tags\";s:100:\"[\"Art\",\"Author\",\"Business\",\"Creative\",\"Design\",\"Gallery\",\"Landing Pages\",\"NFT\",\"Products\",\"Virtual\"]\";s:10:\"menu_order\";i:0;s:16:\"popularity_index\";i:-1;s:11:\"trend_index\";i:-1;s:18:\"editor_layout_type\";s:0:\"\";s:15:\"minimum_version\";s:5:\"0.0.0\";s:8:\"products\";s:7:\"regular\";s:17:\"has_page_settings\";s:1:\"1\";s:6:\"is_pro\";s:1:\"1\";s:12:\"access_level\";i:1;}i:115;a:20:{s:4:\"tmpl\";i:1422;s:2:\"id\";i:24166;s:5:\"title\";s:15:\"Dot &#8211; NFT\";s:9:\"thumbnail\";s:72:\"https://library.elementor.com/wp-content/uploads/2022/05/Dot-250_280.jpg\";s:12:\"tmpl_created\";i:1651525117;s:6:\"author\";s:9:\"Elementor\";s:3:\"url\";s:109:\"https://library.elementor.com/lp/dot-nft/?utm_source=template-library&utm_medium=wp-dash&utm_campaign=preview\";s:4:\"type\";s:2:\"lp\";s:11:\"access_tier\";s:9:\"essential\";s:7:\"subtype\";s:3:\"NFT\";s:4:\"tags\";s:100:\"[\"Art\",\"Author\",\"Business\",\"Creative\",\"Design\",\"Gallery\",\"Landing Pages\",\"NFT\",\"Products\",\"Virtual\"]\";s:10:\"menu_order\";i:0;s:16:\"popularity_index\";i:-1;s:11:\"trend_index\";i:-1;s:18:\"editor_layout_type\";s:0:\"\";s:15:\"minimum_version\";s:5:\"0.0.0\";s:8:\"products\";s:7:\"regular\";s:17:\"has_page_settings\";s:1:\"1\";s:6:\"is_pro\";s:1:\"1\";s:12:\"access_level\";i:1;}i:116;a:20:{s:4:\"tmpl\";i:1423;s:2:\"id\";i:24191;s:5:\"title\";s:28:\"Cosmic Neighbors &#8211; NFT\";s:9:\"thumbnail\";s:85:\"https://library.elementor.com/wp-content/uploads/2022/05/Cosmic_Neighbors-250_280.jpg\";s:12:\"tmpl_created\";i:1651525124;s:6:\"author\";s:9:\"Elementor\";s:3:\"url\";s:122:\"https://library.elementor.com/lp/cosmic-neighbors-nft/?utm_source=template-library&utm_medium=wp-dash&utm_campaign=preview\";s:4:\"type\";s:2:\"lp\";s:11:\"access_tier\";s:9:\"essential\";s:7:\"subtype\";s:3:\"NFT\";s:4:\"tags\";s:100:\"[\"Art\",\"Author\",\"Business\",\"Creative\",\"Design\",\"Gallery\",\"Landing Pages\",\"NFT\",\"Products\",\"Virtual\"]\";s:10:\"menu_order\";i:0;s:16:\"popularity_index\";i:-1;s:11:\"trend_index\";i:-1;s:18:\"editor_layout_type\";s:0:\"\";s:15:\"minimum_version\";s:5:\"0.0.0\";s:8:\"products\";s:7:\"regular\";s:17:\"has_page_settings\";s:1:\"1\";s:6:\"is_pro\";s:1:\"1\";s:12:\"access_level\";i:1;}i:117;a:20:{s:4:\"tmpl\";i:1424;s:2:\"id\";i:24255;s:5:\"title\";s:30:\"Happy Food Friends &#8211; NFT\";s:9:\"thumbnail\";s:75:\"https://library.elementor.com/wp-content/uploads/2022/05/Featured_Image.jpg\";s:12:\"tmpl_created\";i:1651525475;s:6:\"author\";s:9:\"Elementor\";s:3:\"url\";s:124:\"https://library.elementor.com/lp/happy-food-friends-nft/?utm_source=template-library&utm_medium=wp-dash&utm_campaign=preview\";s:4:\"type\";s:2:\"lp\";s:11:\"access_tier\";s:9:\"essential\";s:7:\"subtype\";s:3:\"NFT\";s:4:\"tags\";s:100:\"[\"Art\",\"Author\",\"Business\",\"Creative\",\"Design\",\"Gallery\",\"Landing Pages\",\"NFT\",\"Products\",\"Virtual\"]\";s:10:\"menu_order\";i:0;s:16:\"popularity_index\";i:-1;s:11:\"trend_index\";i:-1;s:18:\"editor_layout_type\";s:0:\"\";s:15:\"minimum_version\";s:5:\"0.0.0\";s:8:\"products\";s:7:\"regular\";s:17:\"has_page_settings\";s:1:\"1\";s:6:\"is_pro\";s:1:\"1\";s:12:\"access_level\";i:1;}i:118;a:20:{s:4:\"tmpl\";i:1443;s:2:\"id\";i:24599;s:5:\"title\";s:27:\"Wireframe &#8211; Courses 1\";s:9:\"thumbnail\";s:84:\"https://library.elementor.com/wp-content/uploads/2022/05/Wireframe-—-Courses-1.jpg\";s:12:\"tmpl_created\";i:1653989626;s:6:\"author\";s:9:\"Elementor\";s:3:\"url\";s:121:\"https://library.elementor.com/lp/wireframe-courses-1/?utm_source=template-library&utm_medium=wp-dash&utm_campaign=preview\";s:4:\"type\";s:2:\"lp\";s:11:\"access_tier\";s:4:\"free\";s:7:\"subtype\";s:9:\"Wireframe\";s:4:\"tags\";s:180:\"[\"About\",\"Academy\",\"Booking\",\"Business\",\"Course Online\",\"Features\",\"Footer\",\"Landing Pages\",\"Online Service\",\"Professional\",\"School\",\"Services\",\"Subscribe\",\"Teacher\",\"Testimonial\"]\";s:10:\"menu_order\";i:0;s:16:\"popularity_index\";i:-1;s:11:\"trend_index\";i:-1;s:18:\"editor_layout_type\";s:0:\"\";s:15:\"minimum_version\";s:5:\"0.0.0\";s:8:\"products\";s:7:\"regular\";s:17:\"has_page_settings\";s:1:\"1\";s:6:\"is_pro\";s:1:\"0\";s:12:\"access_level\";i:0;}i:119;a:20:{s:4:\"tmpl\";i:1444;s:2:\"id\";i:24614;s:5:\"title\";s:28:\"Wireframe &#8211; Services 1\";s:9:\"thumbnail\";s:87:\"https://library.elementor.com/wp-content/uploads/2022/05/Wireframe-—-Services-1-2.jpg\";s:12:\"tmpl_created\";i:1653990084;s:6:\"author\";s:9:\"Elementor\";s:3:\"url\";s:122:\"https://library.elementor.com/lp/wireframe-services-1/?utm_source=template-library&utm_medium=wp-dash&utm_campaign=preview\";s:4:\"type\";s:2:\"lp\";s:11:\"access_tier\";s:9:\"essential\";s:7:\"subtype\";s:9:\"Wireframe\";s:4:\"tags\";s:139:\"[\"About\",\"Business\",\"Contact\",\"Features\",\"Footer\",\"Form\",\"Header\",\"Landing Pages\",\"Online Service\",\"Professional\",\"Services\",\"Testimonial\"]\";s:10:\"menu_order\";i:0;s:16:\"popularity_index\";i:-1;s:11:\"trend_index\";i:-1;s:18:\"editor_layout_type\";s:0:\"\";s:15:\"minimum_version\";s:5:\"0.0.0\";s:8:\"products\";s:7:\"regular\";s:17:\"has_page_settings\";s:1:\"1\";s:6:\"is_pro\";s:1:\"1\";s:12:\"access_level\";i:1;}i:120;a:20:{s:4:\"tmpl\";i:1445;s:2:\"id\";i:24629;s:5:\"title\";s:28:\"Wireframe &#8211; Services 2\";s:9:\"thumbnail\";s:87:\"https://library.elementor.com/wp-content/uploads/2022/05/Wireframe-—-Services-2-2.jpg\";s:12:\"tmpl_created\";i:1653990132;s:6:\"author\";s:9:\"Elementor\";s:3:\"url\";s:122:\"https://library.elementor.com/lp/wireframe-services-2/?utm_source=template-library&utm_medium=wp-dash&utm_campaign=preview\";s:4:\"type\";s:2:\"lp\";s:11:\"access_tier\";s:9:\"essential\";s:7:\"subtype\";s:9:\"Wireframe\";s:4:\"tags\";s:123:\"[\"About\",\"Business\",\"Contact\",\"Features\",\"Footer\",\"Form\",\"Gallery\",\"Landing Pages\",\"Professional\",\"Services\",\"Testimonial\"]\";s:10:\"menu_order\";i:0;s:16:\"popularity_index\";i:-1;s:11:\"trend_index\";i:-1;s:18:\"editor_layout_type\";s:0:\"\";s:15:\"minimum_version\";s:5:\"0.0.0\";s:8:\"products\";s:7:\"regular\";s:17:\"has_page_settings\";s:1:\"1\";s:6:\"is_pro\";s:1:\"1\";s:12:\"access_level\";i:1;}i:121;a:20:{s:4:\"tmpl\";i:1446;s:2:\"id\";i:24644;s:5:\"title\";s:27:\"Wireframe &#8211; Webinar 1\";s:9:\"thumbnail\";s:84:\"https://library.elementor.com/wp-content/uploads/2022/05/Wireframe-—-Webinar-1.jpg\";s:12:\"tmpl_created\";i:1653990164;s:6:\"author\";s:9:\"Elementor\";s:3:\"url\";s:121:\"https://library.elementor.com/lp/wireframe-webinar-1/?utm_source=template-library&utm_medium=wp-dash&utm_campaign=preview\";s:4:\"type\";s:2:\"lp\";s:11:\"access_tier\";s:9:\"essential\";s:7:\"subtype\";s:9:\"Wireframe\";s:4:\"tags\";s:177:\"[\"About\",\"Academy\",\"Booking\",\"Conference\",\"Course Online\",\"Education\",\"Features\",\"Footer\",\"Form\",\"Landing Pages\",\"Online Event\",\"Online Service\",\"Subscribe\",\"Virtual\",\"Webinar\"]\";s:10:\"menu_order\";i:0;s:16:\"popularity_index\";i:-1;s:11:\"trend_index\";i:-1;s:18:\"editor_layout_type\";s:0:\"\";s:15:\"minimum_version\";s:5:\"0.0.0\";s:8:\"products\";s:7:\"regular\";s:17:\"has_page_settings\";s:1:\"1\";s:6:\"is_pro\";s:1:\"1\";s:12:\"access_level\";i:1;}i:122;a:20:{s:4:\"tmpl\";i:1447;s:2:\"id\";i:24655;s:5:\"title\";s:28:\"Wireframe &#8211; Services 3\";s:9:\"thumbnail\";s:87:\"https://library.elementor.com/wp-content/uploads/2022/05/Wireframe-—-Services-3-2.jpg\";s:12:\"tmpl_created\";i:1653990198;s:6:\"author\";s:9:\"Elementor\";s:3:\"url\";s:122:\"https://library.elementor.com/lp/wireframe-services-3/?utm_source=template-library&utm_medium=wp-dash&utm_campaign=preview\";s:4:\"type\";s:2:\"lp\";s:11:\"access_tier\";s:9:\"essential\";s:7:\"subtype\";s:9:\"Wireframe\";s:4:\"tags\";s:143:\"[\"About\",\"Agency\",\"Business\",\"Contact\",\"Footer\",\"Form\",\"Gallery\",\"Landing Pages\",\"Portfolio\",\"Professional\",\"Project\",\"Services\",\"Testimonial\"]\";s:10:\"menu_order\";i:0;s:16:\"popularity_index\";i:-1;s:11:\"trend_index\";i:-1;s:18:\"editor_layout_type\";s:0:\"\";s:15:\"minimum_version\";s:5:\"0.0.0\";s:8:\"products\";s:7:\"regular\";s:17:\"has_page_settings\";s:1:\"1\";s:6:\"is_pro\";s:1:\"1\";s:12:\"access_level\";i:1;}i:123;a:20:{s:4:\"tmpl\";i:1448;s:2:\"id\";i:24677;s:5:\"title\";s:28:\"Wireframe &#8211; Services 4\";s:9:\"thumbnail\";s:85:\"https://library.elementor.com/wp-content/uploads/2022/05/Wireframe-—-Services-4.jpg\";s:12:\"tmpl_created\";i:1653990233;s:6:\"author\";s:9:\"Elementor\";s:3:\"url\";s:122:\"https://library.elementor.com/lp/wireframe-services-4/?utm_source=template-library&utm_medium=wp-dash&utm_campaign=preview\";s:4:\"type\";s:2:\"lp\";s:11:\"access_tier\";s:9:\"essential\";s:7:\"subtype\";s:9:\"Wireframe\";s:4:\"tags\";s:102:\"[\"About\",\"Business\",\"Contact\",\"Footer\",\"Form\",\"Landing Pages\",\"Professional\",\"Services\",\"Testimonial\"]\";s:10:\"menu_order\";i:0;s:16:\"popularity_index\";i:-1;s:11:\"trend_index\";i:-1;s:18:\"editor_layout_type\";s:0:\"\";s:15:\"minimum_version\";s:5:\"0.0.0\";s:8:\"products\";s:7:\"regular\";s:17:\"has_page_settings\";s:1:\"1\";s:6:\"is_pro\";s:1:\"1\";s:12:\"access_level\";i:1;}i:124;a:20:{s:4:\"tmpl\";i:1449;s:2:\"id\";i:24687;s:5:\"title\";s:28:\"Wireframe &#8211; Products 1\";s:9:\"thumbnail\";s:85:\"https://library.elementor.com/wp-content/uploads/2022/05/Wireframe-—-Products-1.jpg\";s:12:\"tmpl_created\";i:1653990273;s:6:\"author\";s:9:\"Elementor\";s:3:\"url\";s:122:\"https://library.elementor.com/lp/wireframe-products-1/?utm_source=template-library&utm_medium=wp-dash&utm_campaign=preview\";s:4:\"type\";s:2:\"lp\";s:11:\"access_tier\";s:4:\"free\";s:7:\"subtype\";s:9:\"Wireframe\";s:4:\"tags\";s:128:\"[\"About\",\"Booking\",\"Business\",\"Clients\",\"Ecommerce\",\"Features\",\"Footer\",\"Landing Pages\",\"Products\",\"Sales\",\"Shop\",\"Testimonial\"]\";s:10:\"menu_order\";i:0;s:16:\"popularity_index\";i:-1;s:11:\"trend_index\";i:-1;s:18:\"editor_layout_type\";s:0:\"\";s:15:\"minimum_version\";s:5:\"0.0.0\";s:8:\"products\";s:7:\"regular\";s:17:\"has_page_settings\";s:1:\"1\";s:6:\"is_pro\";s:1:\"0\";s:12:\"access_level\";i:0;}i:125;a:20:{s:4:\"tmpl\";i:1450;s:2:\"id\";i:24706;s:5:\"title\";s:28:\"Wireframe &#8211; Services 5\";s:9:\"thumbnail\";s:85:\"https://library.elementor.com/wp-content/uploads/2022/05/Wireframe-—-Services-5.jpg\";s:12:\"tmpl_created\";i:1653990322;s:6:\"author\";s:9:\"Elementor\";s:3:\"url\";s:122:\"https://library.elementor.com/lp/wireframe-services-5/?utm_source=template-library&utm_medium=wp-dash&utm_campaign=preview\";s:4:\"type\";s:2:\"lp\";s:11:\"access_tier\";s:9:\"essential\";s:7:\"subtype\";s:9:\"Wireframe\";s:4:\"tags\";s:149:\"[\"About\",\"Booking\",\"Consulting\",\"Contact\",\"Doctor\",\"Footer\",\"Form\",\"Header\",\"Landing Pages\",\"Online Service\",\"Professional\",\"Services\",\"Testimonial\"]\";s:10:\"menu_order\";i:0;s:16:\"popularity_index\";i:-1;s:11:\"trend_index\";i:-1;s:18:\"editor_layout_type\";s:0:\"\";s:15:\"minimum_version\";s:5:\"0.0.0\";s:8:\"products\";s:7:\"regular\";s:17:\"has_page_settings\";s:1:\"1\";s:6:\"is_pro\";s:1:\"1\";s:12:\"access_level\";i:1;}i:126;a:20:{s:4:\"tmpl\";i:1451;s:2:\"id\";i:23604;s:5:\"title\";s:38:\"Classic | Subscribe | Nail Polish Shop\";s:9:\"thumbnail\";s:96:\"https://library.elementor.com/wp-content/uploads/2022/03/38-Subscribe-Nail-Polish-Shop-Small.jpg\";s:12:\"tmpl_created\";i:1660205114;s:6:\"author\";s:9:\"Elementor\";s:3:\"url\";s:140:\"https://library.elementor.com/popups/classic-subscribe-nail-polish-shop/?utm_source=template-library&utm_medium=wp-dash&utm_campaign=preview\";s:4:\"type\";s:5:\"popup\";s:11:\"access_tier\";s:9:\"essential\";s:7:\"subtype\";s:7:\"classic\";s:4:\"tags\";s:20:\"[\"Blog\",\"Subscribe\"]\";s:10:\"menu_order\";i:0;s:16:\"popularity_index\";i:-1;s:11:\"trend_index\";i:-1;s:18:\"editor_layout_type\";s:0:\"\";s:15:\"minimum_version\";s:5:\"0.0.0\";s:8:\"products\";s:7:\"regular\";s:17:\"has_page_settings\";s:1:\"1\";s:6:\"is_pro\";s:1:\"1\";s:12:\"access_level\";i:1;}i:127;a:20:{s:4:\"tmpl\";i:1452;s:2:\"id\";i:23047;s:5:\"title\";s:46:\"Fly-In | Contact | Health &#038; Fitness eBook\";s:9:\"thumbnail\";s:80:\"https://library.elementor.com/wp-content/uploads/2022/03/fitness-ebook-small.jpg\";s:12:\"tmpl_created\";i:1660205149;s:6:\"author\";s:9:\"Elementor\";s:3:\"url\";s:141:\"https://library.elementor.com/popups/fly-in-contact-health-fitness-ebook/?utm_source=template-library&utm_medium=wp-dash&utm_campaign=preview\";s:4:\"type\";s:5:\"popup\";s:11:\"access_tier\";s:9:\"essential\";s:7:\"subtype\";s:6:\"fly-in\";s:4:\"tags\";s:28:\"[\"Contact\",\"Ebook\",\"Health\"]\";s:10:\"menu_order\";i:0;s:16:\"popularity_index\";i:-1;s:11:\"trend_index\";i:-1;s:18:\"editor_layout_type\";s:0:\"\";s:15:\"minimum_version\";s:5:\"0.0.0\";s:8:\"products\";s:7:\"regular\";s:17:\"has_page_settings\";s:1:\"1\";s:6:\"is_pro\";s:1:\"1\";s:12:\"access_level\";i:1;}i:128;a:20:{s:4:\"tmpl\";i:1199;s:2:\"id\";i:18839;s:5:\"title\";s:27:\"Hello Bar | CTA | eCommerce\";s:9:\"thumbnail\";s:68:\"https://library.elementor.com/wp-content/uploads/2021/05/350x250.png\";s:12:\"tmpl_created\";i:1621870603;s:6:\"author\";s:9:\"Elementor\";s:3:\"url\";s:129:\"https://library.elementor.com/popups/hello-bar-cta-ecommerce/?utm_source=template-library&utm_medium=wp-dash&utm_campaign=preview\";s:4:\"type\";s:5:\"popup\";s:11:\"access_tier\";s:9:\"essential\";s:7:\"subtype\";s:9:\"hello bar\";s:4:\"tags\";s:41:\"[\"Ecommerce\",\"Online Shop\",\"Sale\",\"Shop\"]\";s:10:\"menu_order\";i:0;s:16:\"popularity_index\";i:-1;s:11:\"trend_index\";i:-1;s:18:\"editor_layout_type\";s:0:\"\";s:15:\"minimum_version\";s:5:\"0.0.0\";s:8:\"products\";s:7:\"regular\";s:17:\"has_page_settings\";s:1:\"1\";s:6:\"is_pro\";s:1:\"1\";s:12:\"access_level\";i:1;}i:129;a:20:{s:4:\"tmpl\";i:1247;s:2:\"id\";i:21907;s:5:\"title\";s:50:\"Fly-In | Team Details  | Electronic Music Festival\";s:9:\"thumbnail\";s:104:\"https://library.elementor.com/wp-content/uploads/2022/03/Kit-8-electronic-music-festival-CTA-image-1.jpg\";s:12:\"tmpl_created\";i:1646660881;s:6:\"author\";s:9:\"Elementor\";s:3:\"url\";s:157:\"https://library.elementor.com/popups/fly-in-team-details-popup-electronic-music-festival/?utm_source=template-library&utm_medium=wp-dash&utm_campaign=preview\";s:4:\"type\";s:5:\"popup\";s:11:\"access_tier\";s:9:\"essential\";s:7:\"subtype\";s:6:\"fly-in\";s:4:\"tags\";s:8:\"[\"Team\"]\";s:10:\"menu_order\";i:0;s:16:\"popularity_index\";i:-1;s:11:\"trend_index\";i:-1;s:18:\"editor_layout_type\";s:0:\"\";s:15:\"minimum_version\";s:5:\"0.0.0\";s:8:\"products\";s:7:\"regular\";s:17:\"has_page_settings\";s:1:\"1\";s:6:\"is_pro\";s:1:\"1\";s:12:\"access_level\";i:1;}i:130;a:20:{s:4:\"tmpl\";i:1253;s:2:\"id\";i:22162;s:5:\"title\";s:46:\"Full Screen | Menu | Electronic Music Festival\";s:9:\"thumbnail\";s:90:\"https://library.elementor.com/wp-content/uploads/2022/03/8-music-festival-Team-Details.jpg\";s:12:\"tmpl_created\";i:1647272934;s:6:\"author\";s:9:\"Elementor\";s:3:\"url\";s:154:\"https://library.elementor.com/popups/full-screen-menu-popup-electronic-music-festival/?utm_source=template-library&utm_medium=wp-dash&utm_campaign=preview\";s:4:\"type\";s:5:\"popup\";s:11:\"access_tier\";s:9:\"essential\";s:7:\"subtype\";s:11:\"full screen\";s:4:\"tags\";s:21:\"[\"Fullscreen\",\"menu\"]\";s:10:\"menu_order\";i:0;s:16:\"popularity_index\";i:-1;s:11:\"trend_index\";i:-1;s:18:\"editor_layout_type\";s:0:\"\";s:15:\"minimum_version\";s:5:\"0.0.0\";s:8:\"products\";s:7:\"regular\";s:17:\"has_page_settings\";s:1:\"1\";s:6:\"is_pro\";s:1:\"1\";s:12:\"access_level\";i:1;}i:131;a:20:{s:4:\"tmpl\";i:1254;s:2:\"id\";i:22172;s:5:\"title\";s:45:\"Classic | Discount | Health &#038; Beauty Spa\";s:9:\"thumbnail\";s:84:\"https://library.elementor.com/wp-content/uploads/2022/03/health-beauty-spa-small.jpg\";s:12:\"tmpl_created\";i:1647273547;s:6:\"author\";s:9:\"Elementor\";s:3:\"url\";s:146:\"https://library.elementor.com/popups/classic-discount-popup-health-beauty-spa/?utm_source=template-library&utm_medium=wp-dash&utm_campaign=preview\";s:4:\"type\";s:5:\"popup\";s:11:\"access_tier\";s:9:\"essential\";s:7:\"subtype\";s:7:\"classic\";s:4:\"tags\";s:36:\"[\"Hair\",\"Health\",\"Sales\",\"Services\"]\";s:10:\"menu_order\";i:0;s:16:\"popularity_index\";i:-1;s:11:\"trend_index\";i:-1;s:18:\"editor_layout_type\";s:0:\"\";s:15:\"minimum_version\";s:5:\"0.0.0\";s:8:\"products\";s:7:\"regular\";s:17:\"has_page_settings\";s:1:\"1\";s:6:\"is_pro\";s:1:\"1\";s:12:\"access_level\";i:1;}i:132;a:20:{s:4:\"tmpl\";i:1255;s:2:\"id\";i:22183;s:5:\"title\";s:44:\"Hello Bar | CTA | Environmental Organization\";s:9:\"thumbnail\";s:104:\"https://library.elementor.com/wp-content/uploads/2022/03/11-Environmental-Organization-Click-Through.jpg\";s:12:\"tmpl_created\";i:1647274384;s:6:\"author\";s:9:\"Elementor\";s:3:\"url\";s:152:\"https://library.elementor.com/popups/hello-bar-cta-popup-environmental-organization/?utm_source=template-library&utm_medium=wp-dash&utm_campaign=preview\";s:4:\"type\";s:5:\"popup\";s:11:\"access_tier\";s:9:\"essential\";s:7:\"subtype\";s:9:\"hello bar\";s:4:\"tags\";s:7:\"[\"cta\"]\";s:10:\"menu_order\";i:0;s:16:\"popularity_index\";i:-1;s:11:\"trend_index\";i:-1;s:18:\"editor_layout_type\";s:0:\"\";s:15:\"minimum_version\";s:5:\"0.0.0\";s:8:\"products\";s:7:\"regular\";s:17:\"has_page_settings\";s:1:\"1\";s:6:\"is_pro\";s:1:\"1\";s:12:\"access_level\";i:1;}i:133;a:20:{s:4:\"tmpl\";i:1256;s:2:\"id\";i:22195;s:5:\"title\";s:39:\"Classic | Discount | Italian Restaurant\";s:9:\"thumbnail\";s:77:\"https://library.elementor.com/wp-content/uploads/2022/03/restaurant-small.jpg\";s:12:\"tmpl_created\";i:1647329432;s:6:\"author\";s:9:\"Elementor\";s:3:\"url\";s:147:\"https://library.elementor.com/popups/classic-discount-popup-italian-restaurant/?utm_source=template-library&utm_medium=wp-dash&utm_campaign=preview\";s:4:\"type\";s:5:\"popup\";s:11:\"access_tier\";s:9:\"essential\";s:7:\"subtype\";s:7:\"classic\";s:4:\"tags\";s:22:\"[\"Restaurant\",\"Sales\"]\";s:10:\"menu_order\";i:0;s:16:\"popularity_index\";i:-1;s:11:\"trend_index\";i:-1;s:18:\"editor_layout_type\";s:0:\"\";s:15:\"minimum_version\";s:5:\"0.0.0\";s:8:\"products\";s:7:\"regular\";s:17:\"has_page_settings\";s:1:\"1\";s:6:\"is_pro\";s:1:\"1\";s:12:\"access_level\";i:1;}i:134;a:20:{s:4:\"tmpl\";i:1257;s:2:\"id\";i:22210;s:5:\"title\";s:45:\"Bottom Bar | Discount | Technology Conference\";s:9:\"thumbnail\";s:82:\"https://library.elementor.com/wp-content/uploads/2022/03/tech-conference-small.jpg\";s:12:\"tmpl_created\";i:1647330423;s:6:\"author\";s:9:\"Elementor\";s:3:\"url\";s:153:\"https://library.elementor.com/popups/bottom-bar-discount-popup-technology-conference/?utm_source=template-library&utm_medium=wp-dash&utm_campaign=preview\";s:4:\"type\";s:5:\"popup\";s:11:\"access_tier\";s:9:\"essential\";s:7:\"subtype\";s:10:\"bottom bar\";s:4:\"tags\";s:38:\"[\"Conference\",\"Sales\",\"Save the Date\"]\";s:10:\"menu_order\";i:0;s:16:\"popularity_index\";i:-1;s:11:\"trend_index\";i:-1;s:18:\"editor_layout_type\";s:0:\"\";s:15:\"minimum_version\";s:5:\"0.0.0\";s:8:\"products\";s:7:\"regular\";s:17:\"has_page_settings\";s:1:\"1\";s:6:\"is_pro\";s:1:\"1\";s:12:\"access_level\";i:1;}i:135;a:20:{s:4:\"tmpl\";i:1258;s:2:\"id\";i:22221;s:5:\"title\";s:32:\"Hello Bar | Menu | Tattoo Studio\";s:9:\"thumbnail\";s:82:\"https://library.elementor.com/wp-content/uploads/2022/03/tattoo-studio-small-1.jpg\";s:12:\"tmpl_created\";i:1647330705;s:6:\"author\";s:9:\"Elementor\";s:3:\"url\";s:140:\"https://library.elementor.com/popups/hello-bar-menu-popup-tattoo-studio/?utm_source=template-library&utm_medium=wp-dash&utm_campaign=preview\";s:4:\"type\";s:5:\"popup\";s:11:\"access_tier\";s:9:\"essential\";s:7:\"subtype\";s:9:\"hello bar\";s:4:\"tags\";s:17:\"[\"Header\",\"menu\"]\";s:10:\"menu_order\";i:0;s:16:\"popularity_index\";i:-1;s:11:\"trend_index\";i:-1;s:18:\"editor_layout_type\";s:0:\"\";s:15:\"minimum_version\";s:5:\"0.0.0\";s:8:\"products\";s:7:\"regular\";s:17:\"has_page_settings\";s:1:\"1\";s:6:\"is_pro\";s:1:\"1\";s:12:\"access_level\";i:1;}i:136;a:20:{s:4:\"tmpl\";i:1259;s:2:\"id\";i:22231;s:5:\"title\";s:37:\"Full Screen | Booking | Tattoo Studio\";s:9:\"thumbnail\";s:80:\"https://library.elementor.com/wp-content/uploads/2022/03/tattoo-studio-small.jpg\";s:12:\"tmpl_created\";i:1647331823;s:6:\"author\";s:9:\"Elementor\";s:3:\"url\";s:145:\"https://library.elementor.com/popups/full-screen-booking-popup-tattoo-studio/?utm_source=template-library&utm_medium=wp-dash&utm_campaign=preview\";s:4:\"type\";s:5:\"popup\";s:11:\"access_tier\";s:9:\"essential\";s:7:\"subtype\";s:11:\"full screen\";s:4:\"tags\";s:32:\"[\"Booking\",\"Contact\",\"Services\"]\";s:10:\"menu_order\";i:0;s:16:\"popularity_index\";i:-1;s:11:\"trend_index\";i:-1;s:18:\"editor_layout_type\";s:0:\"\";s:15:\"minimum_version\";s:5:\"0.0.0\";s:8:\"products\";s:7:\"regular\";s:17:\"has_page_settings\";s:1:\"1\";s:6:\"is_pro\";s:1:\"1\";s:12:\"access_level\";i:1;}i:137;a:20:{s:4:\"tmpl\";i:1260;s:2:\"id\";i:22251;s:5:\"title\";s:34:\"Classic | Discount | Dental Clinic\";s:9:\"thumbnail\";s:80:\"https://library.elementor.com/wp-content/uploads/2022/03/dental-clinic-small.jpg\";s:12:\"tmpl_created\";i:1647332171;s:6:\"author\";s:9:\"Elementor\";s:3:\"url\";s:142:\"https://library.elementor.com/popups/classic-discount-popup-dental-clinic/?utm_source=template-library&utm_medium=wp-dash&utm_campaign=preview\";s:4:\"type\";s:5:\"popup\";s:11:\"access_tier\";s:9:\"essential\";s:7:\"subtype\";s:7:\"classic\";s:4:\"tags\";s:30:\"[\"Health\",\"Marketing\",\"Sales\"]\";s:10:\"menu_order\";i:0;s:16:\"popularity_index\";i:-1;s:11:\"trend_index\";i:-1;s:18:\"editor_layout_type\";s:0:\"\";s:15:\"minimum_version\";s:5:\"0.0.0\";s:8:\"products\";s:7:\"regular\";s:17:\"has_page_settings\";s:1:\"1\";s:6:\"is_pro\";s:1:\"1\";s:12:\"access_level\";i:1;}i:138;a:20:{s:4:\"tmpl\";i:1261;s:2:\"id\";i:22261;s:5:\"title\";s:34:\"Slide-In | Contact | Makeup Artist\";s:9:\"thumbnail\";s:88:\"https://library.elementor.com/wp-content/uploads/2022/03/20-Makeup-Artist-Contact-Us.jpg\";s:12:\"tmpl_created\";i:1647333946;s:6:\"author\";s:9:\"Elementor\";s:3:\"url\";s:142:\"https://library.elementor.com/popups/slide-in-contact-popup-makeup-artist/?utm_source=template-library&utm_medium=wp-dash&utm_campaign=preview\";s:4:\"type\";s:5:\"popup\";s:11:\"access_tier\";s:9:\"essential\";s:7:\"subtype\";s:8:\"slide-in\";s:4:\"tags\";s:33:\"[\"Business\",\"Contact\",\"Services\"]\";s:10:\"menu_order\";i:0;s:16:\"popularity_index\";i:-1;s:11:\"trend_index\";i:-1;s:18:\"editor_layout_type\";s:0:\"\";s:15:\"minimum_version\";s:5:\"0.0.0\";s:8:\"products\";s:7:\"regular\";s:17:\"has_page_settings\";s:1:\"1\";s:6:\"is_pro\";s:1:\"1\";s:12:\"access_level\";i:1;}i:139;a:20:{s:4:\"tmpl\";i:1262;s:2:\"id\";i:22271;s:5:\"title\";s:24:\"Fly-In | CTA | Headphone\";s:9:\"thumbnail\";s:79:\"https://library.elementor.com/wp-content/uploads/2022/03/headphones-1-small.jpg\";s:12:\"tmpl_created\";i:1647334784;s:6:\"author\";s:9:\"Elementor\";s:3:\"url\";s:132:\"https://library.elementor.com/popups/fly-in-cta-popup-headphone/?utm_source=template-library&utm_medium=wp-dash&utm_campaign=preview\";s:4:\"type\";s:5:\"popup\";s:11:\"access_tier\";s:9:\"essential\";s:7:\"subtype\";s:6:\"fly-in\";s:4:\"tags\";s:41:\"[\"cta\",\"Ecommerce\",\"Marketing\",\"Product\"]\";s:10:\"menu_order\";i:0;s:16:\"popularity_index\";i:-1;s:11:\"trend_index\";i:-1;s:18:\"editor_layout_type\";s:0:\"\";s:15:\"minimum_version\";s:5:\"0.0.0\";s:8:\"products\";s:7:\"regular\";s:17:\"has_page_settings\";s:1:\"1\";s:6:\"is_pro\";s:1:\"1\";s:12:\"access_level\";i:1;}i:140;a:20:{s:4:\"tmpl\";i:1263;s:2:\"id\";i:22277;s:5:\"title\";s:29:\"Classic | CTA | Online Course\";s:9:\"thumbnail\";s:76:\"https://library.elementor.com/wp-content/uploads/2022/03/online-course-2.jpg\";s:12:\"tmpl_created\";i:1647337110;s:6:\"author\";s:9:\"Elementor\";s:3:\"url\";s:137:\"https://library.elementor.com/popups/classic-cta-popup-online-course/?utm_source=template-library&utm_medium=wp-dash&utm_campaign=preview\";s:4:\"type\";s:5:\"popup\";s:11:\"access_tier\";s:9:\"essential\";s:7:\"subtype\";s:7:\"classic\";s:4:\"tags\";s:35:\"[\"Course Online\",\"cta\",\"Marketing\"]\";s:10:\"menu_order\";i:0;s:16:\"popularity_index\";i:-1;s:11:\"trend_index\";i:-1;s:18:\"editor_layout_type\";s:0:\"\";s:15:\"minimum_version\";s:5:\"0.0.0\";s:8:\"products\";s:7:\"regular\";s:17:\"has_page_settings\";s:1:\"1\";s:6:\"is_pro\";s:1:\"1\";s:12:\"access_level\";i:1;}i:141;a:20:{s:4:\"tmpl\";i:1264;s:2:\"id\";i:22283;s:5:\"title\";s:40:\"Bottom Bar | Contact | Virtual Assistant\";s:9:\"thumbnail\";s:80:\"https://library.elementor.com/wp-content/uploads/2022/03/virtual-assistant-3.jpg\";s:12:\"tmpl_created\";i:1647337517;s:6:\"author\";s:9:\"Elementor\";s:3:\"url\";s:148:\"https://library.elementor.com/popups/bottom-bar-contact-popup-virtual-assistant/?utm_source=template-library&utm_medium=wp-dash&utm_campaign=preview\";s:4:\"type\";s:5:\"popup\";s:11:\"access_tier\";s:9:\"essential\";s:7:\"subtype\";s:10:\"bottom bar\";s:4:\"tags\";s:33:\"[\"Business\",\"Contact\",\"Services\"]\";s:10:\"menu_order\";i:0;s:16:\"popularity_index\";i:-1;s:11:\"trend_index\";i:-1;s:18:\"editor_layout_type\";s:0:\"\";s:15:\"minimum_version\";s:5:\"0.0.0\";s:8:\"products\";s:7:\"regular\";s:17:\"has_page_settings\";s:1:\"1\";s:6:\"is_pro\";s:1:\"1\";s:12:\"access_level\";i:1;}i:142;a:20:{s:4:\"tmpl\";i:1265;s:2:\"id\";i:22289;s:5:\"title\";s:32:\"Fly-In | Contact | Private Tutor\";s:9:\"thumbnail\";s:76:\"https://library.elementor.com/wp-content/uploads/2022/03/private-tutor-4.jpg\";s:12:\"tmpl_created\";i:1647337676;s:6:\"author\";s:9:\"Elementor\";s:3:\"url\";s:140:\"https://library.elementor.com/popups/fly-in-contact-popup-private-tutor/?utm_source=template-library&utm_medium=wp-dash&utm_campaign=preview\";s:4:\"type\";s:5:\"popup\";s:11:\"access_tier\";s:4:\"free\";s:7:\"subtype\";s:6:\"fly-in\";s:4:\"tags\";s:27:\"[\"Contact\",\"Course Online\"]\";s:10:\"menu_order\";i:0;s:16:\"popularity_index\";i:-1;s:11:\"trend_index\";i:-1;s:18:\"editor_layout_type\";s:0:\"\";s:15:\"minimum_version\";s:5:\"0.0.0\";s:8:\"products\";s:7:\"regular\";s:17:\"has_page_settings\";s:1:\"1\";s:6:\"is_pro\";s:1:\"0\";s:12:\"access_level\";i:0;}i:143;a:20:{s:4:\"tmpl\";i:1266;s:2:\"id\";i:22295;s:5:\"title\";s:31:\"Classic |  Login | Login Travel\";s:9:\"thumbnail\";s:75:\"https://library.elementor.com/wp-content/uploads/2022/03/login-travel-6.jpg\";s:12:\"tmpl_created\";i:1647339467;s:6:\"author\";s:9:\"Elementor\";s:3:\"url\";s:138:\"https://library.elementor.com/popups/classic-login-popup-login-travel/?utm_source=template-library&utm_medium=wp-dash&utm_campaign=preview\";s:4:\"type\";s:5:\"popup\";s:11:\"access_tier\";s:4:\"free\";s:7:\"subtype\";s:7:\"classic\";s:4:\"tags\";s:9:\"[\"Login\"]\";s:10:\"menu_order\";i:0;s:16:\"popularity_index\";i:-1;s:11:\"trend_index\";i:-1;s:18:\"editor_layout_type\";s:0:\"\";s:15:\"minimum_version\";s:5:\"0.0.0\";s:8:\"products\";s:7:\"regular\";s:17:\"has_page_settings\";s:1:\"1\";s:6:\"is_pro\";s:1:\"0\";s:12:\"access_level\";i:0;}i:144;a:20:{s:4:\"tmpl\";i:1267;s:2:\"id\";i:22301;s:5:\"title\";s:36:\"Full Screen | Login | Login Business\";s:9:\"thumbnail\";s:77:\"https://library.elementor.com/wp-content/uploads/2022/03/login-business-7.jpg\";s:12:\"tmpl_created\";i:1647339782;s:6:\"author\";s:9:\"Elementor\";s:3:\"url\";s:144:\"https://library.elementor.com/popups/full-screen-login-popup-login-business/?utm_source=template-library&utm_medium=wp-dash&utm_campaign=preview\";s:4:\"type\";s:5:\"popup\";s:11:\"access_tier\";s:9:\"essential\";s:7:\"subtype\";s:11:\"full screen\";s:4:\"tags\";s:16:\"[\"Login\",\"SaaS\"]\";s:10:\"menu_order\";i:0;s:16:\"popularity_index\";i:-1;s:11:\"trend_index\";i:-1;s:18:\"editor_layout_type\";s:0:\"\";s:15:\"minimum_version\";s:5:\"0.0.0\";s:8:\"products\";s:7:\"regular\";s:17:\"has_page_settings\";s:1:\"1\";s:6:\"is_pro\";s:1:\"1\";s:12:\"access_level\";i:1;}i:145;a:20:{s:4:\"tmpl\";i:1268;s:2:\"id\";i:22307;s:5:\"title\";s:28:\"Classic | Login | Login Blog\";s:9:\"thumbnail\";s:73:\"https://library.elementor.com/wp-content/uploads/2022/03/login-blog-8.jpg\";s:12:\"tmpl_created\";i:1647339986;s:6:\"author\";s:9:\"Elementor\";s:3:\"url\";s:136:\"https://library.elementor.com/popups/classic-login-popup-login-blog/?utm_source=template-library&utm_medium=wp-dash&utm_campaign=preview\";s:4:\"type\";s:5:\"popup\";s:11:\"access_tier\";s:9:\"essential\";s:7:\"subtype\";s:7:\"classic\";s:4:\"tags\";s:16:\"[\"Blog\",\"Login\"]\";s:10:\"menu_order\";i:0;s:16:\"popularity_index\";i:-1;s:11:\"trend_index\";i:-1;s:18:\"editor_layout_type\";s:0:\"\";s:15:\"minimum_version\";s:5:\"0.0.0\";s:8:\"products\";s:7:\"regular\";s:17:\"has_page_settings\";s:1:\"1\";s:6:\"is_pro\";s:1:\"1\";s:12:\"access_level\";i:1;}i:146;a:20:{s:4:\"tmpl\";i:1269;s:2:\"id\";i:22313;s:5:\"title\";s:31:\"Classic | Login | Login Fashion\";s:9:\"thumbnail\";s:76:\"https://library.elementor.com/wp-content/uploads/2022/03/login-fashion-9.jpg\";s:12:\"tmpl_created\";i:1647340204;s:6:\"author\";s:9:\"Elementor\";s:3:\"url\";s:139:\"https://library.elementor.com/popups/classic-login-popup-login-fashion/?utm_source=template-library&utm_medium=wp-dash&utm_campaign=preview\";s:4:\"type\";s:5:\"popup\";s:11:\"access_tier\";s:9:\"essential\";s:7:\"subtype\";s:7:\"classic\";s:4:\"tags\";s:19:\"[\"Fashion\",\"Login\"]\";s:10:\"menu_order\";i:0;s:16:\"popularity_index\";i:-1;s:11:\"trend_index\";i:-1;s:18:\"editor_layout_type\";s:0:\"\";s:15:\"minimum_version\";s:5:\"0.0.0\";s:8:\"products\";s:7:\"regular\";s:17:\"has_page_settings\";s:1:\"1\";s:6:\"is_pro\";s:1:\"1\";s:12:\"access_level\";i:1;}i:147;a:20:{s:4:\"tmpl\";i:1270;s:2:\"id\";i:22319;s:5:\"title\";s:40:\"Classic |  Login | Login Design Platform\";s:9:\"thumbnail\";s:85:\"https://library.elementor.com/wp-content/uploads/2022/03/login-design-platform-10.jpg\";s:12:\"tmpl_created\";i:1647340531;s:6:\"author\";s:9:\"Elementor\";s:3:\"url\";s:147:\"https://library.elementor.com/popups/classic-login-popup-login-design-platform/?utm_source=template-library&utm_medium=wp-dash&utm_campaign=preview\";s:4:\"type\";s:5:\"popup\";s:11:\"access_tier\";s:9:\"essential\";s:7:\"subtype\";s:7:\"classic\";s:4:\"tags\";s:25:\"[\"Design\",\"Login\",\"SaaS\"]\";s:10:\"menu_order\";i:0;s:16:\"popularity_index\";i:-1;s:11:\"trend_index\";i:-1;s:18:\"editor_layout_type\";s:0:\"\";s:15:\"minimum_version\";s:5:\"0.0.0\";s:8:\"products\";s:7:\"regular\";s:17:\"has_page_settings\";s:1:\"1\";s:6:\"is_pro\";s:1:\"1\";s:12:\"access_level\";i:1;}i:148;a:20:{s:4:\"tmpl\";i:1271;s:2:\"id\";i:22325;s:5:\"title\";s:36:\"Fly-In | Contact | Digital Marketing\";s:9:\"thumbnail\";s:81:\"https://library.elementor.com/wp-content/uploads/2022/03/digital-marketing-11.jpg\";s:12:\"tmpl_created\";i:1647340770;s:6:\"author\";s:9:\"Elementor\";s:3:\"url\";s:144:\"https://library.elementor.com/popups/fly-in-contact-popup-digital-marketing/?utm_source=template-library&utm_medium=wp-dash&utm_campaign=preview\";s:4:\"type\";s:5:\"popup\";s:11:\"access_tier\";s:9:\"essential\";s:7:\"subtype\";s:6:\"fly-in\";s:4:\"tags\";s:51:\"[\"Business\",\"Contact\",\"Digital Agency\",\"Marketing\"]\";s:10:\"menu_order\";i:0;s:16:\"popularity_index\";i:-1;s:11:\"trend_index\";i:-1;s:18:\"editor_layout_type\";s:0:\"\";s:15:\"minimum_version\";s:5:\"0.0.0\";s:8:\"products\";s:7:\"regular\";s:17:\"has_page_settings\";s:1:\"1\";s:6:\"is_pro\";s:1:\"1\";s:12:\"access_level\";i:1;}i:149;a:20:{s:4:\"tmpl\";i:1272;s:2:\"id\";i:22331;s:5:\"title\";s:36:\"Fly-In | CTA | Dog Cat Food Delivery\";s:9:\"thumbnail\";s:84:\"https://library.elementor.com/wp-content/uploads/2022/03/dog-cat-food-delivery-5.jpg\";s:12:\"tmpl_created\";i:1647341069;s:6:\"author\";s:9:\"Elementor\";s:3:\"url\";s:144:\"https://library.elementor.com/popups/fly-in-cta-popup-dog-cat-food-delivery/?utm_source=template-library&utm_medium=wp-dash&utm_campaign=preview\";s:4:\"type\";s:5:\"popup\";s:11:\"access_tier\";s:9:\"essential\";s:7:\"subtype\";s:6:\"fly-in\";s:4:\"tags\";s:33:\"[\"cta\",\"Delivery Service\",\"Pets\"]\";s:10:\"menu_order\";i:0;s:16:\"popularity_index\";i:-1;s:11:\"trend_index\";i:-1;s:18:\"editor_layout_type\";s:0:\"\";s:15:\"minimum_version\";s:5:\"0.0.0\";s:8:\"products\";s:7:\"regular\";s:17:\"has_page_settings\";s:1:\"1\";s:6:\"is_pro\";s:1:\"1\";s:12:\"access_level\";i:1;}i:150;a:20:{s:4:\"tmpl\";i:1273;s:2:\"id\";i:22337;s:5:\"title\";s:37:\"Full Screen | Contact | Design Studio\";s:9:\"thumbnail\";s:77:\"https://library.elementor.com/wp-content/uploads/2022/03/design-studio-12.jpg\";s:12:\"tmpl_created\";i:1647341370;s:6:\"author\";s:9:\"Elementor\";s:3:\"url\";s:145:\"https://library.elementor.com/popups/full-screen-contact-popup-design-studio/?utm_source=template-library&utm_medium=wp-dash&utm_campaign=preview\";s:4:\"type\";s:5:\"popup\";s:11:\"access_tier\";s:9:\"essential\";s:7:\"subtype\";s:11:\"full screen\";s:4:\"tags\";s:39:\"[\"Business\",\"Contact\",\"Digital Agency\"]\";s:10:\"menu_order\";i:0;s:16:\"popularity_index\";i:-1;s:11:\"trend_index\";i:-1;s:18:\"editor_layout_type\";s:0:\"\";s:15:\"minimum_version\";s:5:\"0.0.0\";s:8:\"products\";s:7:\"regular\";s:17:\"has_page_settings\";s:1:\"1\";s:6:\"is_pro\";s:1:\"1\";s:12:\"access_level\";i:1;}i:151;a:20:{s:4:\"tmpl\";i:1274;s:2:\"id\";i:22343;s:5:\"title\";s:44:\"Classic | Contact | Support Product Platform\";s:9:\"thumbnail\";s:71:\"https://library.elementor.com/wp-content/uploads/2022/03/support-13.jpg\";s:12:\"tmpl_created\";i:1647341972;s:6:\"author\";s:9:\"Elementor\";s:3:\"url\";s:146:\"https://library.elementor.com/popups/classic-contact-support-product-platform/?utm_source=template-library&utm_medium=wp-dash&utm_campaign=preview\";s:4:\"type\";s:5:\"popup\";s:11:\"access_tier\";s:9:\"essential\";s:7:\"subtype\";s:7:\"classic\";s:4:\"tags\";s:21:\"[\"Contact\",\"Support\"]\";s:10:\"menu_order\";i:0;s:16:\"popularity_index\";i:-1;s:11:\"trend_index\";i:-1;s:18:\"editor_layout_type\";s:0:\"\";s:15:\"minimum_version\";s:5:\"0.0.0\";s:8:\"products\";s:7:\"regular\";s:17:\"has_page_settings\";s:1:\"1\";s:6:\"is_pro\";s:1:\"1\";s:12:\"access_level\";i:1;}i:152;a:20:{s:4:\"tmpl\";i:1275;s:2:\"id\";i:22371;s:5:\"title\";s:38:\"Full Screen | Contact | Small Business\";s:9:\"thumbnail\";s:78:\"https://library.elementor.com/wp-content/uploads/2022/03/small-business-14.jpg\";s:12:\"tmpl_created\";i:1647342508;s:6:\"author\";s:9:\"Elementor\";s:3:\"url\";s:140:\"https://library.elementor.com/popups/full-screen-contact-small-business/?utm_source=template-library&utm_medium=wp-dash&utm_campaign=preview\";s:4:\"type\";s:5:\"popup\";s:11:\"access_tier\";s:9:\"essential\";s:7:\"subtype\";s:11:\"full screen\";s:4:\"tags\";s:40:\"[\"Business\",\"Contact\",\"Interior Design\"]\";s:10:\"menu_order\";i:0;s:16:\"popularity_index\";i:-1;s:11:\"trend_index\";i:-1;s:18:\"editor_layout_type\";s:0:\"\";s:15:\"minimum_version\";s:5:\"0.0.0\";s:8:\"products\";s:7:\"regular\";s:17:\"has_page_settings\";s:1:\"1\";s:6:\"is_pro\";s:1:\"1\";s:12:\"access_level\";i:1;}i:153;a:20:{s:4:\"tmpl\";i:1276;s:2:\"id\";i:22377;s:5:\"title\";s:31:\"Classic | Contact | Online Shop\";s:9:\"thumbnail\";s:75:\"https://library.elementor.com/wp-content/uploads/2022/03/online-shop-15.jpg\";s:12:\"tmpl_created\";i:1647352786;s:6:\"author\";s:9:\"Elementor\";s:3:\"url\";s:133:\"https://library.elementor.com/popups/classic-contact-online-shop/?utm_source=template-library&utm_medium=wp-dash&utm_campaign=preview\";s:4:\"type\";s:5:\"popup\";s:11:\"access_tier\";s:9:\"essential\";s:7:\"subtype\";s:7:\"classic\";s:4:\"tags\";s:11:\"[\"Contact\"]\";s:10:\"menu_order\";i:0;s:16:\"popularity_index\";i:-1;s:11:\"trend_index\";i:-1;s:18:\"editor_layout_type\";s:0:\"\";s:15:\"minimum_version\";s:5:\"0.0.0\";s:8:\"products\";s:7:\"regular\";s:17:\"has_page_settings\";s:1:\"1\";s:6:\"is_pro\";s:1:\"1\";s:12:\"access_level\";i:1;}i:154;a:20:{s:4:\"tmpl\";i:1277;s:2:\"id\";i:22383;s:5:\"title\";s:40:\"Classic | Booking | Children Optometrist\";s:9:\"thumbnail\";s:84:\"https://library.elementor.com/wp-content/uploads/2022/03/children-optometrist-16.jpg\";s:12:\"tmpl_created\";i:1647352963;s:6:\"author\";s:9:\"Elementor\";s:3:\"url\";s:142:\"https://library.elementor.com/popups/classic-booking-children-optometrist/?utm_source=template-library&utm_medium=wp-dash&utm_campaign=preview\";s:4:\"type\";s:5:\"popup\";s:11:\"access_tier\";s:9:\"essential\";s:7:\"subtype\";s:7:\"classic\";s:4:\"tags\";s:53:\"[\"Booking\",\"Business\",\"Contact\",\"Education\",\"Health\"]\";s:10:\"menu_order\";i:0;s:16:\"popularity_index\";i:-1;s:11:\"trend_index\";i:-1;s:18:\"editor_layout_type\";s:0:\"\";s:15:\"minimum_version\";s:5:\"0.0.0\";s:8:\"products\";s:7:\"regular\";s:17:\"has_page_settings\";s:1:\"1\";s:6:\"is_pro\";s:1:\"1\";s:12:\"access_level\";i:1;}i:155;a:20:{s:4:\"tmpl\";i:1278;s:2:\"id\";i:22389;s:5:\"title\";s:28:\"Fly-In | Contact | Open Week\";s:9:\"thumbnail\";s:72:\"https://library.elementor.com/wp-content/uploads/2022/03/open-week17.jpg\";s:12:\"tmpl_created\";i:1647353281;s:6:\"author\";s:9:\"Elementor\";s:3:\"url\";s:130:\"https://library.elementor.com/popups/fly-in-contact-open-week/?utm_source=template-library&utm_medium=wp-dash&utm_campaign=preview\";s:4:\"type\";s:5:\"popup\";s:11:\"access_tier\";s:9:\"essential\";s:7:\"subtype\";s:6:\"fly-in\";s:4:\"tags\";s:34:\"[\"Business\",\"Contact\",\"Marketing\"]\";s:10:\"menu_order\";i:0;s:16:\"popularity_index\";i:-1;s:11:\"trend_index\";i:-1;s:18:\"editor_layout_type\";s:0:\"\";s:15:\"minimum_version\";s:5:\"0.0.0\";s:8:\"products\";s:7:\"regular\";s:17:\"has_page_settings\";s:1:\"1\";s:6:\"is_pro\";s:1:\"1\";s:12:\"access_level\";i:1;}i:156;a:20:{s:4:\"tmpl\";i:1279;s:2:\"id\";i:22397;s:5:\"title\";s:43:\"Full Screen | CTA | Plant Pots Online Store\";s:9:\"thumbnail\";s:87:\"https://library.elementor.com/wp-content/uploads/2022/03/plant-pots-online-store-18.jpg\";s:12:\"tmpl_created\";i:1647353429;s:6:\"author\";s:9:\"Elementor\";s:3:\"url\";s:145:\"https://library.elementor.com/popups/full-screen-cta-plant-pots-online-store/?utm_source=template-library&utm_medium=wp-dash&utm_campaign=preview\";s:4:\"type\";s:5:\"popup\";s:11:\"access_tier\";s:9:\"essential\";s:7:\"subtype\";s:11:\"full screen\";s:4:\"tags\";s:33:\"[\"Ecommerce\",\"Marketing\",\"Sales\"]\";s:10:\"menu_order\";i:0;s:16:\"popularity_index\";i:-1;s:11:\"trend_index\";i:-1;s:18:\"editor_layout_type\";s:0:\"\";s:15:\"minimum_version\";s:5:\"0.0.0\";s:8:\"products\";s:7:\"regular\";s:17:\"has_page_settings\";s:1:\"1\";s:6:\"is_pro\";s:1:\"1\";s:12:\"access_level\";i:1;}i:157;a:20:{s:4:\"tmpl\";i:1054;s:2:\"id\";i:15414;s:5:\"title\";s:32:\"Classic | Contact | Dance Studio\";s:9:\"thumbnail\";s:66:\"https://library.elementor.com/wp-content/uploads/2020/10/PopUp.jpg\";s:12:\"tmpl_created\";i:1603180596;s:6:\"author\";s:9:\"Elementor\";s:3:\"url\";s:134:\"https://library.elementor.com/popups/classic-contact-dance-studio/?utm_source=template-library&utm_medium=wp-dash&utm_campaign=preview\";s:4:\"type\";s:5:\"popup\";s:11:\"access_tier\";s:9:\"essential\";s:7:\"subtype\";s:7:\"classic\";s:4:\"tags\";s:16:\"[\"Dance Studio\"]\";s:10:\"menu_order\";i:1;s:16:\"popularity_index\";i:762;s:11:\"trend_index\";i:650;s:18:\"editor_layout_type\";s:0:\"\";s:15:\"minimum_version\";s:5:\"0.0.0\";s:8:\"products\";s:7:\"regular\";s:17:\"has_page_settings\";s:1:\"1\";s:6:\"is_pro\";s:1:\"1\";s:12:\"access_level\";i:1;}i:158;a:20:{s:4:\"tmpl\";i:1398;s:2:\"id\";i:23687;s:5:\"title\";s:32:\"Pizza Promotion &#8211; Business\";s:9:\"thumbnail\";s:79:\"https://library.elementor.com/wp-content/uploads/2022/04/48-Pizza-Promotion.jpg\";s:12:\"tmpl_created\";i:1649670575;s:6:\"author\";s:9:\"Elementor\";s:3:\"url\";s:126:\"https://library.elementor.com/lp/pizza-promotion-business/?utm_source=template-library&utm_medium=wp-dash&utm_campaign=preview\";s:4:\"type\";s:2:\"lp\";s:11:\"access_tier\";s:4:\"free\";s:7:\"subtype\";s:8:\"Business\";s:4:\"tags\";s:92:\"[\"Business\",\"Cooking\",\"Delivery\",\"Discount\",\"Fast Food\",\"Food\",\"Landing Pages\",\"Restaurant\"]\";s:10:\"menu_order\";i:1;s:16:\"popularity_index\";i:-1;s:11:\"trend_index\";i:-1;s:18:\"editor_layout_type\";s:0:\"\";s:15:\"minimum_version\";s:5:\"0.0.0\";s:8:\"products\";s:7:\"regular\";s:17:\"has_page_settings\";s:1:\"1\";s:6:\"is_pro\";s:1:\"0\";s:12:\"access_level\";i:0;}i:159;a:20:{s:4:\"tmpl\";i:1400;s:2:\"id\";i:23751;s:5:\"title\";s:33:\"Baby Sleep Webinar &#8211; Events\";s:9:\"thumbnail\";s:82:\"https://library.elementor.com/wp-content/uploads/2022/04/63-Baby-Sleep-Webinar.jpg\";s:12:\"tmpl_created\";i:1649676065;s:6:\"author\";s:9:\"Elementor\";s:3:\"url\";s:127:\"https://library.elementor.com/lp/baby-sleep-webinar-events/?utm_source=template-library&utm_medium=wp-dash&utm_campaign=preview\";s:4:\"type\";s:2:\"lp\";s:11:\"access_tier\";s:9:\"essential\";s:7:\"subtype\";s:6:\"Events\";s:4:\"tags\";s:227:\"[\"Baby\",\"Booking\",\"Business\",\"Children\",\"Course Online\",\"Education\",\"Events\",\"Health\",\"Landing Pages\",\"Life Coach\",\"Lifestyle\",\"Online Event\",\"Online Service\",\"Parenting\",\"Professional\",\"Remote\",\"Services\",\"Training\",\"Webinar\"]\";s:10:\"menu_order\";i:1;s:16:\"popularity_index\";i:-1;s:11:\"trend_index\";i:-1;s:18:\"editor_layout_type\";s:0:\"\";s:15:\"minimum_version\";s:5:\"0.0.0\";s:8:\"products\";s:7:\"regular\";s:17:\"has_page_settings\";s:1:\"1\";s:6:\"is_pro\";s:1:\"1\";s:12:\"access_level\";i:1;}i:160;a:20:{s:4:\"tmpl\";i:1401;s:2:\"id\";i:23776;s:5:\"title\";s:34:\"Ski Hotel Promotion &#8211; Travel\";s:9:\"thumbnail\";s:83:\"https://library.elementor.com/wp-content/uploads/2022/04/64-Ski-Hotel-Promotion.jpg\";s:12:\"tmpl_created\";i:1649691720;s:6:\"author\";s:9:\"Elementor\";s:3:\"url\";s:128:\"https://library.elementor.com/lp/ski-hotel-promotion-travel/?utm_source=template-library&utm_medium=wp-dash&utm_campaign=preview\";s:4:\"type\";s:2:\"lp\";s:11:\"access_tier\";s:9:\"essential\";s:7:\"subtype\";s:6:\"Travel\";s:4:\"tags\";s:118:\"[\"Accommodation\",\"Booking\",\"Discount. Landing Pages\",\"Lifestyle\",\"Luxury\",\"Services\",\"Spa\",\"Travel\",\"Trip\",\"Vacation\"]\";s:10:\"menu_order\";i:1;s:16:\"popularity_index\";i:-1;s:11:\"trend_index\";i:-1;s:18:\"editor_layout_type\";s:0:\"\";s:15:\"minimum_version\";s:5:\"0.0.0\";s:8:\"products\";s:7:\"regular\";s:17:\"has_page_settings\";s:1:\"1\";s:6:\"is_pro\";s:1:\"1\";s:12:\"access_level\";i:1;}i:161;a:20:{s:4:\"tmpl\";i:1402;s:2:\"id\";i:23804;s:5:\"title\";s:30:\"Cake Delivery &#8211; Business\";s:9:\"thumbnail\";s:77:\"https://library.elementor.com/wp-content/uploads/2022/04/67-Cake-Delivery.jpg\";s:12:\"tmpl_created\";i:1649692909;s:6:\"author\";s:9:\"Elementor\";s:3:\"url\";s:124:\"https://library.elementor.com/lp/cake-delivery-business/?utm_source=template-library&utm_medium=wp-dash&utm_campaign=preview\";s:4:\"type\";s:2:\"lp\";s:11:\"access_tier\";s:9:\"essential\";s:7:\"subtype\";s:8:\"Business\";s:4:\"tags\";s:101:\"[\"Bakery\",\"Business\",\"Cake\",\"Cooking\",\"Delivery\",\"Discount\",\"Food\",\"Landing Pages\",\"Products\",\"Shop\"]\";s:10:\"menu_order\";i:1;s:16:\"popularity_index\";i:-1;s:11:\"trend_index\";i:-1;s:18:\"editor_layout_type\";s:0:\"\";s:15:\"minimum_version\";s:5:\"0.0.0\";s:8:\"products\";s:7:\"regular\";s:17:\"has_page_settings\";s:1:\"1\";s:6:\"is_pro\";s:1:\"1\";s:12:\"access_level\";i:1;}i:162;a:20:{s:4:\"tmpl\";i:1403;s:2:\"id\";i:23832;s:5:\"title\";s:32:\"Furniture Store &#8211; Business\";s:9:\"thumbnail\";s:79:\"https://library.elementor.com/wp-content/uploads/2022/04/87-Furniture-Store.jpg\";s:12:\"tmpl_created\";i:1649694812;s:6:\"author\";s:9:\"Elementor\";s:3:\"url\";s:126:\"https://library.elementor.com/lp/furniture-store-business/?utm_source=template-library&utm_medium=wp-dash&utm_campaign=preview\";s:4:\"type\";s:2:\"lp\";s:11:\"access_tier\";s:4:\"free\";s:7:\"subtype\";s:8:\"Business\";s:4:\"tags\";s:232:\"[\"Architecture\",\"Art\",\"Business\",\"Construction\",\"Coupon\",\"Creative\",\"Decor\",\"Designer\",\"Discount\",\"Fashion\",\"Furniture Design\",\"Home\",\"House\",\"Interior Design\",\"Landing Pages\",\"Lifestyle\",\"Products\",\"Professional\",\"Services\",\"Shop\"]\";s:10:\"menu_order\";i:1;s:16:\"popularity_index\";i:-1;s:11:\"trend_index\";i:-1;s:18:\"editor_layout_type\";s:0:\"\";s:15:\"minimum_version\";s:5:\"0.0.0\";s:8:\"products\";s:7:\"regular\";s:17:\"has_page_settings\";s:1:\"0\";s:6:\"is_pro\";s:1:\"0\";s:12:\"access_level\";i:0;}i:163;a:20:{s:4:\"tmpl\";i:1404;s:2:\"id\";i:23746;s:5:\"title\";s:22:\"Nails &#8211; Business\";s:9:\"thumbnail\";s:71:\"https://library.elementor.com/wp-content/uploads/2022/04/62-Nails-1.jpg\";s:12:\"tmpl_created\";i:1649704635;s:6:\"author\";s:9:\"Elementor\";s:3:\"url\";s:116:\"https://library.elementor.com/lp/nails-business/?utm_source=template-library&utm_medium=wp-dash&utm_campaign=preview\";s:4:\"type\";s:2:\"lp\";s:11:\"access_tier\";s:9:\"essential\";s:7:\"subtype\";s:8:\"Business\";s:4:\"tags\";s:173:\"[\"Art\",\"Beauty\",\"Business\",\"Colorful\",\"Cosmetics\",\"Creative\",\"Design\",\"Discount\",\"Fashion\",\"Girly\",\"Landing Pages\",\"Lifestyle\",\"Manicure\",\"Modern\",\"Professional\",\"Services\"]\";s:10:\"menu_order\";i:1;s:16:\"popularity_index\";i:-1;s:11:\"trend_index\";i:-1;s:18:\"editor_layout_type\";s:0:\"\";s:15:\"minimum_version\";s:5:\"0.0.0\";s:8:\"products\";s:7:\"regular\";s:17:\"has_page_settings\";s:1:\"1\";s:6:\"is_pro\";s:1:\"1\";s:12:\"access_level\";i:1;}i:164;a:20:{s:4:\"tmpl\";i:1405;s:2:\"id\";i:23846;s:5:\"title\";s:29:\"Music Festival &#8211; Events\";s:9:\"thumbnail\";s:78:\"https://library.elementor.com/wp-content/uploads/2022/04/88-Music-Festival.jpg\";s:12:\"tmpl_created\";i:1649707763;s:6:\"author\";s:9:\"Elementor\";s:3:\"url\";s:123:\"https://library.elementor.com/lp/music-festival-events/?utm_source=template-library&utm_medium=wp-dash&utm_campaign=preview\";s:4:\"type\";s:2:\"lp\";s:11:\"access_tier\";s:4:\"free\";s:7:\"subtype\";s:6:\"Events\";s:4:\"tags\";s:128:\"[\"Author\",\"Booking\",\"Business\",\"Creative\",\"Discount\",\"Events\",\"Landing Pages\",\"Music\",\"Online\",\"Online Event\",\"Party\",\"Virtual\"]\";s:10:\"menu_order\";i:1;s:16:\"popularity_index\";i:-1;s:11:\"trend_index\";i:-1;s:18:\"editor_layout_type\";s:0:\"\";s:15:\"minimum_version\";s:5:\"0.0.0\";s:8:\"products\";s:7:\"regular\";s:17:\"has_page_settings\";s:1:\"1\";s:6:\"is_pro\";s:1:\"0\";s:12:\"access_level\";i:0;}i:165;a:20:{s:4:\"tmpl\";i:1406;s:2:\"id\";i:23872;s:5:\"title\";s:40:\"Fashion Styling Course &#8211; Education\";s:9:\"thumbnail\";s:86:\"https://library.elementor.com/wp-content/uploads/2022/04/89-Fashion-Styling-Course.jpg\";s:12:\"tmpl_created\";i:1649708569;s:6:\"author\";s:9:\"Elementor\";s:3:\"url\";s:134:\"https://library.elementor.com/lp/fashion-styling-course-education/?utm_source=template-library&utm_medium=wp-dash&utm_campaign=preview\";s:4:\"type\";s:2:\"lp\";s:11:\"access_tier\";s:9:\"essential\";s:7:\"subtype\";s:9:\"Education\";s:4:\"tags\";s:173:\"[\"Aesthetic\",\"Art\",\"Beauty\",\"Business\",\"Course Online\",\"Creative\",\"Discount\",\"Education\",\"Fashion\",\"Landing Pages\",\"Lifestyle\",\"Online\",\"Online Service\",\"Stylist\",\"Virtual\"]\";s:10:\"menu_order\";i:1;s:16:\"popularity_index\";i:-1;s:11:\"trend_index\";i:-1;s:18:\"editor_layout_type\";s:0:\"\";s:15:\"minimum_version\";s:5:\"0.0.0\";s:8:\"products\";s:7:\"regular\";s:17:\"has_page_settings\";s:1:\"1\";s:6:\"is_pro\";s:1:\"1\";s:12:\"access_level\";i:1;}i:166;a:20:{s:4:\"tmpl\";i:1407;s:2:\"id\";i:23897;s:5:\"title\";s:33:\"Bags Online Shop &#8211; Business\";s:9:\"thumbnail\";s:80:\"https://library.elementor.com/wp-content/uploads/2022/04/90-Bags-Online-Shop.jpg\";s:12:\"tmpl_created\";i:1649709513;s:6:\"author\";s:9:\"Elementor\";s:3:\"url\";s:127:\"https://library.elementor.com/lp/bags-online-shop-business/?utm_source=template-library&utm_medium=wp-dash&utm_campaign=preview\";s:4:\"type\";s:2:\"lp\";s:11:\"access_tier\";s:9:\"essential\";s:7:\"subtype\";s:8:\"Business\";s:4:\"tags\";s:170:\"[\"Art\",\"Bag\",\"Business\",\"Creative\",\"Design\",\"Discount\",\"Fashion\",\"Landing Pages\",\"Lifestyle\",\"Luxury\",\"Modern\",\"Online\",\"Online Shop\",\"Products\",\"Sales\",\"Shop\",\"Stylist\"]\";s:10:\"menu_order\";i:1;s:16:\"popularity_index\";i:-1;s:11:\"trend_index\";i:-1;s:18:\"editor_layout_type\";s:0:\"\";s:15:\"minimum_version\";s:5:\"0.0.0\";s:8:\"products\";s:7:\"regular\";s:17:\"has_page_settings\";s:1:\"1\";s:6:\"is_pro\";s:1:\"1\";s:12:\"access_level\";i:1;}i:167;a:20:{s:4:\"tmpl\";i:1408;s:2:\"id\";i:23932;s:5:\"title\";s:32:\"Cooking Academy &#8211; Business\";s:9:\"thumbnail\";s:79:\"https://library.elementor.com/wp-content/uploads/2022/04/91-Cooking-Academy.jpg\";s:12:\"tmpl_created\";i:1649710216;s:6:\"author\";s:9:\"Elementor\";s:3:\"url\";s:126:\"https://library.elementor.com/lp/cooking-academy-business/?utm_source=template-library&utm_medium=wp-dash&utm_campaign=preview\";s:4:\"type\";s:2:\"lp\";s:11:\"access_tier\";s:9:\"essential\";s:7:\"subtype\";s:8:\"Business\";s:4:\"tags\";s:145:\"[\"Academy\",\"Booking\",\"Business\",\"Chef\",\"Cooking\",\"Education\",\"Food\",\"Free Trial\",\"Landing Pages\",\"Professional\",\"School\",\"Teacher\",\"Testimonial\"]\";s:10:\"menu_order\";i:1;s:16:\"popularity_index\";i:-1;s:11:\"trend_index\";i:-1;s:18:\"editor_layout_type\";s:0:\"\";s:15:\"minimum_version\";s:5:\"0.0.0\";s:8:\"products\";s:7:\"regular\";s:17:\"has_page_settings\";s:1:\"1\";s:6:\"is_pro\";s:1:\"1\";s:12:\"access_level\";i:1;}i:168;a:20:{s:4:\"tmpl\";i:1409;s:2:\"id\";i:23970;s:5:\"title\";s:45:\"Ophthalmology Medical Clinic &#8211; Business\";s:9:\"thumbnail\";s:92:\"https://library.elementor.com/wp-content/uploads/2022/04/92-Ophthalmology-Medical-Clinic.jpg\";s:12:\"tmpl_created\";i:1649711096;s:6:\"author\";s:9:\"Elementor\";s:3:\"url\";s:139:\"https://library.elementor.com/lp/ophthalmology-medical-clinic-business/?utm_source=template-library&utm_medium=wp-dash&utm_campaign=preview\";s:4:\"type\";s:2:\"lp\";s:11:\"access_tier\";s:9:\"essential\";s:7:\"subtype\";s:8:\"Business\";s:4:\"tags\";s:165:\"[\"About\",\"Business\",\"Care\",\"Consulting\",\"Eye\",\"Free Trial\",\"Glasses\",\"Health\",\"Landing Pages\",\"Lifestyle\",\"Medical\",\"Modern\",\"Optometrist\",\"Professional\",\"Services\"]\";s:10:\"menu_order\";i:1;s:16:\"popularity_index\";i:-1;s:11:\"trend_index\";i:-1;s:18:\"editor_layout_type\";s:0:\"\";s:15:\"minimum_version\";s:5:\"0.0.0\";s:8:\"products\";s:7:\"regular\";s:17:\"has_page_settings\";s:1:\"1\";s:6:\"is_pro\";s:1:\"1\";s:12:\"access_level\";i:1;}i:169;a:20:{s:4:\"tmpl\";i:1425;s:2:\"id\";i:24331;s:5:\"title\";s:24:\"Wireframe &#8211; Home 1\";s:9:\"thumbnail\";s:81:\"https://library.elementor.com/wp-content/uploads/2022/05/Wireframe-—-Home-1.jpg\";s:12:\"tmpl_created\";i:1653988363;s:6:\"author\";s:9:\"Elementor\";s:3:\"url\";s:115:\"https://library.elementor.com/wireframe-home-1/?utm_source=template-library&utm_medium=wp-dash&utm_campaign=preview\";s:4:\"type\";s:4:\"page\";s:11:\"access_tier\";s:4:\"free\";s:7:\"subtype\";s:4:\"page\";s:4:\"tags\";s:102:\"[\"Business\",\"Contact\",\"Features\",\"Footer\",\"Header\",\"Homepage\",\"Professional\",\"Services\",\"Testimonial\"]\";s:10:\"menu_order\";i:1;s:16:\"popularity_index\";i:-1;s:11:\"trend_index\";i:-1;s:18:\"editor_layout_type\";s:0:\"\";s:15:\"minimum_version\";s:5:\"0.0.0\";s:8:\"products\";s:7:\"regular\";s:17:\"has_page_settings\";s:1:\"1\";s:6:\"is_pro\";s:1:\"0\";s:12:\"access_level\";i:0;}i:170;a:20:{s:4:\"tmpl\";i:1218;s:2:\"id\";i:20792;s:5:\"title\";s:26:\"Luxury Car &#8211; Product\";s:9:\"thumbnail\";s:70:\"https://library.elementor.com/wp-content/uploads/2021/11/250x280-1.jpg\";s:12:\"tmpl_created\";i:1636903770;s:6:\"author\";s:9:\"Elementor\";s:3:\"url\";s:120:\"https://library.elementor.com/lp/luxury-car-product/?utm_source=template-library&utm_medium=wp-dash&utm_campaign=preview\";s:4:\"type\";s:2:\"lp\";s:11:\"access_tier\";s:9:\"essential\";s:7:\"subtype\";s:7:\"Product\";s:4:\"tags\";s:54:\"[\"car\",\"Ecommerce\",\"Landing Pages\",\"Luxury\",\"Product\"]\";s:10:\"menu_order\";i:1;s:16:\"popularity_index\";i:-1;s:11:\"trend_index\";i:-1;s:18:\"editor_layout_type\";s:0:\"\";s:15:\"minimum_version\";s:5:\"0.0.0\";s:8:\"products\";s:7:\"regular\";s:17:\"has_page_settings\";s:1:\"1\";s:6:\"is_pro\";s:1:\"1\";s:12:\"access_level\";i:1;}i:171;a:20:{s:4:\"tmpl\";i:1428;s:2:\"id\";i:24398;s:5:\"title\";s:25:\"Wireframe &#8211; About 1\";s:9:\"thumbnail\";s:82:\"https://library.elementor.com/wp-content/uploads/2022/05/Wireframe-—-About-1.jpg\";s:12:\"tmpl_created\";i:1653988534;s:6:\"author\";s:9:\"Elementor\";s:3:\"url\";s:116:\"https://library.elementor.com/wireframe-about-1/?utm_source=template-library&utm_medium=wp-dash&utm_campaign=preview\";s:4:\"type\";s:4:\"page\";s:11:\"access_tier\";s:4:\"free\";s:7:\"subtype\";s:4:\"page\";s:4:\"tags\";s:83:\"[\"About\",\"Business\",\"Contact\",\"Features\",\"Footer\",\"Professional\",\"Services\",\"Team\"]\";s:10:\"menu_order\";i:2;s:16:\"popularity_index\";i:-1;s:11:\"trend_index\";i:-1;s:18:\"editor_layout_type\";s:0:\"\";s:15:\"minimum_version\";s:5:\"0.0.0\";s:8:\"products\";s:7:\"regular\";s:17:\"has_page_settings\";s:1:\"1\";s:6:\"is_pro\";s:1:\"0\";s:12:\"access_level\";i:0;}i:172;a:20:{s:4:\"tmpl\";i:991;s:2:\"id\";i:13413;s:5:\"title\";s:33:\"Classic | Contact | Online Course\";s:9:\"thumbnail\";s:71:\"https://library.elementor.com/wp-content/uploads/2020/04/PopUp-Help.jpg\";s:12:\"tmpl_created\";i:1587474761;s:6:\"author\";s:9:\"Elementor\";s:3:\"url\";s:135:\"https://library.elementor.com/popups/classic-contact-online-course/?utm_source=template-library&utm_medium=wp-dash&utm_campaign=preview\";s:4:\"type\";s:5:\"popup\";s:11:\"access_tier\";s:9:\"essential\";s:7:\"subtype\";s:7:\"classic\";s:4:\"tags\";s:29:\"[\"Course Online\",\"Education\"]\";s:10:\"menu_order\";i:2;s:16:\"popularity_index\";i:530;s:11:\"trend_index\";i:369;s:18:\"editor_layout_type\";s:0:\"\";s:15:\"minimum_version\";s:5:\"0.0.0\";s:8:\"products\";s:7:\"regular\";s:17:\"has_page_settings\";s:1:\"1\";s:6:\"is_pro\";s:1:\"1\";s:12:\"access_level\";i:1;}i:173;a:20:{s:4:\"tmpl\";i:1053;s:2:\"id\";i:15272;s:5:\"title\";s:32:\"Classic | Contact | Psychologist\";s:9:\"thumbnail\";s:66:\"https://library.elementor.com/wp-content/uploads/2020/09/PopUp.png\";s:12:\"tmpl_created\";i:1600170487;s:6:\"author\";s:9:\"Elementor\";s:3:\"url\";s:134:\"https://library.elementor.com/popups/classic-contact-psychologist/?utm_source=template-library&utm_medium=wp-dash&utm_campaign=preview\";s:4:\"type\";s:5:\"popup\";s:11:\"access_tier\";s:9:\"essential\";s:7:\"subtype\";s:7:\"classic\";s:4:\"tags\";s:34:\"[\"Psychologist\",\"Psychotherapist\"]\";s:10:\"menu_order\";i:3;s:16:\"popularity_index\";i:578;s:11:\"trend_index\";i:312;s:18:\"editor_layout_type\";s:0:\"\";s:15:\"minimum_version\";s:5:\"0.0.0\";s:8:\"products\";s:7:\"regular\";s:17:\"has_page_settings\";s:1:\"1\";s:6:\"is_pro\";s:1:\"1\";s:12:\"access_level\";i:1;}i:174;a:20:{s:4:\"tmpl\";i:899;s:2:\"id\";i:11839;s:5:\"title\";s:9:\"Portfolio\";s:9:\"thumbnail\";s:73:\"https://library.elementor.com/wp-content/uploads/2019/09/Header_small.png\";s:12:\"tmpl_created\";i:1569430015;s:6:\"author\";s:9:\"Elementor\";s:3:\"url\";s:108:\"https://library.elementor.com/blocks/portfolio-9/?utm_source=library&utm_medium=wp-dash&utm_campaign=preview\";s:4:\"type\";s:5:\"block\";s:11:\"access_tier\";s:9:\"essential\";s:7:\"subtype\";s:6:\"header\";s:4:\"tags\";s:43:\"[\"creative portfolio\",\"header\",\"portfolio\"]\";s:10:\"menu_order\";i:3;s:16:\"popularity_index\";i:189;s:11:\"trend_index\";i:20;s:18:\"editor_layout_type\";s:0:\"\";s:15:\"minimum_version\";s:5:\"0.0.0\";s:8:\"products\";s:7:\"regular\";s:17:\"has_page_settings\";s:1:\"0\";s:6:\"is_pro\";s:1:\"1\";s:12:\"access_level\";i:1;}i:175;a:20:{s:4:\"tmpl\";i:1433;s:2:\"id\";i:24477;s:5:\"title\";s:27:\"Wireframe &#8211; Gallery 2\";s:9:\"thumbnail\";s:84:\"https://library.elementor.com/wp-content/uploads/2022/05/Wireframe-—-Gallery-2.jpg\";s:12:\"tmpl_created\";i:1653988835;s:6:\"author\";s:9:\"Elementor\";s:3:\"url\";s:118:\"https://library.elementor.com/wireframe-gallery-2/?utm_source=template-library&utm_medium=wp-dash&utm_campaign=preview\";s:4:\"type\";s:4:\"page\";s:11:\"access_tier\";s:4:\"free\";s:7:\"subtype\";s:4:\"page\";s:4:\"tags\";s:82:\"[\"Business\",\"Contact\",\"Design\",\"Footer\",\"Gallery\",\"Header\",\"Portfolio\",\"Services\"]\";s:10:\"menu_order\";i:3;s:16:\"popularity_index\";i:-1;s:11:\"trend_index\";i:-1;s:18:\"editor_layout_type\";s:0:\"\";s:15:\"minimum_version\";s:5:\"0.0.0\";s:8:\"products\";s:7:\"regular\";s:17:\"has_page_settings\";s:1:\"1\";s:6:\"is_pro\";s:1:\"0\";s:12:\"access_level\";i:0;}i:176;a:20:{s:4:\"tmpl\";i:1205;s:2:\"id\";i:20233;s:5:\"title\";s:32:\"Art Magazine &#8211; Coming Soon\";s:9:\"thumbnail\";s:95:\"https://library.elementor.com/wp-content/uploads/2021/10/Art-Magazine-Coming-Soon-250x280-1.jpg\";s:12:\"tmpl_created\";i:1633881371;s:6:\"author\";s:9:\"Elementor\";s:3:\"url\";s:126:\"https://library.elementor.com/lp/art-magazine-coming-soon/?utm_source=template-library&utm_medium=wp-dash&utm_campaign=preview\";s:4:\"type\";s:2:\"lp\";s:11:\"access_tier\";s:9:\"essential\";s:7:\"subtype\";s:16:\"Coming Soon Page\";s:4:\"tags\";s:48:\"[\"Art\",\"Coming Soon\",\"Landing Pages\",\"Magazine\"]\";s:10:\"menu_order\";i:3;s:16:\"popularity_index\";i:-1;s:11:\"trend_index\";i:-1;s:18:\"editor_layout_type\";s:0:\"\";s:15:\"minimum_version\";s:5:\"0.0.0\";s:8:\"products\";s:7:\"regular\";s:17:\"has_page_settings\";s:1:\"1\";s:6:\"is_pro\";s:1:\"1\";s:12:\"access_level\";i:1;}i:177;a:20:{s:4:\"tmpl\";i:1214;s:2:\"id\";i:20539;s:5:\"title\";s:31:\"Design Blog &#8211; Coming Soon\";s:9:\"thumbnail\";s:94:\"https://library.elementor.com/wp-content/uploads/2021/10/Design-Blog-Coming-Soon-250x280-1.jpg\";s:12:\"tmpl_created\";i:1634022706;s:6:\"author\";s:9:\"Elementor\";s:3:\"url\";s:125:\"https://library.elementor.com/lp/design-blog-coming-soon/?utm_source=template-library&utm_medium=wp-dash&utm_campaign=preview\";s:4:\"type\";s:2:\"lp\";s:11:\"access_tier\";s:9:\"essential\";s:7:\"subtype\";s:16:\"Coming Soon Page\";s:4:\"tags\";s:47:\"[\"Blog\",\"Coming Soon\",\"Design\",\"Landing Pages\"]\";s:10:\"menu_order\";i:4;s:16:\"popularity_index\";i:-1;s:11:\"trend_index\";i:-1;s:18:\"editor_layout_type\";s:0:\"\";s:15:\"minimum_version\";s:5:\"0.0.0\";s:8:\"products\";s:7:\"regular\";s:17:\"has_page_settings\";s:1:\"1\";s:6:\"is_pro\";s:1:\"1\";s:12:\"access_level\";i:1;}i:178;a:20:{s:4:\"tmpl\";i:1224;s:2:\"id\";i:21013;s:5:\"title\";s:24:\"Restaurant &#8211; About\";s:9:\"thumbnail\";s:79:\"https://library.elementor.com/wp-content/uploads/2021/12/7-About-Restaurant.jpg\";s:12:\"tmpl_created\";i:1638795588;s:6:\"author\";s:9:\"Elementor\";s:3:\"url\";s:115:\"https://library.elementor.com/restaurant-about/?utm_source=template-library&utm_medium=wp-dash&utm_campaign=preview\";s:4:\"type\";s:4:\"page\";s:11:\"access_tier\";s:4:\"free\";s:7:\"subtype\";s:5:\"about\";s:4:\"tags\";s:36:\"[\"About\",\"Chef\",\"Food\",\"Restaurant\"]\";s:10:\"menu_order\";i:4;s:16:\"popularity_index\";i:-1;s:11:\"trend_index\";i:-1;s:18:\"editor_layout_type\";s:0:\"\";s:15:\"minimum_version\";s:5:\"0.0.0\";s:8:\"products\";s:7:\"regular\";s:17:\"has_page_settings\";s:1:\"1\";s:6:\"is_pro\";s:1:\"0\";s:12:\"access_level\";i:0;}i:179;a:20:{s:4:\"tmpl\";i:992;s:2:\"id\";i:13402;s:5:\"title\";s:29:\"Classic | CTA | Online Course\";s:9:\"thumbnail\";s:83:\"https://library.elementor.com/wp-content/uploads/2020/04/Popup-Course-Completed.jpg\";s:12:\"tmpl_created\";i:1587474772;s:6:\"author\";s:9:\"Elementor\";s:3:\"url\";s:131:\"https://library.elementor.com/popups/classic-cta-online-course/?utm_source=template-library&utm_medium=wp-dash&utm_campaign=preview\";s:4:\"type\";s:5:\"popup\";s:11:\"access_tier\";s:9:\"essential\";s:7:\"subtype\";s:7:\"classic\";s:4:\"tags\";s:29:\"[\"Course Online\",\"Education\"]\";s:10:\"menu_order\";i:4;s:16:\"popularity_index\";i:619;s:11:\"trend_index\";i:582;s:18:\"editor_layout_type\";s:0:\"\";s:15:\"minimum_version\";s:5:\"0.0.0\";s:8:\"products\";s:7:\"regular\";s:17:\"has_page_settings\";s:1:\"1\";s:6:\"is_pro\";s:1:\"1\";s:12:\"access_level\";i:1;}i:180;a:20:{s:4:\"tmpl\";i:1206;s:2:\"id\";i:20254;s:5:\"title\";s:41:\"Digital Marketing Agency &#8211; Business\";s:9:\"thumbnail\";s:95:\"https://library.elementor.com/wp-content/uploads/2021/10/Digital-Marketing-Agency-250x280-1.jpg\";s:12:\"tmpl_created\";i:1633882427;s:6:\"author\";s:9:\"Elementor\";s:3:\"url\";s:135:\"https://library.elementor.com/lp/digital-marketing-agency-business/?utm_source=template-library&utm_medium=wp-dash&utm_campaign=preview\";s:4:\"type\";s:2:\"lp\";s:11:\"access_tier\";s:9:\"essential\";s:7:\"subtype\";s:8:\"Business\";s:4:\"tags\";s:65:\"[\"Agency\",\"Business\",\"Digital Agency\",\"Landing Pages\",\"Services\"]\";s:10:\"menu_order\";i:5;s:16:\"popularity_index\";i:-1;s:11:\"trend_index\";i:-1;s:18:\"editor_layout_type\";s:0:\"\";s:15:\"minimum_version\";s:5:\"0.0.0\";s:8:\"products\";s:7:\"regular\";s:17:\"has_page_settings\";s:1:\"1\";s:6:\"is_pro\";s:1:\"1\";s:12:\"access_level\";i:1;}i:181;a:20:{s:4:\"tmpl\";i:1235;s:2:\"id\";i:21281;s:5:\"title\";s:25:\"Law Firm &#8211; Services\";s:9:\"thumbnail\";s:81:\"https://library.elementor.com/wp-content/uploads/2021/12/16-Services-Law-firm.jpg\";s:12:\"tmpl_created\";i:1638819128;s:6:\"author\";s:9:\"Elementor\";s:3:\"url\";s:118:\"https://library.elementor.com/law-firm-services-2/?utm_source=template-library&utm_medium=wp-dash&utm_campaign=preview\";s:4:\"type\";s:4:\"page\";s:11:\"access_tier\";s:4:\"free\";s:7:\"subtype\";s:4:\"page\";s:4:\"tags\";s:56:\"[\"Consulting\",\"Law\",\"Law Firm\",\"Services\",\"Testimonial\"]\";s:10:\"menu_order\";i:5;s:16:\"popularity_index\";i:-1;s:11:\"trend_index\";i:-1;s:18:\"editor_layout_type\";s:0:\"\";s:15:\"minimum_version\";s:5:\"0.0.0\";s:8:\"products\";s:7:\"regular\";s:17:\"has_page_settings\";s:1:\"1\";s:6:\"is_pro\";s:1:\"0\";s:12:\"access_level\";i:0;}i:182;a:20:{s:4:\"tmpl\";i:1017;s:2:\"id\";i:14111;s:5:\"title\";s:36:\"Classic | Japanese restaurant | Sale\";s:9:\"thumbnail\";s:78:\"https://library.elementor.com/wp-content/uploads/2020/06/Pop-Up-Page-Small.jpg\";s:12:\"tmpl_created\";i:1592300400;s:6:\"author\";s:9:\"Elementor\";s:3:\"url\";s:138:\"https://library.elementor.com/popups/classic-japanese-restaurant-sale/?utm_source=template-library&utm_medium=wp-dash&utm_campaign=preview\";s:4:\"type\";s:5:\"popup\";s:11:\"access_tier\";s:9:\"essential\";s:7:\"subtype\";s:7:\"classic\";s:4:\"tags\";s:32:\"[\"Food\",\"Japanese\",\"Restaurant\"]\";s:10:\"menu_order\";i:5;s:16:\"popularity_index\";i:717;s:11:\"trend_index\";i:697;s:18:\"editor_layout_type\";s:0:\"\";s:15:\"minimum_version\";s:5:\"0.0.0\";s:8:\"products\";s:7:\"regular\";s:17:\"has_page_settings\";s:1:\"1\";s:6:\"is_pro\";s:1:\"1\";s:12:\"access_level\";i:1;}i:183;a:20:{s:4:\"tmpl\";i:1213;s:2:\"id\";i:20509;s:5:\"title\";s:40:\"Dogs Adoption &#8211; Social Involvement\";s:9:\"thumbnail\";s:83:\"https://library.elementor.com/wp-content/uploads/2021/10/Dog-Adoption-250x280-1.jpg\";s:12:\"tmpl_created\";i:1634022353;s:6:\"author\";s:9:\"Elementor\";s:3:\"url\";s:134:\"https://library.elementor.com/lp/dogs-adoption-social-involvement/?utm_source=template-library&utm_medium=wp-dash&utm_campaign=preview\";s:4:\"type\";s:2:\"lp\";s:11:\"access_tier\";s:9:\"essential\";s:7:\"subtype\";s:18:\"Social Involvement\";s:4:\"tags\";s:49:\"[\"Adoption\",\"Involvement\",\"Landing Pages\",\"Pets\"]\";s:10:\"menu_order\";i:6;s:16:\"popularity_index\";i:-1;s:11:\"trend_index\";i:-1;s:18:\"editor_layout_type\";s:0:\"\";s:15:\"minimum_version\";s:5:\"0.0.0\";s:8:\"products\";s:7:\"regular\";s:17:\"has_page_settings\";s:1:\"1\";s:6:\"is_pro\";s:1:\"1\";s:12:\"access_level\";i:1;}i:184;a:20:{s:4:\"tmpl\";i:1233;s:2:\"id\";i:21205;s:5:\"title\";s:29:\"Photographer &#8211; Projects\";s:9:\"thumbnail\";s:85:\"https://library.elementor.com/wp-content/uploads/2021/12/25-Projects-Photographer.jpg\";s:12:\"tmpl_created\";i:1638818372;s:6:\"author\";s:9:\"Elementor\";s:3:\"url\";s:120:\"https://library.elementor.com/photographer-projects/?utm_source=template-library&utm_medium=wp-dash&utm_campaign=preview\";s:4:\"type\";s:4:\"page\";s:11:\"access_tier\";s:4:\"free\";s:7:\"subtype\";s:4:\"page\";s:4:\"tags\";s:43:\"[\"Black and white\",\"Photography\",\"Project\"]\";s:10:\"menu_order\";i:6;s:16:\"popularity_index\";i:-1;s:11:\"trend_index\";i:-1;s:18:\"editor_layout_type\";s:0:\"\";s:15:\"minimum_version\";s:5:\"0.0.0\";s:8:\"products\";s:7:\"regular\";s:17:\"has_page_settings\";s:1:\"1\";s:6:\"is_pro\";s:1:\"0\";s:12:\"access_level\";i:0;}i:185;a:20:{s:4:\"tmpl\";i:993;s:2:\"id\";i:13422;s:5:\"title\";s:30:\"Classic | Menu | Online Course\";s:9:\"thumbnail\";s:71:\"https://library.elementor.com/wp-content/uploads/2020/04/PopUp-Menu.jpg\";s:12:\"tmpl_created\";i:1587474782;s:6:\"author\";s:9:\"Elementor\";s:3:\"url\";s:132:\"https://library.elementor.com/popups/classic-menu-online-course/?utm_source=template-library&utm_medium=wp-dash&utm_campaign=preview\";s:4:\"type\";s:5:\"popup\";s:11:\"access_tier\";s:4:\"free\";s:7:\"subtype\";s:7:\"classic\";s:4:\"tags\";s:29:\"[\"Course Online\",\"Education\"]\";s:10:\"menu_order\";i:6;s:16:\"popularity_index\";i:516;s:11:\"trend_index\";i:432;s:18:\"editor_layout_type\";s:0:\"\";s:15:\"minimum_version\";s:5:\"0.0.0\";s:8:\"products\";s:7:\"regular\";s:17:\"has_page_settings\";s:1:\"1\";s:6:\"is_pro\";s:1:\"0\";s:12:\"access_level\";i:0;}i:186;a:20:{s:4:\"tmpl\";i:925;s:2:\"id\";i:12540;s:5:\"title\";s:33:\"Classic | Menu | Travel and tours\";s:9:\"thumbnail\";s:73:\"https://library.elementor.com/wp-content/uploads/2019/12/PopUp_Menu_s.png\";s:12:\"tmpl_created\";i:1575960267;s:6:\"author\";s:9:\"Elementor\";s:3:\"url\";s:135:\"https://library.elementor.com/popups/classic-menu-travel-and-tours/?utm_source=template-library&utm_medium=wp-dash&utm_campaign=preview\";s:4:\"type\";s:5:\"popup\";s:11:\"access_tier\";s:9:\"essential\";s:7:\"subtype\";s:7:\"classic\";s:4:\"tags\";s:18:\"[\"Tours\",\"Travel\"]\";s:10:\"menu_order\";i:7;s:16:\"popularity_index\";i:690;s:11:\"trend_index\";i:714;s:18:\"editor_layout_type\";s:0:\"\";s:15:\"minimum_version\";s:5:\"0.0.0\";s:8:\"products\";s:7:\"regular\";s:17:\"has_page_settings\";s:1:\"1\";s:6:\"is_pro\";s:1:\"1\";s:12:\"access_level\";i:1;}i:187;a:20:{s:4:\"tmpl\";i:1208;s:2:\"id\";i:20361;s:5:\"title\";s:51:\"Exercise &#038; Fitness Equipment &#8211; eCommerce\";s:9:\"thumbnail\";s:97:\"https://library.elementor.com/wp-content/uploads/2021/10/Exercise-Fitness-Equipment-250x280-1.jpg\";s:12:\"tmpl_created\";i:1633883766;s:6:\"author\";s:9:\"Elementor\";s:3:\"url\";s:138:\"https://library.elementor.com/lp/exercise-fitness-equipment-ecommerce/?utm_source=template-library&utm_medium=wp-dash&utm_campaign=preview\";s:4:\"type\";s:2:\"lp\";s:11:\"access_tier\";s:9:\"essential\";s:7:\"subtype\";s:9:\"eCommerce\";s:4:\"tags\";s:50:\"[\"Fitness\",\"Health\",\"Landing Pages\",\"Online Shop\"]\";s:10:\"menu_order\";i:7;s:16:\"popularity_index\";i:-1;s:11:\"trend_index\";i:-1;s:18:\"editor_layout_type\";s:0:\"\";s:15:\"minimum_version\";s:5:\"0.0.0\";s:8:\"products\";s:7:\"regular\";s:17:\"has_page_settings\";s:1:\"1\";s:6:\"is_pro\";s:1:\"1\";s:12:\"access_level\";i:1;}i:188;a:20:{s:4:\"tmpl\";i:1239;s:2:\"id\";i:21373;s:5:\"title\";s:28:\"Photographer &#8211; Gallery\";s:9:\"thumbnail\";s:84:\"https://library.elementor.com/wp-content/uploads/2021/12/18-Gallery-Photographer.jpg\";s:12:\"tmpl_created\";i:1638821177;s:6:\"author\";s:9:\"Elementor\";s:3:\"url\";s:119:\"https://library.elementor.com/photographer-gallery/?utm_source=template-library&utm_medium=wp-dash&utm_campaign=preview\";s:4:\"type\";s:4:\"page\";s:11:\"access_tier\";s:4:\"free\";s:7:\"subtype\";s:4:\"page\";s:4:\"tags\";s:56:\"[\"Gallery\",\"Photography\",\"Portfolio\",\"Project\",\"Travel\"]\";s:10:\"menu_order\";i:7;s:16:\"popularity_index\";i:-1;s:11:\"trend_index\";i:-1;s:18:\"editor_layout_type\";s:0:\"\";s:15:\"minimum_version\";s:5:\"0.0.0\";s:8:\"products\";s:7:\"regular\";s:17:\"has_page_settings\";s:1:\"1\";s:6:\"is_pro\";s:1:\"0\";s:12:\"access_level\";i:0;}i:189;a:20:{s:4:\"tmpl\";i:1426;s:2:\"id\";i:24348;s:5:\"title\";s:24:\"Wireframe &#8211; Home 2\";s:9:\"thumbnail\";s:81:\"https://library.elementor.com/wp-content/uploads/2022/05/Wireframe-—-Home-2.jpg\";s:12:\"tmpl_created\";i:1653988444;s:6:\"author\";s:9:\"Elementor\";s:3:\"url\";s:115:\"https://library.elementor.com/wireframe-home-2/?utm_source=template-library&utm_medium=wp-dash&utm_campaign=preview\";s:4:\"type\";s:4:\"page\";s:11:\"access_tier\";s:9:\"essential\";s:7:\"subtype\";s:4:\"page\";s:4:\"tags\";s:102:\"[\"Business\",\"Contact\",\"Features\",\"Footer\",\"Header\",\"Homepage\",\"Professional\",\"Services\",\"Testimonial\"]\";s:10:\"menu_order\";i:8;s:16:\"popularity_index\";i:-1;s:11:\"trend_index\";i:-1;s:18:\"editor_layout_type\";s:0:\"\";s:15:\"minimum_version\";s:5:\"0.0.0\";s:8:\"products\";s:7:\"regular\";s:17:\"has_page_settings\";s:1:\"1\";s:6:\"is_pro\";s:1:\"1\";s:12:\"access_level\";i:1;}i:190;a:20:{s:4:\"tmpl\";i:958;s:2:\"id\";i:13129;s:5:\"title\";s:28:\"Classic | Menu | Photography\";s:9:\"thumbnail\";s:68:\"https://library.elementor.com/wp-content/uploads/2020/02/PopUp_s.png\";s:12:\"tmpl_created\";i:1582092645;s:6:\"author\";s:9:\"Elementor\";s:3:\"url\";s:130:\"https://library.elementor.com/popups/classic-menu-photography/?utm_source=template-library&utm_medium=wp-dash&utm_campaign=preview\";s:4:\"type\";s:5:\"popup\";s:11:\"access_tier\";s:9:\"essential\";s:7:\"subtype\";s:7:\"classic\";s:4:\"tags\";s:27:\"[\"Photography\",\"Portfolio\"]\";s:10:\"menu_order\";i:8;s:16:\"popularity_index\";i:646;s:11:\"trend_index\";i:521;s:18:\"editor_layout_type\";s:0:\"\";s:15:\"minimum_version\";s:5:\"0.0.0\";s:8:\"products\";s:7:\"regular\";s:17:\"has_page_settings\";s:1:\"1\";s:6:\"is_pro\";s:1:\"1\";s:12:\"access_level\";i:1;}i:191;a:20:{s:4:\"tmpl\";i:1427;s:2:\"id\";i:24366;s:5:\"title\";s:24:\"Wireframe &#8211; Home 3\";s:9:\"thumbnail\";s:81:\"https://library.elementor.com/wp-content/uploads/2022/05/Wireframe-—-Home-3.jpg\";s:12:\"tmpl_created\";i:1653988491;s:6:\"author\";s:9:\"Elementor\";s:3:\"url\";s:115:\"https://library.elementor.com/wireframe-home-3/?utm_source=template-library&utm_medium=wp-dash&utm_campaign=preview\";s:4:\"type\";s:4:\"page\";s:11:\"access_tier\";s:9:\"essential\";s:7:\"subtype\";s:4:\"page\";s:4:\"tags\";s:102:\"[\"Business\",\"Contact\",\"Features\",\"Footer\",\"Header\",\"Homepage\",\"Professional\",\"Services\",\"Testimonial\"]\";s:10:\"menu_order\";i:9;s:16:\"popularity_index\";i:-1;s:11:\"trend_index\";i:-1;s:18:\"editor_layout_type\";s:0:\"\";s:15:\"minimum_version\";s:5:\"0.0.0\";s:8:\"products\";s:7:\"regular\";s:17:\"has_page_settings\";s:1:\"1\";s:6:\"is_pro\";s:1:\"1\";s:12:\"access_level\";i:1;}i:192;a:20:{s:4:\"tmpl\";i:1207;s:2:\"id\";i:20299;s:5:\"title\";s:51:\"Interior Design Consultation &#8211; Online Service\";s:9:\"thumbnail\";s:99:\"https://library.elementor.com/wp-content/uploads/2021/10/Interior-Design-Consultation-250x280-1.jpg\";s:12:\"tmpl_created\";i:1633882989;s:6:\"author\";s:9:\"Elementor\";s:3:\"url\";s:145:\"https://library.elementor.com/lp/interior-design-consultation-online-service/?utm_source=template-library&utm_medium=wp-dash&utm_campaign=preview\";s:4:\"type\";s:2:\"lp\";s:11:\"access_tier\";s:9:\"essential\";s:7:\"subtype\";s:14:\"Online Service\";s:4:\"tags\";s:65:\"[\"Consulting\",\"Interior Design\",\"Landing Pages\",\"Online Service\"]\";s:10:\"menu_order\";i:9;s:16:\"popularity_index\";i:-1;s:11:\"trend_index\";i:-1;s:18:\"editor_layout_type\";s:0:\"\";s:15:\"minimum_version\";s:5:\"0.0.0\";s:8:\"products\";s:7:\"regular\";s:17:\"has_page_settings\";s:1:\"1\";s:6:\"is_pro\";s:1:\"1\";s:12:\"access_level\";i:1;}i:193;a:20:{s:4:\"tmpl\";i:952;s:2:\"id\";i:12726;s:5:\"title\";s:52:\"Classic | Newsletter | Subscribe | Magazine and Blog\";s:9:\"thumbnail\";s:79:\"https://library.elementor.com/wp-content/uploads/2020/01/PopUp_Newsletter_s.png\";s:12:\"tmpl_created\";i:1579061019;s:6:\"author\";s:9:\"Elementor\";s:3:\"url\";s:152:\"https://library.elementor.com/popups/classic-newsletter-subscribe-magazine-and-blog/?utm_source=template-library&utm_medium=wp-dash&utm_campaign=preview\";s:4:\"type\";s:5:\"popup\";s:11:\"access_tier\";s:9:\"essential\";s:7:\"subtype\";s:7:\"classic\";s:4:\"tags\";s:19:\"[\"Blog\",\"Magazine\"]\";s:10:\"menu_order\";i:9;s:16:\"popularity_index\";i:357;s:11:\"trend_index\";i:281;s:18:\"editor_layout_type\";s:0:\"\";s:15:\"minimum_version\";s:5:\"0.0.0\";s:8:\"products\";s:7:\"regular\";s:17:\"has_page_settings\";s:1:\"1\";s:6:\"is_pro\";s:1:\"1\";s:12:\"access_level\";i:1;}i:194;a:20:{s:4:\"tmpl\";i:883;s:2:\"id\";i:11468;s:5:\"title\";s:20:\"Classic | Sale | Gym\";s:9:\"thumbnail\";s:72:\"https://library.elementor.com/wp-content/uploads/2019/08/PopUp_Small.png\";s:12:\"tmpl_created\";i:1567393182;s:6:\"author\";s:9:\"Elementor\";s:3:\"url\";s:122:\"https://library.elementor.com/popups/classic-sale-gym/?utm_source=template-library&utm_medium=wp-dash&utm_campaign=preview\";s:4:\"type\";s:5:\"popup\";s:11:\"access_tier\";s:9:\"essential\";s:7:\"subtype\";s:7:\"classic\";s:4:\"tags\";s:2:\"[]\";s:10:\"menu_order\";i:10;s:16:\"popularity_index\";i:696;s:11:\"trend_index\";i:740;s:18:\"editor_layout_type\";s:0:\"\";s:15:\"minimum_version\";s:5:\"0.0.0\";s:8:\"products\";s:7:\"regular\";s:17:\"has_page_settings\";s:1:\"1\";s:6:\"is_pro\";s:1:\"1\";s:12:\"access_level\";i:1;}i:195;a:20:{s:4:\"tmpl\";i:1216;s:2:\"id\";i:20623;s:5:\"title\";s:57:\"Luxurious Camping Accommodation For Events &#8211; Events\";s:9:\"thumbnail\";s:113:\"https://library.elementor.com/wp-content/uploads/2021/10/Luxurious-Camping-Accommodation-For-Events-250x280-2.jpg\";s:12:\"tmpl_created\";i:1634041681;s:6:\"author\";s:9:\"Elementor\";s:3:\"url\";s:151:\"https://library.elementor.com/lp/luxurious-camping-accommodation-for-events-events/?utm_source=template-library&utm_medium=wp-dash&utm_campaign=preview\";s:4:\"type\";s:2:\"lp\";s:11:\"access_tier\";s:9:\"essential\";s:7:\"subtype\";s:6:\"Events\";s:4:\"tags\";s:43:\"[\"Event\",\"Events\",\"Landing Pages\",\"Travel\"]\";s:10:\"menu_order\";i:10;s:16:\"popularity_index\";i:-1;s:11:\"trend_index\";i:-1;s:18:\"editor_layout_type\";s:0:\"\";s:15:\"minimum_version\";s:5:\"0.0.0\";s:8:\"products\";s:7:\"regular\";s:17:\"has_page_settings\";s:1:\"1\";s:6:\"is_pro\";s:1:\"1\";s:12:\"access_level\";i:1;}i:196;a:20:{s:4:\"tmpl\";i:1219;s:2:\"id\";i:20886;s:5:\"title\";s:28:\"Online Training &#8211; Home\";s:9:\"thumbnail\";s:83:\"https://library.elementor.com/wp-content/uploads/2021/12/2-Home-Online-Training.jpg\";s:12:\"tmpl_created\";i:1638784769;s:6:\"author\";s:9:\"Elementor\";s:3:\"url\";s:119:\"https://library.elementor.com/online-training-home/?utm_source=template-library&utm_medium=wp-dash&utm_campaign=preview\";s:4:\"type\";s:4:\"page\";s:11:\"access_tier\";s:9:\"essential\";s:7:\"subtype\";s:4:\"page\";s:4:\"tags\";s:39:\"[\"Fitness\",\"Online\",\"Sport\",\"Training\"]\";s:10:\"menu_order\";i:10;s:16:\"popularity_index\";i:-1;s:11:\"trend_index\";i:-1;s:18:\"editor_layout_type\";s:0:\"\";s:15:\"minimum_version\";s:5:\"0.0.0\";s:8:\"products\";s:7:\"regular\";s:17:\"has_page_settings\";s:1:\"1\";s:6:\"is_pro\";s:1:\"1\";s:12:\"access_level\";i:1;}i:197;a:20:{s:4:\"tmpl\";i:1065;s:2:\"id\";i:15570;s:5:\"title\";s:33:\"Classic | Subscribe | Travel Blog\";s:9:\"thumbnail\";s:66:\"https://library.elementor.com/wp-content/uploads/2020/11/PopUp.jpg\";s:12:\"tmpl_created\";i:1606215555;s:6:\"author\";s:9:\"Elementor\";s:3:\"url\";s:135:\"https://library.elementor.com/popups/classic-subscribe-travel-blog/?utm_source=template-library&utm_medium=wp-dash&utm_campaign=preview\";s:4:\"type\";s:5:\"popup\";s:11:\"access_tier\";s:9:\"essential\";s:7:\"subtype\";s:7:\"classic\";s:4:\"tags\";s:17:\"[\"Blog\",\"Travel\"]\";s:10:\"menu_order\";i:11;s:16:\"popularity_index\";i:709;s:11:\"trend_index\";i:459;s:18:\"editor_layout_type\";s:0:\"\";s:15:\"minimum_version\";s:5:\"0.0.0\";s:8:\"products\";s:7:\"regular\";s:17:\"has_page_settings\";s:1:\"1\";s:6:\"is_pro\";s:1:\"1\";s:12:\"access_level\";i:1;}i:198;a:20:{s:4:\"tmpl\";i:1431;s:2:\"id\";i:24437;s:5:\"title\";s:25:\"Wireframe &#8211; About 4\";s:9:\"thumbnail\";s:82:\"https://library.elementor.com/wp-content/uploads/2022/05/Wireframe-—-About-4.jpg\";s:12:\"tmpl_created\";i:1653988733;s:6:\"author\";s:9:\"Elementor\";s:3:\"url\";s:116:\"https://library.elementor.com/wireframe-about-4/?utm_source=template-library&utm_medium=wp-dash&utm_campaign=preview\";s:4:\"type\";s:4:\"page\";s:11:\"access_tier\";s:9:\"essential\";s:7:\"subtype\";s:4:\"page\";s:4:\"tags\";s:74:\"[\"About\",\"Business\",\"Contact\",\"Features\",\"Footer\",\"Header\",\"Professional\"]\";s:10:\"menu_order\";i:11;s:16:\"popularity_index\";i:-1;s:11:\"trend_index\";i:-1;s:18:\"editor_layout_type\";s:0:\"\";s:15:\"minimum_version\";s:5:\"0.0.0\";s:8:\"products\";s:7:\"regular\";s:17:\"has_page_settings\";s:1:\"1\";s:6:\"is_pro\";s:1:\"1\";s:12:\"access_level\";i:1;}i:199;a:20:{s:4:\"tmpl\";i:1210;s:2:\"id\";i:20414;s:5:\"title\";s:45:\"Online English Courses &#8211; Online Service\";s:9:\"thumbnail\";s:93:\"https://library.elementor.com/wp-content/uploads/2021/10/Online-English-Courses-250x280-1.jpg\";s:12:\"tmpl_created\";i:1633884482;s:6:\"author\";s:9:\"Elementor\";s:3:\"url\";s:139:\"https://library.elementor.com/lp/online-english-courses-online-service/?utm_source=template-library&utm_medium=wp-dash&utm_campaign=preview\";s:4:\"type\";s:2:\"lp\";s:11:\"access_tier\";s:9:\"essential\";s:7:\"subtype\";s:14:\"Online Service\";s:4:\"tags\";s:50:\"[\"Course Online\",\"Landing Pages\",\"Online Service\"]\";s:10:\"menu_order\";i:11;s:16:\"popularity_index\";i:-1;s:11:\"trend_index\";i:-1;s:18:\"editor_layout_type\";s:0:\"\";s:15:\"minimum_version\";s:5:\"0.0.0\";s:8:\"products\";s:7:\"regular\";s:17:\"has_page_settings\";s:1:\"0\";s:6:\"is_pro\";s:1:\"1\";s:12:\"access_level\";i:1;}i:200;a:20:{s:4:\"tmpl\";i:1132;s:2:\"id\";i:16553;s:5:\"title\";s:31:\"Fly-In | Contact | Beauty Salon\";s:9:\"thumbnail\";s:66:\"https://library.elementor.com/wp-content/uploads/2020/12/PopUp.jpg\";s:12:\"tmpl_created\";i:1608622602;s:6:\"author\";s:9:\"Elementor\";s:3:\"url\";s:133:\"https://library.elementor.com/popups/fly-in-contact-beauty-salon/?utm_source=template-library&utm_medium=wp-dash&utm_campaign=preview\";s:4:\"type\";s:5:\"popup\";s:11:\"access_tier\";s:9:\"essential\";s:7:\"subtype\";s:6:\"fly-in\";s:4:\"tags\";s:23:\"[\"Beauty Salon\",\"Hair\"]\";s:10:\"menu_order\";i:12;s:16:\"popularity_index\";i:691;s:11:\"trend_index\";i:428;s:18:\"editor_layout_type\";s:0:\"\";s:15:\"minimum_version\";s:5:\"0.0.0\";s:8:\"products\";s:7:\"regular\";s:17:\"has_page_settings\";s:1:\"1\";s:6:\"is_pro\";s:1:\"1\";s:12:\"access_level\";i:1;}i:201;a:20:{s:4:\"tmpl\";i:1441;s:2:\"id\";i:24574;s:5:\"title\";s:27:\"Wireframe &#8211; Contact 5\";s:9:\"thumbnail\";s:84:\"https://library.elementor.com/wp-content/uploads/2022/05/Wireframe-—-Contact-5.jpg\";s:12:\"tmpl_created\";i:1653989135;s:6:\"author\";s:9:\"Elementor\";s:3:\"url\";s:118:\"https://library.elementor.com/wireframe-contact-5/?utm_source=template-library&utm_medium=wp-dash&utm_campaign=preview\";s:4:\"type\";s:4:\"page\";s:11:\"access_tier\";s:9:\"essential\";s:7:\"subtype\";s:4:\"page\";s:4:\"tags\";s:88:\"[\"Business\",\"Contact\",\"Footer\",\"Form\",\"Google Maps\",\"Header\",\"Professional\",\"Subscribe\"]\";s:10:\"menu_order\";i:12;s:16:\"popularity_index\";i:-1;s:11:\"trend_index\";i:-1;s:18:\"editor_layout_type\";s:0:\"\";s:15:\"minimum_version\";s:5:\"0.0.0\";s:8:\"products\";s:7:\"regular\";s:17:\"has_page_settings\";s:1:\"1\";s:6:\"is_pro\";s:1:\"1\";s:12:\"access_level\";i:1;}i:202;a:20:{s:4:\"tmpl\";i:1217;s:2:\"id\";i:20333;s:5:\"title\";s:40:\"Plant Pots Online Shop &#8211; eCommerce\";s:9:\"thumbnail\";s:93:\"https://library.elementor.com/wp-content/uploads/2021/10/Plant-Pots-Online-Shop-250x280-2.jpg\";s:12:\"tmpl_created\";i:1634042184;s:6:\"author\";s:9:\"Elementor\";s:3:\"url\";s:134:\"https://library.elementor.com/lp/plant-pots-online-shop-ecommerce/?utm_source=template-library&utm_medium=wp-dash&utm_campaign=preview\";s:4:\"type\";s:2:\"lp\";s:11:\"access_tier\";s:9:\"essential\";s:7:\"subtype\";s:9:\"eCommerce\";s:4:\"tags\";s:50:\"[\"Ecommerce\",\"Landing Pages\",\"Online Shop\",\"Shop\"]\";s:10:\"menu_order\";i:12;s:16:\"popularity_index\";i:-1;s:11:\"trend_index\";i:-1;s:18:\"editor_layout_type\";s:0:\"\";s:15:\"minimum_version\";s:5:\"0.0.0\";s:8:\"products\";s:7:\"regular\";s:17:\"has_page_settings\";s:1:\"1\";s:6:\"is_pro\";s:1:\"1\";s:12:\"access_level\";i:1;}i:203;a:20:{s:4:\"tmpl\";i:1211;s:2:\"id\";i:20447;s:5:\"title\";s:33:\"Shared Workspace &#8211; Business\";s:9:\"thumbnail\";s:85:\"https://library.elementor.com/wp-content/uploads/2021/10/250x280-Shared-Workspace.jpg\";s:12:\"tmpl_created\";i:1633884934;s:6:\"author\";s:9:\"Elementor\";s:3:\"url\";s:127:\"https://library.elementor.com/lp/shared-workspace-business/?utm_source=template-library&utm_medium=wp-dash&utm_campaign=preview\";s:4:\"type\";s:2:\"lp\";s:11:\"access_tier\";s:9:\"essential\";s:7:\"subtype\";s:8:\"Business\";s:4:\"tags\";s:28:\"[\"Business\",\"Landing Pages\"]\";s:10:\"menu_order\";i:13;s:16:\"popularity_index\";i:-1;s:11:\"trend_index\";i:-1;s:18:\"editor_layout_type\";s:0:\"\";s:15:\"minimum_version\";s:5:\"0.0.0\";s:8:\"products\";s:7:\"regular\";s:17:\"has_page_settings\";s:1:\"1\";s:6:\"is_pro\";s:1:\"1\";s:12:\"access_level\";i:1;}i:204;a:20:{s:4:\"tmpl\";i:1237;s:2:\"id\";i:21313;s:5:\"title\";s:34:\"Spa &#038; Beauty &#8211; Services\";s:9:\"thumbnail\";s:89:\"https://library.elementor.com/wp-content/uploads/2021/12/Spa-Beauty-Treatments-page-1.jpg\";s:12:\"tmpl_created\";i:1638819709;s:6:\"author\";s:9:\"Elementor\";s:3:\"url\";s:118:\"https://library.elementor.com/spa-beauty-services/?utm_source=template-library&utm_medium=wp-dash&utm_campaign=preview\";s:4:\"type\";s:4:\"page\";s:11:\"access_tier\";s:9:\"essential\";s:7:\"subtype\";s:4:\"page\";s:4:\"tags\";s:55:\"[\"Beauty\",\"Hair\",\"Health\",\"Services\",\"Spa\",\"Treatment\"]\";s:10:\"menu_order\";i:13;s:16:\"popularity_index\";i:-1;s:11:\"trend_index\";i:-1;s:18:\"editor_layout_type\";s:0:\"\";s:15:\"minimum_version\";s:5:\"0.0.0\";s:8:\"products\";s:7:\"regular\";s:17:\"has_page_settings\";s:1:\"1\";s:6:\"is_pro\";s:1:\"1\";s:12:\"access_level\";i:1;}i:205;a:20:{s:4:\"tmpl\";i:1004;s:2:\"id\";i:13538;s:5:\"title\";s:32:\"Fly-In | Newsletter | Barbershop\";s:9:\"thumbnail\";s:78:\"https://library.elementor.com/wp-content/uploads/2020/05/Pop-Up-Page-Small.jpg\";s:12:\"tmpl_created\";i:1589893364;s:6:\"author\";s:9:\"Elementor\";s:3:\"url\";s:134:\"https://library.elementor.com/popups/fly-in-newsletter-barbershop/?utm_source=template-library&utm_medium=wp-dash&utm_campaign=preview\";s:4:\"type\";s:5:\"popup\";s:11:\"access_tier\";s:9:\"essential\";s:7:\"subtype\";s:6:\"fly-in\";s:4:\"tags\";s:28:\"[\"Barber Shop\",\"Barbershop\"]\";s:10:\"menu_order\";i:13;s:16:\"popularity_index\";i:710;s:11:\"trend_index\";i:667;s:18:\"editor_layout_type\";s:0:\"\";s:15:\"minimum_version\";s:5:\"0.0.0\";s:8:\"products\";s:7:\"regular\";s:17:\"has_page_settings\";s:1:\"1\";s:6:\"is_pro\";s:1:\"1\";s:12:\"access_level\";i:1;}i:206;a:20:{s:4:\"tmpl\";i:924;s:2:\"id\";i:12550;s:5:\"title\";s:32:\"Fly-in | Sale | Travel and Tours\";s:9:\"thumbnail\";s:68:\"https://library.elementor.com/wp-content/uploads/2019/12/PopUp_s.png\";s:12:\"tmpl_created\";i:1575960263;s:6:\"author\";s:9:\"Elementor\";s:3:\"url\";s:133:\"https://library.elementor.com/popups/flyin-sale-travel-and-tours/?utm_source=template-library&utm_medium=wp-dash&utm_campaign=preview\";s:4:\"type\";s:5:\"popup\";s:11:\"access_tier\";s:9:\"essential\";s:7:\"subtype\";s:6:\"fly-in\";s:4:\"tags\";s:18:\"[\"Tours\",\"Travel\"]\";s:10:\"menu_order\";i:14;s:16:\"popularity_index\";i:754;s:11:\"trend_index\";i:791;s:18:\"editor_layout_type\";s:0:\"\";s:15:\"minimum_version\";s:5:\"0.0.0\";s:8:\"products\";s:7:\"regular\";s:17:\"has_page_settings\";s:1:\"1\";s:6:\"is_pro\";s:1:\"1\";s:12:\"access_level\";i:1;}i:207;a:20:{s:4:\"tmpl\";i:1212;s:2:\"id\";i:20479;s:5:\"title\";s:49:\"Teeth Straightening &#8211; Health &#038; Fitness\";s:9:\"thumbnail\";s:84:\"https://library.elementor.com/wp-content/uploads/2021/10/250x280-Teeth-Whitening.jpg\";s:12:\"tmpl_created\";i:1633886115;s:6:\"author\";s:9:\"Elementor\";s:3:\"url\";s:136:\"https://library.elementor.com/lp/teeth-straightening-health-fitness/?utm_source=template-library&utm_medium=wp-dash&utm_campaign=preview\";s:4:\"type\";s:2:\"lp\";s:11:\"access_tier\";s:9:\"essential\";s:7:\"subtype\";s:18:\"Health and Fitness\";s:4:\"tags\";s:46:\"[\"Business\",\"Dental\",\"Health\",\"Landing Pages\"]\";s:10:\"menu_order\";i:14;s:16:\"popularity_index\";i:-1;s:11:\"trend_index\";i:-1;s:18:\"editor_layout_type\";s:0:\"\";s:15:\"minimum_version\";s:5:\"0.0.0\";s:8:\"products\";s:7:\"regular\";s:17:\"has_page_settings\";s:1:\"1\";s:6:\"is_pro\";s:1:\"1\";s:12:\"access_level\";i:1;}i:208;a:20:{s:4:\"tmpl\";i:1234;s:2:\"id\";i:21234;s:5:\"title\";s:34:\"Insurance Company &#8211; Services\";s:9:\"thumbnail\";s:90:\"https://library.elementor.com/wp-content/uploads/2021/12/15-Services-Insurance-Company.jpg\";s:12:\"tmpl_created\";i:1638818688;s:6:\"author\";s:9:\"Elementor\";s:3:\"url\";s:125:\"https://library.elementor.com/insurance-company-services/?utm_source=template-library&utm_medium=wp-dash&utm_campaign=preview\";s:4:\"type\";s:4:\"page\";s:11:\"access_tier\";s:9:\"essential\";s:7:\"subtype\";s:4:\"page\";s:4:\"tags\";s:51:\"[\"Faq\",\"Form\",\"Insurance\",\"Services\",\"Testimonial\"]\";s:10:\"menu_order\";i:14;s:16:\"popularity_index\";i:-1;s:11:\"trend_index\";i:-1;s:18:\"editor_layout_type\";s:0:\"\";s:15:\"minimum_version\";s:5:\"0.0.0\";s:8:\"products\";s:7:\"regular\";s:17:\"has_page_settings\";s:1:\"1\";s:6:\"is_pro\";s:1:\"1\";s:12:\"access_level\";i:1;}i:209;a:20:{s:4:\"tmpl\";i:1035;s:2:\"id\";i:15062;s:5:\"title\";s:35:\"Fly-In | Sign up | Flooring Company\";s:9:\"thumbnail\";s:66:\"https://library.elementor.com/wp-content/uploads/2020/08/PopUp.png\";s:12:\"tmpl_created\";i:1597739629;s:6:\"author\";s:9:\"Elementor\";s:3:\"url\";s:137:\"https://library.elementor.com/popups/fly-in-sign-up-flooring-company/?utm_source=template-library&utm_medium=wp-dash&utm_campaign=preview\";s:4:\"type\";s:5:\"popup\";s:11:\"access_tier\";s:9:\"essential\";s:7:\"subtype\";s:6:\"fly-in\";s:4:\"tags\";s:39:\"[\"Flooring company\",\"Flooring website\"]\";s:10:\"menu_order\";i:15;s:16:\"popularity_index\";i:625;s:11:\"trend_index\";i:309;s:18:\"editor_layout_type\";s:0:\"\";s:15:\"minimum_version\";s:5:\"0.0.0\";s:8:\"products\";s:7:\"regular\";s:17:\"has_page_settings\";s:1:\"1\";s:6:\"is_pro\";s:1:\"1\";s:12:\"access_level\";i:1;}i:210;a:20:{s:4:\"tmpl\";i:1209;s:2:\"id\";i:20394;s:5:\"title\";s:30:\"Time Management &#8211; Events\";s:9:\"thumbnail\";s:86:\"https://library.elementor.com/wp-content/uploads/2021/10/Time-Management-250x280-1.jpg\";s:12:\"tmpl_created\";i:1633884077;s:6:\"author\";s:9:\"Elementor\";s:3:\"url\";s:124:\"https://library.elementor.com/lp/time-management-events/?utm_source=template-library&utm_medium=wp-dash&utm_campaign=preview\";s:4:\"type\";s:2:\"lp\";s:11:\"access_tier\";s:9:\"essential\";s:7:\"subtype\";s:6:\"Events\";s:4:\"tags\";s:17:\"[\"Landing Pages\"]\";s:10:\"menu_order\";i:15;s:16:\"popularity_index\";i:-1;s:11:\"trend_index\";i:-1;s:18:\"editor_layout_type\";s:0:\"\";s:15:\"minimum_version\";s:5:\"0.0.0\";s:8:\"products\";s:7:\"regular\";s:17:\"has_page_settings\";s:1:\"1\";s:6:\"is_pro\";s:1:\"1\";s:12:\"access_level\";i:1;}i:211;a:20:{s:4:\"tmpl\";i:1229;s:2:\"id\";i:21118;s:5:\"title\";s:28:\"Contact &#8211; Plants Store\";s:9:\"thumbnail\";s:84:\"https://library.elementor.com/wp-content/uploads/2021/12/12-Contact-Plants-Store.jpg\";s:12:\"tmpl_created\";i:1638802472;s:6:\"author\";s:9:\"Elementor\";s:3:\"url\";s:119:\"https://library.elementor.com/contact-plants-store/?utm_source=template-library&utm_medium=wp-dash&utm_campaign=preview\";s:4:\"type\";s:4:\"page\";s:11:\"access_tier\";s:9:\"essential\";s:7:\"subtype\";s:4:\"page\";s:4:\"tags\";s:40:\"[\"Contact\",\"Info\",\"Plant\",\"Testimonial\"]\";s:10:\"menu_order\";i:15;s:16:\"popularity_index\";i:-1;s:11:\"trend_index\";i:-1;s:18:\"editor_layout_type\";s:0:\"\";s:15:\"minimum_version\";s:5:\"0.0.0\";s:8:\"products\";s:7:\"regular\";s:17:\"has_page_settings\";s:1:\"1\";s:6:\"is_pro\";s:1:\"1\";s:12:\"access_level\";i:1;}i:212;a:20:{s:4:\"tmpl\";i:893;s:2:\"id\";i:11822;s:5:\"title\";s:30:\"Full Screen | Menu | Portfolio\";s:9:\"thumbnail\";s:72:\"https://library.elementor.com/wp-content/uploads/2019/09/PopUp_small.png\";s:12:\"tmpl_created\";i:1569429896;s:6:\"author\";s:9:\"Elementor\";s:3:\"url\";s:132:\"https://library.elementor.com/popups/full-screen-menu-portfolio/?utm_source=template-library&utm_medium=wp-dash&utm_campaign=preview\";s:4:\"type\";s:5:\"popup\";s:11:\"access_tier\";s:9:\"essential\";s:7:\"subtype\";s:11:\"full screen\";s:4:\"tags\";s:2:\"[]\";s:10:\"menu_order\";i:16;s:16:\"popularity_index\";i:654;s:11:\"trend_index\";i:626;s:18:\"editor_layout_type\";s:0:\"\";s:15:\"minimum_version\";s:5:\"0.0.0\";s:8:\"products\";s:7:\"regular\";s:17:\"has_page_settings\";s:1:\"1\";s:6:\"is_pro\";s:1:\"1\";s:12:\"access_level\";i:1;}i:213;a:20:{s:4:\"tmpl\";i:1203;s:2:\"id\";i:18591;s:5:\"title\";s:28:\"Coffee Sale &#8211; Business\";s:9:\"thumbnail\";s:70:\"https://library.elementor.com/wp-content/uploads/2021/04/250x280-7.png\";s:12:\"tmpl_created\";i:1633877319;s:6:\"author\";s:9:\"Elementor\";s:3:\"url\";s:122:\"https://library.elementor.com/lp/coffee-sale-business/?utm_source=template-library&utm_medium=wp-dash&utm_campaign=preview\";s:4:\"type\";s:2:\"lp\";s:11:\"access_tier\";s:9:\"essential\";s:7:\"subtype\";s:8:\"Business\";s:4:\"tags\";s:33:\"[\"Coffee\",\"Landing Pages\",\"Sale\"]\";s:10:\"menu_order\";i:16;s:16:\"popularity_index\";i:-1;s:11:\"trend_index\";i:-1;s:18:\"editor_layout_type\";s:0:\"\";s:15:\"minimum_version\";s:5:\"0.0.0\";s:8:\"products\";s:7:\"regular\";s:17:\"has_page_settings\";s:1:\"1\";s:6:\"is_pro\";s:1:\"1\";s:12:\"access_level\";i:1;}i:214;a:20:{s:4:\"tmpl\";i:1231;s:2:\"id\";i:21184;s:5:\"title\";s:28:\"Dental Care &#8211; Services\";s:9:\"thumbnail\";s:84:\"https://library.elementor.com/wp-content/uploads/2021/12/14-Services-Dental-Care.jpg\";s:12:\"tmpl_created\";i:1638807148;s:6:\"author\";s:9:\"Elementor\";s:3:\"url\";s:119:\"https://library.elementor.com/dental-care-services/?utm_source=template-library&utm_medium=wp-dash&utm_campaign=preview\";s:4:\"type\";s:4:\"page\";s:11:\"access_tier\";s:9:\"essential\";s:7:\"subtype\";s:4:\"page\";s:4:\"tags\";s:45:\"[\"Dental\",\"Medical\",\"Services\",\"Testimonial\"]\";s:10:\"menu_order\";i:16;s:16:\"popularity_index\